NOAA-Style Climate Reports

Select a Year or Month report
2019: Jan Feb Mar Apr May Jun Jul Aug Sep Oct Nov Dec
2018: Jan Feb Mar Apr May Jun Jul Aug Sep Oct Nov Dec
2017: Jan Feb Mar Apr May Jun Jul Aug Sep Oct Nov Dec
2016: Jan Feb Mar Apr May Jun Jul Aug Sep Oct Nov Dec
2015: Jan Feb Mar Apr May Jun Jul Aug Sep Oct Nov Dec
2014: Jan Feb Mar Apr May Jun Jul Aug Sep Oct Nov Dec
2013: Jan Feb Mar Apr May Jun Jul Aug Sep Oct Nov Dec
2012: Jan Feb Mar Apr May Jun Jul Aug Sep Oct Nov Dec
2011: Jan Feb Mar Apr May Jun Jul Aug Sep Oct Nov Dec
2010: Jan Feb Mar Apr May Jun Jul Aug Sep Oct Nov Dec

Report for 2015
                            ANNUAL CLIMATOLOGICAL SUMMARY

NAME: Wamuran  CITY: Wamuran   STATE: Queensland  
ELEV:    75 m  LAT:  27° 00' 16" S  LONG: 152° 51' 49" E

               TEMPERATURE (°C), HEAT BASE 18.3, COOL BASE 18.3
                          DEP.  HEAT  COOL                                          
        MEAN  MEAN        FROM  DEG   DEG                        MAX  MAX  MIN  MIN 
 YR MO  MAX   MIN   MEAN  NORM  DAYS  DAYS  HI  DATE  LOW  DATE  >=32 <=0  <=0  <=-18 
------------------------------------------------------------------------------------
 15  1  31.0  20.7  25.6   0.0     0   191  39.1  17  18.3    8   12    0    0    0
 15  2  28.8  20.0  24.3   0.0     0   140  34.5   1  18.0   16    1    0    0    0
 15  3  30.5  19.5  24.9   0.0     0   166  36.6  19  16.4   15    9    0    0    0
 15  4  25.5  15.7  20.6   0.0    17    71  30.9   6   9.9   22    0    0    0    0
 15  5  23.3  13.3  18.2   0.0    37    35  28.5   6   7.9   14    0    0    0    0
 15  6  19.7  12.2  15.9   0.0    39     5  22.6  28   6.8    2    0    0    0    0
 15  7  20.0   9.4  14.8   0.0    93     9  25.9  26   4.8   13    0    0    0    0
 15  8  23.0  10.8  16.8   0.0    66    30  27.7  25   7.7    1    0    0    0    0
 15  9  24.6  11.7  18.2   0.0    48    46  29.6  16   8.2   24    0    0    0    0
 15 10  27.6  14.6  21.0   0.0    20    90  34.0   5  10.4    6    2    0    0    0
 15 11  30.1  17.9  24.1   0.0     3   150  36.3  21  13.8    1   12    0    0    0
 15 12  29.5  18.3  24.0   0.0     2   151  37.7  11  15.7    6    7    0    0    0
------------------------------------------------------------------------------------
        26.3  15.4  20.8   0.0   326  1084  39.1 JAN   4.8  JUL   43    0    0    0

                                PRECIPITATION (mm)

               DEP.   MAX        DAYS OF RAIN 
               FROM   OBS.          OVER
 YR MO  TOTAL  NORM   DAY  DATE  .2   2   20
---------------------------------------------
 15  1 169.4    0.0  76.4   23   20   11    2
 15  2 281.4    0.0  88.2   20   16   12    3
 15  3  64.0    0.0  30.4   22    6    4    1
 15  4 157.8    0.0  65.6    2   12    6    3
 15  5 191.0    0.0 186.6    1    7    1    1
 15  6  11.2    0.0   3.4   17    8    3    0
 15  7   9.8    0.0   6.4   21    3    2    0
 15  8  38.8    0.0  24.0   29    6    3    1
 15  9  36.0    0.0  10.6   29   11    4    0
 15 10  71.2    0.0  17.6   27   13    8    0
 15 11 101.0    0.0  35.4    5   13    6    1
 15 12  44.0    0.0  15.4   27    9    5    0
---------------------------------------------
      1175.7   0.0 186.6  MAY  124   65   12

                                WIND SPEED (km/hr)
                          DOM
 YR MO   AVG.  HI   DATE  DIR
---------------------------------
 15  1   0.5  19.3    6   NNE
 15  2   0.7  24.1   10   NNE
 15  3   0.2  17.7    2   NNE
 15  4   0.2  27.4   26    NE
 15  5   0.4  24.1   22    NE
 15  6   0.1  17.7   19   NNE
 15  7   0.4  33.8   17    NE
 15  8   0.3  24.1   12    NE
 15  9   0.5  25.7    3   NNE
 15 10   0.4  24.1   22   NNE
 15 11   0.3  25.7    5   NNE
 15 12   0.6  27.4   28   NNE
---------------------------------
         0.4  33.8  JUL  NNE