NOAA-Style Climate Reports

Select a Year or Month report
2019: Jan Feb Mar Apr May Jun Jul Aug Sep Oct Nov Dec
2018: Jan Feb Mar Apr May Jun Jul Aug Sep Oct Nov Dec
2017: Jan Feb Mar Apr May Jun Jul Aug Sep Oct Nov Dec
2016: Jan Feb Mar Apr May Jun Jul Aug Sep Oct Nov Dec
2015: Jan Feb Mar Apr May Jun Jul Aug Sep Oct Nov Dec
2014: Jan Feb Mar Apr May Jun Jul Aug Sep Oct Nov Dec
2013: Jan Feb Mar Apr May Jun Jul Aug Sep Oct Nov Dec
2012: Jan Feb Mar Apr May Jun Jul Aug Sep Oct Nov Dec
2011: Jan Feb Mar Apr May Jun Jul Aug Sep Oct Nov Dec
2010: Jan Feb Mar Apr May Jun Jul Aug Sep Oct Nov Dec

Report for 2014 December
                   MONTHLY CLIMATOLOGICAL SUMMARY for DEC. 2014

NAME: Wamuran   CITY:    STATE:  
ELEV:    75 m  LAT:  27° 00' 00" S  LONG: 152° 54' 00" E

                   TEMPERATURE (°C), RAIN  (mm), WIND SPEED (km/hr)

                                      HEAT  COOL        AVG
    MEAN                              DEG   DEG         WIND                 DOM
DAY TEMP  HIGH   TIME   LOW    TIME   DAYS  DAYS  RAIN  SPEED HIGH   TIME    DIR
------------------------------------------------------------------------------------
 1
 2
 3
 4
 5
 6
 7
 8
 9
10
11
12
13
14
15
16
17  26.0  26.8   9:00p  25.1  11:00p   0.0   1.3   0.0   0.2   8.0  11:30p    SE
18  29.2  37.8   1:00p  22.2  12:00m   0.0   9.3   2.4   0.5  25.7   6:00p   WNW
19  27.3  34.2   4:00p  19.7   7:00a   0.0   7.1   5.8   0.6  14.5  10:30a   NNE
20  25.3  29.9  11:30a  20.4   6:00a   0.0   5.8   0.0   0.6  12.9  11:00a   NNE
21  25.1  31.2  11:00a  18.7   2:30a   0.0   5.9   0.0   0.3   9.7  11:00a     W
22  24.4  29.6  12:30p  17.6  12:00m   0.0   5.5   0.0   1.0  12.9  11:00a   NNE
23  23.9  30.7   2:00p  16.3   2:30a   0.2   5.1   0.0   0.6  11.3  12:30p   NNE
24  25.8  33.4  12:30p  17.3   3:00a   0.1   6.8   0.0   0.6  16.1   1:30p     W
25  26.4  34.1  12:30p  19.2   2:00a   0.0   6.9   0.0   0.6  16.1   1:30p     W
26  26.3  33.9   1:00p  20.2   2:30a   0.0   6.8   5.8   0.5  11.3   3:00p   WSW
27  21.6  23.2   1:30a  20.3  12:00m   0.0   2.8  10.0   0.2   9.7   6:30p   NNE
28  23.1  26.4   4:00p  20.0   1:30a   0.0   3.7   1.8   0.0   6.4   4:00p   WSW
29  26.3  32.4   2:00p  21.7   3:00a   0.0   7.1  11.0   0.0   8.0  11:30a     W
30  28.9  36.3   3:00p  22.0   2:30a   0.0   9.3   0.2   0.6  12.9  11:00a   NNE
31  29.1  36.3  12:00p  22.7   6:00a   0.0   9.2   0.0   0.5   9.7  10:30a   NNE
-------------------------------------------------------------------------------------
    25.9  37.8    18    16.3    23     0.2  92.6  37.0   0.5  25.7    18     NNE

Max >=  32.0:  8
Max <=   0.0:  0
Min <=   0.0:  0
Min <= -18.0:  0
Max Rain: 11.00 ON 29/12/14
Days of Rain: 7 (> .2 mm) 5 (> 2 mm) 0 (> 20 mm)
Heat Base:  18.3  Cool Base:  18.3  Method: Integration