NOAA-Style Climate Reports

Select a Year or Month report
2019: Jan Feb Mar Apr May Jun Jul Aug Sep Oct Nov Dec
2018: Jan Feb Mar Apr May Jun Jul Aug Sep Oct Nov Dec
2017: Jan Feb Mar Apr May Jun Jul Aug Sep Oct Nov Dec
2016: Jan Feb Mar Apr May Jun Jul Aug Sep Oct Nov Dec
2015: Jan Feb Mar Apr May Jun Jul Aug Sep Oct Nov Dec
2014: Jan Feb Mar Apr May Jun Jul Aug Sep Oct Nov Dec
2013: Jan Feb Mar Apr May Jun Jul Aug Sep Oct Nov Dec
2012: Jan Feb Mar Apr May Jun Jul Aug Sep Oct Nov Dec
2011: Jan Feb Mar Apr May Jun Jul Aug Sep Oct Nov Dec
2010: Jan Feb Mar Apr May Jun Jul Aug Sep Oct Nov Dec

Report for 2014 November
                   MONTHLY CLIMATOLOGICAL SUMMARY for NOV. 2014

NAME: Wamuran   CITY: Wamuran   STATE: Queensland 
ELEV:    75 m  LAT:  27° 00' 16" S  LONG: 152° 51' 49" E

                   TEMPERATURE (°C), RAIN  (mm), WIND SPEED (km/hr)

                                      HEAT  COOL        AVG
    MEAN                              DEG   DEG         WIND                 DOM
DAY TEMP  HIGH   TIME   LOW    TIME   DAYS  DAYS  RAIN  SPEED HIGH   TIME    DIR
------------------------------------------------------------------------------------
 1  26.3  34.4   1:30p  17.6   6:00a   0.0   6.8   0.0   0.6  12.9   8:30a   WSW
 2  25.2  31.7  10:00a  20.4  11:30p   0.0   5.8   0.0   1.3  22.5  10:30a   NNE
 3  20.7  23.1  10:00a  16.5  11:30p   0.1   1.9   0.0   0.3  12.9  12:00p   NNE
 4  21.2  25.8   1:00p  14.6  12:00m   0.6   2.8   0.0   0.6  16.1  12:00p   WSW
 5  21.4  29.1  12:30p  13.7   6:00a   0.8   3.6   0.0   0.6  16.1   4:00p     W
 6  24.2  32.1  11:30a  16.9   2:00a   0.1   5.0   4.6   0.8  17.7   1:00p   WSW
 7  23.8  29.3   1:30p  17.2   6:00a   0.0   4.8   6.6   0.5  11.3   2:00p     W
 8  22.9  29.2  12:30p  16.1  12:00m   0.2   4.0   4.0   0.6  12.9   1:30p   NNE
 9  22.8  31.2   1:00p  15.2   2:30a   0.4   4.3   0.0   0.6  16.1   2:00p     W
10  23.9  31.4   1:30p  16.2   2:00a   0.2   5.0   0.0   0.5  12.9   2:00p     W
11  24.4  33.1  12:00p  15.8   6:00a   0.2   5.5   0.0   0.8  16.1   4:30p     W
12  24.7  31.6  12:00p  17.3   1:30a   0.0   5.3   0.0   0.8  12.9  12:30p     W
13  24.7  31.2  11:30a  18.5   6:00a   0.0   5.7   0.0   0.6  16.1  12:00p     W
14  26.9  35.7   1:00p  18.0   1:30a   0.0   7.2   0.0   0.6  12.9   1:30p   WSW
15  31.1  41.4   2:30p  18.5   6:00a   0.0  10.7   0.0   1.0  14.5  11:30a    NE
16  33.4  43.1  12:30p  23.7   6:00a   0.0  12.6   0.0   2.1  25.7   1:30p   ENE
17  26.4  30.8  12:30p  22.7   6:00a   0.0   6.9   0.0   1.0  16.1   8:30a   NNE
18  25.1  29.9   2:30p  21.4  12:00m   0.0   5.8   0.8   0.2   8.0   1:00p     W
19  24.3  31.3   2:00p  19.6  12:00m   0.0   5.4  28.2   0.5  11.3   1:00p   WSW
20  25.1  30.4   2:30p  18.9   2:00a   0.0   5.7   0.0   0.5  11.3   1:30p   WSW
21  27.5  35.4   1:00p  20.6   2:30a   0.0   8.1   0.0   0.5  11.3   3:00p   WSW
22  29.2  38.1   1:00p  22.4   1:30a   0.0   9.1   0.0   0.6  16.1   2:00p     W
23  27.9  35.4  12:00p  21.1  12:00m   0.0   8.0   0.0   0.6  17.7  12:30p   WSW
24  27.3  34.8  12:00p  20.3   1:30a   0.0   7.5   0.0   0.8  20.9   1:00p     W
25  27.9  35.8  12:30p  18.3   6:00a   0.0   8.1   0.6   0.8  20.9   2:00p     W
26  26.2  31.9  12:30p  21.3  12:00m   0.0   6.5   0.0   0.6  14.5   1:00p     W
27  25.8  34.4   1:00p  20.1   7:00p   0.0   6.5  65.0   0.6  19.3   7:00p     W
28  21.3  25.9  11:00a  17.7  12:00m   0.0   2.5  34.8   0.5  12.9   9:00a   NNE
29  22.1  27.9  11:00a  15.6  12:00m   0.4   3.8   0.0   0.8  14.5  11:30a   NNE
30  22.8  29.8  11:30a  14.6   2:30a   0.5   4.3   0.0   0.6  16.1   2:30p     W
-------------------------------------------------------------------------------------
    25.2  43.1    16    13.7     5     3.5 178.9 144.6   0.7  25.7    16       W

Max >=  32.0: 12
Max <=   0.0:  0
Min <=   0.0:  0
Min <= -18.0:  0
Max Rain: 65.00 ON 27/11/14
Days of Rain: 8 (> .2 mm) 6 (> 2 mm) 3 (> 20 mm)
Heat Base:  18.3  Cool Base:  18.3  Method: Integration