NOAA-Style Climate Reports

Select a Year or Month report
2019: Jan Feb Mar Apr May Jun Jul Aug Sep Oct Nov Dec
2018: Jan Feb Mar Apr May Jun Jul Aug Sep Oct Nov Dec
2017: Jan Feb Mar Apr May Jun Jul Aug Sep Oct Nov Dec
2016: Jan Feb Mar Apr May Jun Jul Aug Sep Oct Nov Dec
2015: Jan Feb Mar Apr May Jun Jul Aug Sep Oct Nov Dec
2014: Jan Feb Mar Apr May Jun Jul Aug Sep Oct Nov Dec
2013: Jan Feb Mar Apr May Jun Jul Aug Sep Oct Nov Dec
2012: Jan Feb Mar Apr May Jun Jul Aug Sep Oct Nov Dec
2011: Jan Feb Mar Apr May Jun Jul Aug Sep Oct Nov Dec
2010: Jan Feb Mar Apr May Jun Jul Aug Sep Oct Nov Dec

Report for 2014 September
                   MONTHLY CLIMATOLOGICAL SUMMARY for MAY. 2014

NAME: VK4AAS   CITY: Caboolture   STATE: Queensland 
ELEV:    35 m  LAT:  27° 01' 54" S  LONG: 152° 54' 09" E

                   TEMPERATURE (°C), RAIN  (mm), WIND SPEED (km/hr)

                                      HEAT  COOL        AVG
    MEAN                              DEG   DEG         WIND                 DOM
DAY TEMP  HIGH   TIME   LOW    TIME   DAYS  DAYS  RAIN  SPEED HIGH   TIME    DIR
------------------------------------------------------------------------------------
 1  20.6  25.3  10:45a  17.1  11:55p   0.1   2.4   3.0   1.0  16.1   1:10p   ESE
 2  19.9  23.3   2:35p  17.2  12:05a   0.2   1.8   3.0   1.3  17.7  12:40p   NNW
 3  15.3  20.2   1:00p   7.7  12:00m   3.2   0.2   0.0   2.3  25.7  11:40a     W
 4  13.0  19.7   1:55p   6.5   5:10a   5.5   0.2   0.0   2.7  32.2   2:45p     W
 5  14.0  22.3   1:45p   6.7   6:35a   5.0   0.7   0.0   1.6  22.5   9:30a     W
 6  13.9  22.3   1:35p   7.1   3:15a   5.1   0.8   0.0   1.3  17.7  11:10a     W
 7  16.3  23.3  12:45p  11.9   5:20a   3.0   1.0   0.0   1.1  17.7  12:15p    NW
 8  17.2  22.6  12:15p  11.7   2:15a   2.1   0.9   0.0   2.6  24.1  12:20p   ESE
 9  18.4  23.7  12:35p  14.3   6:20a   1.3   1.5   0.0   2.6  24.1  12:50p   ESE
10  17.2  23.5  11:40a  13.2  11:25p   2.2   1.1   0.0   1.1  22.5   1:25p   ESE
11  16.8  24.7   2:10p  11.6   5:25a   3.0   1.5   0.0   0.5   9.7   8:05a     W
12  16.8  24.4   1:10p  11.4   6:10a   2.9   1.5   0.2   1.3  17.7   1:30p   ESE
13  17.2  24.1   1:15p  11.6   3:30a   2.6   1.5   0.2   2.4  27.4   2:20p   ESE
14  17.8  22.8  12:10p  14.3   7:05a   1.5   1.0   0.8   2.7  25.7  11:30a   ESE
15  17.9  23.7  12:40p  12.9   5:50a   1.8   1.4   0.4   1.6  24.1   1:45p   ESE
16  17.7  23.3  11:45a  13.6  11:30p   1.8   1.2   0.4   1.1  25.7   1:40p   ESE
17  17.3  23.7  12:10p  11.0   3:55a   2.3   1.3   0.2   1.0  17.7  12:50p   ESE
18  17.4  23.8  12:15p  11.9   6:45a   2.1   1.3   0.2   0.3  17.7  11:20a   ESE
19  17.0  22.8   2:05p  12.6   2:40a   2.2   1.0   0.2   0.0   9.7   2:50p     W
20  17.6  23.8  11:40a  12.3   6:45a   2.1   1.4   0.2   0.0   8.0   1:15p     E
21  18.3  24.5   1:15p  12.3   6:45a   1.6   1.6   0.0   0.3  17.7   3:40p   ESE
22  19.9  24.1  12:30p  17.3   6:40a   0.2   1.8   0.6   0.2  12.9   1:10p     E
23  18.7  23.6  11:40a  14.6   6:45a   1.0   1.4   0.2   0.0  12.9   1:00p   ENE
24  18.8  25.6   2:15p  12.9  12:00m   1.6   2.1   0.2   0.3  16.1   2:20p     W
25  17.7  27.4   1:30p  11.4   6:45a   3.0   2.3   0.2   0.0   6.4   9:00a     W
26  17.2  27.2   1:55p  10.1   6:30a   3.3   2.2   0.0   0.0   8.0   2:05p     N
27  17.6  25.5   1:35p  11.4   6:25a   2.6   1.9   0.2   0.0   9.7   1:00p     N
28  18.7  27.3   2:15p  12.1   6:40a   2.1   2.5   0.6   0.2  16.1  10:55a    NW
29  19.1  27.9   1:45p  12.0   6:30a   1.8   2.5   2.8   0.2  12.9   9:55a   ESE
30  18.6  21.9   2:05p  14.7  12:00m   0.6   0.9   5.2   0.0   9.7   2:05p     E
31  17.5  22.7   1:55p  13.7   2:20a   1.7   0.9   0.6   0.0   9.7   3:15p   ESE
-------------------------------------------------------------------------------------
    17.5  27.9    29     6.5     4    69.6  43.8  19.5   1.0  32.2     4     ESE

Max >=  32.0:  0
Max <=   0.0:  0
Min <=   0.0:  0
Min <= -18.0:  0
Max Rain: 5.21 ON 30/05/14
Days of Rain: 20 (> .2 mm) 4 (> 2 mm) 0 (> 20 mm)
Heat Base:  18.3  Cool Base:  18.3  Method: Integration