NOAA-Style Climate Reports

Select a Year or Month report
2019: Jan Feb Mar Apr May Jun Jul Aug Sep Oct Nov Dec
2018: Jan Feb Mar Apr May Jun Jul Aug Sep Oct Nov Dec
2017: Jan Feb Mar Apr May Jun Jul Aug Sep Oct Nov Dec
2016: Jan Feb Mar Apr May Jun Jul Aug Sep Oct Nov Dec
2015: Jan Feb Mar Apr May Jun Jul Aug Sep Oct Nov Dec
2014: Jan Feb Mar Apr May Jun Jul Aug Sep Oct Nov Dec
2013: Jan Feb Mar Apr May Jun Jul Aug Sep Oct Nov Dec
2012: Jan Feb Mar Apr May Jun Jul Aug Sep Oct Nov Dec
2011: Jan Feb Mar Apr May Jun Jul Aug Sep Oct Nov Dec
2010: Jan Feb Mar Apr May Jun Jul Aug Sep Oct Nov Dec

Report for 2014 March
                   MONTHLY CLIMATOLOGICAL SUMMARY for MAR. 2014

NAME: Wamuran   CITY: Wamuran   STATE: Queensland 
ELEV:    75 m  LAT:  27° 00' 16" S  LONG: 152° 51' 49" E

                   TEMPERATURE (°C), RAIN  (mm), WIND SPEED (km/hr)

                                      HEAT  COOL        AVG
    MEAN                              DEG   DEG         WIND                 DOM
DAY TEMP  HIGH   TIME   LOW    TIME   DAYS  DAYS  RAIN  SPEED HIGH   TIME    DIR
------------------------------------------------------------------------------------
 1  22.7  29.8   14:30  17.0    4:00   0.2   4.6   0.0   0.6  16.1   12:00     N
 2  23.8  30.8   13:30  17.4    6:00   0.1   5.6   0.0   0.8  20.9   12:30     N
 3  22.4  28.7   13:00  18.8   00:00   0.0   4.1   4.0   1.0  16.1   11:30   NNE
 4  22.0  27.7   12:30  18.4   00:00   0.0   3.7   5.2   0.8  17.7   13:00     N
 5  20.7  26.2   15:00  16.3   00:00   0.2   2.6   2.0   0.3   9.7   14:30     N
 6  21.4  29.3   13:30  14.6    6:00   0.8   4.0   0.0   0.6  16.1   13:00   NNE
 7  21.6  28.4   14:30  16.2    5:00   0.4   3.8   0.0   0.6  12.9   14:30   NNW
 8  22.1  28.1   12:30  16.9    3:30   0.3   4.0   0.4   1.1  19.3   11:30   NNW
 9  22.1  27.1   12:00  17.9    5:00   0.0   3.8   3.8   0.6  19.3   14:00   NNW
10  22.3  27.3   12:30  18.7    5:00   0.0   4.0   5.8   1.0  17.7   11:30   NNW
11  21.4  27.3   13:30  17.7    4:30   0.0   3.1   5.6   0.6  16.1   12:30   NNW
12  22.1  28.3   13:00  17.3    2:30   0.2   4.0   0.2   0.6  14.5   13:00   NNW
13  22.1  28.9   13:30  16.1    6:30   0.4   4.1   0.6   0.6  14.5   14:00   NNW
14  21.7  28.4   11:00  16.8   00:00   0.1   3.5   2.0   0.6  16.1   15:00   NNE
15  22.3  30.6   13:30  16.4    1:00   0.3   4.4   0.0   0.5  12.9   14:00   WSW
16  25.1  36.3   14:00  16.4    4:30   0.4   7.2   0.0   0.6  11.3   13:00    NE
17  26.1  35.0   13:00  18.8    6:30   0.0   7.8   0.0   1.1  12.9   14:30   NNE
18  26.4  33.1   12:30  23.1    5:00   0.0   8.1   0.0   0.5  12.9   12:30     W
19  24.9  30.8   13:00  20.4    6:00   0.0   6.6   0.0   0.8  12.9   14:00   NNE
20  23.2  29.1   11:30  18.5   00:00   0.0   4.9   0.4   1.0  19.3   11:30   NNE
21  21.3  28.6   13:30  17.8    6:00   0.1   3.1   5.2   0.3   9.7   13:30    SE
22  22.1  28.8   13:30  17.6    5:00   0.0   3.9   0.6   0.5  14.5   15:30   NNE
23  22.9  30.9   14:00  17.1    5:00   0.2   4.8   0.0   0.5  11.3   15:30     N
24  23.2  29.6   11:30  17.6    4:00   0.1   5.0   0.2   0.5  14.5   15:00   WSW
25  20.7  24.3   12:00  19.3    6:00   0.0   2.3  41.8   0.2   9.7    9:30     N
26  22.0  25.5   13:30  19.6    0:30   0.0   3.7   9.6   0.5  16.1   17:30   WSW
27  21.4  22.4   10:00  20.3    4:30   0.0   3.2 142.0   0.3  16.1   15:30   WSW
28  23.9  28.5   14:00  21.3    3:30   0.0   5.6  12.2   0.0   6.4   11:00     W
29  24.6  32.1   14:00  19.7    5:00   0.0   6.3   0.2   0.0   6.4   13:30     W
30  22.5  28.1   11:30  19.5    5:30   0.0   4.2   1.2   0.3   8.0   11:30     N
31  23.3  27.9   11:00  19.4   00:00   0.0   5.0   0.0   0.8  17.7   12:30   NNE
-------------------------------------------------------------------------------------
    22.7  36.3    16    14.6     6     3.7 140.8 243.1   0.6  20.9     2     NNE

Max >=  32.0:  4
Max <=   0.0:  0
Min <=   0.0:  0
Min <= -18.0:  0
Max Rain: 142.01 ON 27/03/14
Days of Rain: 20 (> .2 mm) 12 (> 2 mm) 2 (> 20 mm)
Heat Base:  18.3  Cool Base:  18.3  Method: Integration