NOAA-Style Climate Reports

Select a Year or Month report
2019: Jan Feb Mar Apr May Jun Jul Aug Sep Oct Nov Dec
2018: Jan Feb Mar Apr May Jun Jul Aug Sep Oct Nov Dec
2017: Jan Feb Mar Apr May Jun Jul Aug Sep Oct Nov Dec
2016: Jan Feb Mar Apr May Jun Jul Aug Sep Oct Nov Dec
2015: Jan Feb Mar Apr May Jun Jul Aug Sep Oct Nov Dec
2014: Jan Feb Mar Apr May Jun Jul Aug Sep Oct Nov Dec
2013: Jan Feb Mar Apr May Jun Jul Aug Sep Oct Nov Dec
2012: Jan Feb Mar Apr May Jun Jul Aug Sep Oct Nov Dec
2011: Jan Feb Mar Apr May Jun Jul Aug Sep Oct Nov Dec
2010: Jan Feb Mar Apr May Jun Jul Aug Sep Oct Nov Dec

Report for 2014 February
                   MONTHLY CLIMATOLOGICAL SUMMARY for JAN. 2014

NAME: Wamuran   CITY: Wamuran   STATE: Queensland 
ELEV:    75 m  LAT:  27° 00' 16" S  LONG: 152° 51' 49" E

                   TEMPERATURE (°C), RAIN  (mm), WIND SPEED (km/hr)

                                      HEAT  COOL        AVG
    MEAN                              DEG   DEG         WIND                 DOM
DAY TEMP  HIGH   TIME   LOW    TIME   DAYS  DAYS  RAIN  SPEED HIGH   TIME    DIR
------------------------------------------------------------------------------------
 1  24.7  29.8   13:30  18.7   00:00   0.0   6.4   0.6   1.0  17.7   15:30     N
 2  25.9  35.9   13:00  18.1    1:00   0.0   7.6   0.4   0.8  16.1   14:00   WSW
 3  31.0  41.7   13:00  20.9    5:30   0.0  12.7   0.0   1.0  17.7   15:00    SW
 4  32.9  43.3   15:30  22.4    6:00   0.0  14.6   0.0   1.8  19.3   12:30    NE
 5  27.3  32.4   13:00  24.4    4:00   0.0   9.0   0.0   0.5  12.9   14:00     N
 6  27.1  36.8   14:00  21.3   00:00   0.0   8.8  31.8   0.6  12.9   13:30     W
 7  24.1  29.5   11:30  20.0    4:30   0.0   5.8   0.6   1.8  22.5   15:30   NNE
 8  23.9  28.2   12:30  20.7    3:30   0.0   5.6   1.6   1.1  19.3   14:00     N
 9  22.7  28.0   13:00  19.3    5:30   0.0   4.4   1.2   0.8  16.1   12:30   NNE
10  21.2  25.8   15:00  18.8    4:00   0.0   2.9   9.2   0.0  11.3   15:00     W
11  23.1  29.7   13:30  17.1    5:30   0.1   5.0   0.0   0.6  11.3   12:00     N
12  23.6  30.2   13:00  17.4    6:00   0.1   5.3   0.0   0.6  14.5   14:30     N
13  23.1  30.3   12:00  17.3    3:30   0.1   4.9   0.0   1.1  19.3   14:30   NNE
14  24.1  30.6   13:30  17.7    4:30   0.0   5.8   0.0   1.3  17.7   13:00   NNE
15  23.4  29.4   14:00  18.1    4:30   0.0   5.2   0.6   1.1  17.7   12:30   NNE
16  23.9  30.5   13:30  18.8    0:30   0.0   5.6   6.4   0.8  14.5   14:30   NNE
17  24.1  30.6   12:30  19.0   00:00   0.0   5.8   0.6   1.0  17.7   14:30   NNE
18  23.8  30.7   13:00  18.2    2:30   0.0   5.5   0.0   1.0  16.1   16:00     N
19  24.6  32.7   14:30  18.8    2:00   0.0   6.3   0.0   0.6  12.9   15:00     W
20  25.8  35.8   13:00  17.6    6:00   0.0   7.5   0.0   0.6  16.1   15:00   WSW
21  28.7  39.7   13:00  19.8    5:30   0.0  10.4   0.0   0.8  19.3   14:00    SW
22  28.4  38.9   13:00  22.6    5:30   0.0  10.1   2.6   1.0  16.1   13:00    NE
23  24.2  31.1   11:30  20.4   19:30   0.0   5.9  25.2   0.8  14.5   13:00     N
24  23.8  28.7   15:30  20.8    0:30   0.0   5.5   0.0   0.3  12.9   11:00     N
25  23.8  27.8   15:00  20.4    4:00   0.0   5.5   3.6   0.8  14.5   17:00     N
26  23.5  27.7   13:30  19.6   21:30   0.0   5.2   0.4   2.4  27.4   17:00     N
27  23.3  28.3   13:00  19.0    5:30   0.0   5.0   0.2   1.8  19.3   16:30     N
28  23.0  28.1   13:00  18.7    5:30   0.0   4.7   1.2   1.3  25.7   15:00   NNE
29  22.9  27.3   13:30  19.2    4:00   0.0   4.6   2.6   1.0  19.3   13:00     N
30  23.8  28.6   12:30  20.6    5:30   0.0   5.5   0.0   1.0  19.3    9:00   NNE
31  22.8  26.3   14:00  20.2    6:00   0.0   4.6   0.8   0.6  17.7   13:00     W
-------------------------------------------------------------------------------------
    24.8  43.3     4    17.1    11     0.4 201.3  89.6   1.0  27.4    26       N

Max >=  32.0:  9
Max <=   0.0:  0
Min <=   0.0:  0
Min <= -18.0:  0
Max Rain: 31.80 ON 06/01/14
Days of Rain: 18 (> .2 mm) 7 (> 2 mm) 2 (> 20 mm)
Heat Base:  18.3  Cool Base:  18.3  Method: Integration