NOAA-Style Climate Reports

Select a Year or Month report
2019: Jan Feb Mar Apr May Jun Jul Aug Sep Oct Nov Dec
2018: Jan Feb Mar Apr May Jun Jul Aug Sep Oct Nov Dec
2017: Jan Feb Mar Apr May Jun Jul Aug Sep Oct Nov Dec
2016: Jan Feb Mar Apr May Jun Jul Aug Sep Oct Nov Dec
2015: Jan Feb Mar Apr May Jun Jul Aug Sep Oct Nov Dec
2014: Jan Feb Mar Apr May Jun Jul Aug Sep Oct Nov Dec
2013: Jan Feb Mar Apr May Jun Jul Aug Sep Oct Nov Dec
2012: Jan Feb Mar Apr May Jun Jul Aug Sep Oct Nov Dec
2011: Jan Feb Mar Apr May Jun Jul Aug Sep Oct Nov Dec
2010: Jan Feb Mar Apr May Jun Jul Aug Sep Oct Nov Dec

Report for 2014 January
                   MONTHLY CLIMATOLOGICAL SUMMARY for DEC. 2013



NAME: Wamuran   CITY: Wamuran   STATE: Queensland 

ELEV:    75 m  LAT:  27° 00' 16" S  LONG: 152° 51' 49" E



                   TEMPERATURE (°C), RAIN  (mm), WIND SPEED (km/hr)



                                      HEAT  COOL        AVG

    MEAN                              DEG   DEG         WIND                 DOM

DAY TEMP  HIGH   TIME   LOW    TIME   DAYS  DAYS  RAIN  SPEED HIGH   TIME    DIR

------------------------------------------------------------------------------------

 1  19.6  25.6   11:00  14.1    5:00   1.2   2.5   0.0   1.4  16.1   15:30     N

 2  20.6  27.0   12:30  12.9    5:00   1.1   3.4   0.0   1.0  11.3   10:00     N

 3  20.8  28.5   13:00  13.7    5:30   1.1   3.6   0.0   0.8  12.9   14:30     N

 4  22.3  30.4   13:00  14.4    2:30   0.8   4.8   0.0   0.6  14.5   10:30     W

 5  25.4  35.8   14:00  17.7    3:30   0.0   7.2   3.6   1.3  22.5   14:30    NE

 6  21.0  29.3   15:00  13.7   00:00   0.8   3.5   0.0   1.3  14.5   10:00    NE

 7  20.2  28.6   12:30  12.1    5:00   1.8   3.7   0.0   0.6  12.9   13:00     W

 8  20.9  29.7   12:30  13.3    4:30   1.3   3.9   0.0   0.5  14.5   14:30     W

 9  22.6  31.5   13:00  14.2    5:00   0.9   5.1   0.0   0.6  11.3   11:00    SW

10  24.6  34.2   12:30  15.6    4:30   0.5   6.7   0.0   0.6   9.7   10:00   WSW

11  25.2  32.2   16:30  20.2    5:30   0.0   6.9  11.4   0.2   6.4   14:00     W

12  21.4  24.3    9:30  19.4   23:00   0.0   3.2   4.2   0.0   6.4    9:30    NE

13  23.3  31.6   13:00  17.1    5:00   0.1   5.2   1.4   0.5   9.7   13:00   WSW

14  24.1  31.9   12:30  17.8    5:30   0.0   5.7   0.2   0.5  12.9   15:00   WSW

15  24.4  31.4   11:30  18.5    4:30   0.0   6.1   0.0   0.6  12.9   13:30     W

16  23.7  29.9   10:30  18.8    2:30   0.0   5.4   0.0   0.6  12.9   11:00   NNE

17  22.4  27.8   13:00  18.4   00:00   0.0   4.1   0.0   1.0  12.9   12:00     N

18  22.3  28.7   12:00  16.5    5:00   0.2   4.2   0.0   1.1  19.3   17:30   NNE

19  21.6  28.6   13:30  16.4   00:00   0.3   3.6   0.0   1.0  14.5   12:30   NNE

20  21.6  30.4   12:30  14.9    3:30   0.9   4.2   0.0   0.6  12.9   14:00     W

21  23.4  33.2   13:00  15.4    3:30   0.6   5.7   0.0   0.8  16.1   14:30   WSW

22  23.3  31.8   13:00  15.5    5:00   0.6   5.6   0.0   0.6  14.5   14:30   WSW

23  24.1  32.9   13:00  16.2    5:00   0.4   6.2   0.0   0.6  11.3   12:00   WSW

24  25.1  35.3   13:00  16.1    5:30   0.3   7.1   0.0   0.8  14.5   14:00     W

25  24.7  32.2   11:30  19.2    4:00   0.0   6.4   1.6   0.5  14.5   11:00   WSW

26  26.0  35.3   13:30  18.1    5:00   0.0   7.7   0.0   0.6  12.9   15:30   WSW

27  25.0  32.3   10:30  19.6    4:00   0.0   6.7   0.0   1.0  16.1   12:00   NNE

28  25.1  30.4   13:00  20.9   00:00   0.0   6.8   0.0   0.5   9.7   10:30     N

29  28.7  40.7   14:30  19.5    5:00   0.0  10.4   1.8   1.3  22.5   18:30    NE

30  24.5  29.0   13:00  21.5    5:00   0.0   6.2   0.0   0.8  11.3   16:00     N

31  23.4  25.3   15:00  21.3    6:00   0.0   5.1   1.0   0.2   9.7   16:30     N

-------------------------------------------------------------------------------------

    23.3  40.7    29    12.1     7    12.9 166.9  25.2   0.7  22.5     5     WSW



Max >=  32.0: 10

Max <=   0.0:  0

Min <=   0.0:  0

Min <= -18.0:  0

Max Rain: 11.40 ON 11/12/13

Days of Rain: 8 (> .2 mm) 3 (> 2 mm) 0 (> 20 mm)

Heat Base:  18.3  Cool Base:  18.3  Method: Integration