NOAA-Style Climate Reports

Select a Year or Month report
2020: Jan Feb Mar Apr May Jun Jul Aug Sep Oct Nov Dec
2019: Jan Feb Mar Apr May Jun Jul Aug Sep Oct Nov Dec
2018: Jan Feb Mar Apr May Jun Jul Aug Sep Oct Nov Dec
2017: Jan Feb Mar Apr May Jun Jul Aug Sep Oct Nov Dec
2016: Jan Feb Mar Apr May Jun Jul Aug Sep Oct Nov Dec
2015: Jan Feb Mar Apr May Jun Jul Aug Sep Oct Nov Dec
2014: Jan Feb Mar Apr May Jun Jul Aug Sep Oct Nov Dec
2013: Jan Feb Mar Apr May Jun Jul Aug Sep Oct Nov Dec
2012: Jan Feb Mar Apr May Jun Jul Aug Sep Oct Nov Dec
2011: Jan Feb Mar Apr May Jun Jul Aug Sep Oct Nov Dec
2010: Jan Feb Mar Apr May Jun Jul Aug Sep Oct Nov Dec

Report for 2013 November
                   MONTHLY CLIMATOLOGICAL SUMMARY for NOV. 2013



NAME: Wamuran   CITY: Wamuran   STATE: Queensland 

ELEV:    75 m  LAT:  27° 00' 16" S  LONG: 152° 51' 49" E



                   TEMPERATURE (°C), RAIN  (mm), WIND SPEED (km/hr)



                                      HEAT  COOL        AVG

    MEAN                              DEG   DEG         WIND                 DOM

DAY TEMP  HIGH   TIME   LOW    TIME   DAYS  DAYS  RAIN  SPEED HIGH   TIME    DIR

------------------------------------------------------------------------------------

 1  20.2  26.3   13:00  13.1   00:00   0.9   2.9   0.0   1.0  12.9   11:30     N

 2  20.0  29.3   13:00  12.3    3:30   1.8   3.5   0.0   0.6  12.9   14:30   WSW

 3  23.2  34.3   14:30  13.1    5:00   1.2   6.1   0.0   0.5  11.3   11:30     E

 4  21.7  26.5   10:00  17.2   22:30   0.1   3.6   0.8   1.4  14.5   11:30     N

 5  19.7  24.4   11:30  15.6   00:00   0.4   1.8   0.8   1.1  12.9   12:00     N

 6  18.8  25.1   12:30  12.7    5:30   1.8   2.4   0.0   0.6  11.3   10:30     N

 7  19.9  29.6   13:30  11.9    5:30   1.9   3.5   0.0   0.6  17.7   14:30   WSW

 8  21.4  32.2   13:00  12.9    5:00   1.5   4.6   0.0   0.6  14.5   14:00     W

 9  22.8  35.1   13:00  12.9    5:00   1.2   5.7   0.0   0.6  16.1   14:00    SW

10  23.9  35.3   12:30  16.7    5:30   0.2   5.8  16.0   0.8  14.5   13:30    SW

11  22.7  28.7   14:30  19.0    5:30   0.0   4.3   1.0   0.2   8.0   15:30     E

12  23.8  30.5   11:00  18.4    3:30   0.0   5.5   0.0   0.6  17.7   14:00   WSW

13  24.1  30.7   13:00  17.9   00:00   0.0   5.8  22.2   0.5  14.5   14:30     W

14  22.1  28.7   13:00  17.2   23:30   0.2   3.9   5.0   0.2  14.5   22:00   ESE

15  22.2  30.4   12:30  15.2    5:00   0.5   4.4   0.0   0.5  14.5   13:00     W

16  21.7  28.8   11:00  17.3    5:30   0.1   3.5   0.0   0.5  17.7   15:30     N

17  20.3  24.7   11:30  16.6   22:30   0.3   2.3   9.6   0.2  12.9   12:00     N

18  19.5  28.8   14:00  13.7   23:30   1.4   2.6   6.2   0.6  16.1   17:30     E

19  21.6  31.2   15:00  13.7    0:30   1.2   4.5   0.0   1.3  17.7   12:00    NE

20  22.3  30.3   13:30  15.3    4:00   0.6   4.6   0.0   0.6  11.3   15:00     N

21  22.7  30.3   13:00  16.9    5:00   0.2   4.6   0.0   0.6   9.7   15:30   WSW

22  23.1  30.3   13:00  17.1    5:00   0.1   5.0   0.0   0.5  12.9   15:00     W

23  24.8  31.3   13:00  19.4    3:30   0.0   6.5   9.0   0.5  11.3   14:00    SW

24  25.0  33.6   15:30  18.6    4:30   0.0   6.7   0.6   0.5  11.3   15:30     N

25  23.8  30.4   11:30  18.9   00:00   0.0   5.5   0.0   0.6  11.3   11:30     W

26  22.2  26.7   11:30  18.9   00:00   0.0   3.9   0.2   1.1  14.5   15:30     N

27  21.7  27.9   12:00  15.3    5:30   0.3   3.7   0.0   0.8  11.3   10:30     N

28  23.4  32.4   13:30  16.4    5:30   0.1   5.3   0.0   0.6  14.5   14:30   WSW

29  25.8  35.1   13:00  15.8    4:30   0.4   7.9   0.0   0.6  16.1   14:00    NE

30  19.6  23.0    0:30  15.2   00:00   0.2   1.5  23.8   0.6  11.3   17:00     N

-------------------------------------------------------------------------------------

    22.1  35.3    10    11.9     7    16.6 132.0  95.2   0.7  17.7     7       N



Max >=  32.0:  7

Max <=   0.0:  0

Min <=   0.0:  0

Min <= -18.0:  0

Max Rain: 23.80 ON 30/11/13

Days of Rain: 12 (> .2 mm) 7 (> 2 mm) 2 (> 20 mm)

Heat Base:  18.3  Cool Base:  18.3  Method: Integration