NOAA-Style Climate Reports

Select a Year or Month report
2019: Jan Feb Mar Apr May Jun Jul Aug Sep Oct Nov Dec
2018: Jan Feb Mar Apr May Jun Jul Aug Sep Oct Nov Dec
2017: Jan Feb Mar Apr May Jun Jul Aug Sep Oct Nov Dec
2016: Jan Feb Mar Apr May Jun Jul Aug Sep Oct Nov Dec
2015: Jan Feb Mar Apr May Jun Jul Aug Sep Oct Nov Dec
2014: Jan Feb Mar Apr May Jun Jul Aug Sep Oct Nov Dec
2013: Jan Feb Mar Apr May Jun Jul Aug Sep Oct Nov Dec
2012: Jan Feb Mar Apr May Jun Jul Aug Sep Oct Nov Dec
2011: Jan Feb Mar Apr May Jun Jul Aug Sep Oct Nov Dec
2010: Jan Feb Mar Apr May Jun Jul Aug Sep Oct Nov Dec

Report for 2013 October
                   MONTHLY CLIMATOLOGICAL SUMMARY for OCT. 2013



NAME: Wamuran   CITY: Wamuran   STATE: Queensland 

ELEV:    75 m  LAT:  27° 00' 16" S  LONG: 152° 51' 49" E



                   TEMPERATURE (°C), RAIN  (mm), WIND SPEED (km/hr)



                                      HEAT  COOL        AVG

    MEAN                              DEG   DEG         WIND                 DOM

DAY TEMP  HIGH   TIME   LOW    TIME   DAYS  DAYS  RAIN  SPEED HIGH   TIME    DIR

------------------------------------------------------------------------------------

 1  23.6  33.2   13:30  15.1    6:00   0.6   6.0   0.0   0.6  11.3   23:30    SE

 2  22.3  30.7   14:00  16.2    6:00   0.4   4.3   0.4   0.8  20.9    0:30     W

 3  22.9  31.4   14:30  15.4    4:00   0.6   5.2   0.0   1.9  19.3   16:00    NE

 4  16.8  25.0   13:30   9.1    6:00   3.2   1.7   0.0   0.8   9.7    8:00   NNE

 5  18.3  28.8   13:30  10.1    3:30   2.9   2.9   0.0   0.6  11.3   16:00     E

 6  21.8  34.3   13:00  10.2    5:30   2.1   5.5   0.0   0.6   9.7   11:00   WSW

 7  26.7  36.6   13:00  17.9    3:30   0.0   8.4   0.0   1.6  24.1    8:30     N

 8  22.6  30.4   15:30  16.7    5:30   0.1   4.5   0.0   1.3  17.7   14:30     N

 9  19.3  26.9   13:30  12.8   00:00   1.5   2.5   0.0   0.6  11.3   10:30   WSW

10  21.6  33.6   13:30  11.7    5:00   1.6   4.9   0.0   0.5   9.7   12:30   ENE

11  24.8  35.9   15:30  14.3    5:30   0.8   7.3   0.0   1.4  17.7   13:00     N

12  23.6  30.4   11:30  18.4   23:30   0.0   5.3   0.0   0.8  20.9   15:30   WSW

13  24.8  34.4   13:30  14.9    5:30   0.6   7.1   0.0   0.6   9.7   11:30   ESE

14  22.4  27.3   14:00  14.2   00:00   0.4   4.5   0.0   3.1  30.6   11:30    NE

15  19.3  29.2   13:00  12.3    3:30   2.0   3.0   0.0   0.8  14.5   11:30     E

16  20.2  29.6   12:30  12.9    4:30   1.6   3.5   0.0   0.8  16.1   14:30   WSW

17  21.3  31.6   13:00  12.3    5:30   1.3   4.4   0.0   0.8  11.3   12:00    SW

18  19.2  26.8   11:30  14.6    2:00   1.0   1.9   3.8   1.0  12.9   12:30     N

19  20.2  26.4   13:30  13.6    5:30   1.1   3.0   0.0   0.8  11.3   10:00     N

20  20.6  27.9   12:30  14.4    5:00   0.9   3.2   0.0   0.8  12.9   13:00   WSW

21  21.2  29.9   13:30  15.0    5:30   0.9   3.8   0.0   0.6  12.9   17:00     W

22  21.8  31.0   12:30  14.8    2:30   1.0   4.4   0.0   0.8  20.9   14:00   WSW

23  23.3  33.6   13:30  14.6    5:00   0.7   5.8   0.0   0.6  11.3   11:00   WSW

24  23.3  34.3   12:30  15.9    5:30   0.5   5.4   0.4   0.6  12.9   12:00     E

25  20.1  25.1   12:00  15.4    3:00   0.6   2.4   0.0   1.3  17.7    9:00     N

26  21.5  31.6   13:30  14.6   00:00   1.0   4.3   0.0   0.6  12.9   14:00   WSW

27  20.4  27.5   13:30  12.9    2:00   1.0   3.2   0.0   1.0  12.9    8:30     N

28  21.9  29.4   12:30  16.2    1:30   0.3   3.9   0.0   0.6  14.5   16:30   WSW

29  22.7  33.9   13:00  15.2    5:30   0.6   5.0  28.6   1.0  27.4   18:00     E

30  21.2  26.8   11:00  15.7    4:00   0.4   3.3   1.0   1.0  14.5   17:30   NNE

31  20.8  25.5   13:30  17.2    5:30   0.2   2.6   1.0   0.5  16.1   13:30     W

-------------------------------------------------------------------------------------

    21.6  36.6     7     9.1     4    30.1 133.1  35.2   0.9  30.6    14       N



Max >=  32.0:  9

Max <=   0.0:  0

Min <=   0.0:  0

Min <= -18.0:  0

Max Rain: 28.60 ON 29/10/13

Days of Rain: 6 (> .2 mm) 2 (> 2 mm) 1 (> 20 mm)

Heat Base:  18.3  Cool Base:  18.3  Method: Integration