NOAA-Style Climate Reports

Select a Year or Month report
2020: Jan Feb Mar Apr May Jun Jul Aug Sep Oct Nov Dec
2019: Jan Feb Mar Apr May Jun Jul Aug Sep Oct Nov Dec
2018: Jan Feb Mar Apr May Jun Jul Aug Sep Oct Nov Dec
2017: Jan Feb Mar Apr May Jun Jul Aug Sep Oct Nov Dec
2016: Jan Feb Mar Apr May Jun Jul Aug Sep Oct Nov Dec
2015: Jan Feb Mar Apr May Jun Jul Aug Sep Oct Nov Dec
2014: Jan Feb Mar Apr May Jun Jul Aug Sep Oct Nov Dec
2013: Jan Feb Mar Apr May Jun Jul Aug Sep Oct Nov Dec
2012: Jan Feb Mar Apr May Jun Jul Aug Sep Oct Nov Dec
2011: Jan Feb Mar Apr May Jun Jul Aug Sep Oct Nov Dec
2010: Jan Feb Mar Apr May Jun Jul Aug Sep Oct Nov Dec

Report for 2013 September
                   MONTHLY CLIMATOLOGICAL SUMMARY for SEP. 2013



NAME: Wamuran   CITY: Wamuran   STATE: Queensland 

ELEV:    75 m  LAT:  27° 00' 16" S  LONG: 152° 51' 49" E



                   TEMPERATURE (°C), RAIN  (mm), WIND SPEED (km/hr)



                                      HEAT  COOL        AVG

    MEAN                              DEG   DEG         WIND                 DOM

DAY TEMP  HIGH   TIME   LOW    TIME   DAYS  DAYS  RAIN  SPEED HIGH   TIME    DIR

------------------------------------------------------------------------------------

 1  18.4  25.4   14:00  13.4   00:00   1.9   2.0   0.0   0.6  14.5   12:00   NNE

 2  17.6  24.2   14:00  12.2    4:00   2.1   1.4   0.0   1.0  19.3   13:30     N

 3  18.0  22.6   10:30  14.1    6:30   1.3   1.0   0.0   1.1  17.7   11:30     N

 4  16.2  22.2   11:00  11.1    4:00   3.0   0.9   0.0   1.0  17.7   11:00   NNE

 5  16.1  23.3   13:00  10.6   00:00   3.6   1.3   0.0   0.6  16.1   14:30     N

 6  15.9  25.0   14:00   9.8    3:30   3.9   1.6   0.0   0.5  11.3   12:30   WSW

 7  16.8  26.6   14:00   9.9    2:30   3.5   2.0   0.0   0.5  11.3   15:00   ESE

 8  17.8  28.2   14:00  11.5    5:30   2.9   2.4   0.0   0.5   9.7   11:30   ENE

 9  17.4  26.6   14:00  10.6    2:30   3.0   2.1   0.0   0.5  14.5   14:00   WSW

10  18.7  25.6   13:00  13.2    2:30   1.8   2.2   0.2   0.2   8.0   11:30   WSW

11  21.6  33.3   14:00  13.3    7:00   1.6   4.8   0.0   0.6  12.9   16:00     E

12  20.9  31.4   12:00  12.7    6:30   1.4   3.9   0.0   0.5  11.3   13:30   WSW

13  20.2  26.4   11:00  15.6    3:00   0.6   2.5   0.0   0.8  12.9   12:00     E

14  21.9  30.7   14:00  16.2   00:00   0.3   3.9   0.0   0.5   9.7   11:30   WSW

15  20.7  28.4   10:30  14.4    2:30   0.9   3.3   0.0   0.6  14.5   13:30     E

16  18.5  20.3   16:00  16.7   23:00   0.4   0.7  25.2   0.0  14.5   21:30   NNE

17  20.0  27.7   14:00  15.6   22:30   1.0   2.7  12.6   0.8  14.5   13:30     E

18  19.4  28.5   14:00  12.7    3:00   2.0   3.1   0.0   0.6  14.5   13:00     E

19  21.8  32.9   14:00  11.0    6:30   1.7   5.3   0.0   0.3  11.3   14:00    SE

20  20.3  27.4   14:00  13.7   22:30   1.1   3.1   0.0   1.1  17.7   13:00     E

21  17.8  26.0   13:30  11.4    3:30   2.6   2.1   0.0   0.6  11.3   10:30     E

22  18.4  27.6   13:30  11.8    6:00   2.3   2.4   0.0   0.5   9.7   12:30   WSW

23  19.3  28.2   13:30  11.8    6:00   2.1   3.2   0.0   0.5   8.0   13:00     W

24  22.2  32.1   13:30  11.4    5:30   1.7   5.6   0.0   0.5   9.7   11:00   SSE

25  24.3  33.1   12:30  16.3   00:00   0.1   6.1   0.0   0.6  11.3   13:30   WSW

26  23.1  33.3   14:00  15.5    2:00   0.5   5.3   0.0   0.6  11.3   12:30     W

27  21.7  27.4   10:30  17.5    3:30   0.1   3.4   0.0   1.4  24.1   12:00   NNE

28  19.6  24.8   16:30  16.3   21:30   0.3   1.6   1.4   0.2   6.4    8:00   ESE

29  21.6  31.6   11:00  14.9    2:30   0.7   4.0   0.0   0.8  14.5   11:30   WSW

30  20.8  26.9   13:00  15.6    5:00   0.5   3.0   0.0   0.5   9.7   13:00   WSW

-------------------------------------------------------------------------------------

    19.6  33.3    11     9.8     6    49.1  87.1  39.4   0.6  24.1    27       E



Max >=  32.0:  5

Max <=   0.0:  0

Min <=   0.0:  0

Min <= -18.0:  0

Max Rain: 25.20 ON 16/09/13

Days of Rain: 4 (> .2 mm) 2 (> 2 mm) 1 (> 20 mm)

Heat Base:  18.3  Cool Base:  18.3  Method: Integration