NOAA-Style Climate Reports

Select a Year or Month report
2019: Jan Feb Mar Apr May Jun Jul Aug Sep Oct Nov Dec
2018: Jan Feb Mar Apr May Jun Jul Aug Sep Oct Nov Dec
2017: Jan Feb Mar Apr May Jun Jul Aug Sep Oct Nov Dec
2016: Jan Feb Mar Apr May Jun Jul Aug Sep Oct Nov Dec
2015: Jan Feb Mar Apr May Jun Jul Aug Sep Oct Nov Dec
2014: Jan Feb Mar Apr May Jun Jul Aug Sep Oct Nov Dec
2013: Jan Feb Mar Apr May Jun Jul Aug Sep Oct Nov Dec
2012: Jan Feb Mar Apr May Jun Jul Aug Sep Oct Nov Dec
2011: Jan Feb Mar Apr May Jun Jul Aug Sep Oct Nov Dec
2010: Jan Feb Mar Apr May Jun Jul Aug Sep Oct Nov Dec

Report for 2013 August
                   MONTHLY CLIMATOLOGICAL SUMMARY for AUG. 2013



NAME: Wamuran   CITY: Wamuran   STATE: Queensland 

ELEV:    75 m  LAT:  27° 00' 16" S  LONG: 152° 51' 49" E



                   TEMPERATURE (°C), RAIN  (mm), WIND SPEED (km/hr)



                                      HEAT  COOL        AVG

    MEAN                              DEG   DEG         WIND                 DOM

DAY TEMP  HIGH   TIME   LOW    TIME   DAYS  DAYS  RAIN  SPEED HIGH   TIME    DIR

------------------------------------------------------------------------------------

 1  14.7  21.0   12:30  10.4    1:00   4.0   0.4   0.0   0.3   8.0   11:00     E

 2  15.4  23.6   15:30  10.8    1:00   3.7   0.8   0.0   0.2   4.8    7:30     E

 3  15.2  22.4   14:30   7.9   00:00   3.9   0.8   0.0   0.5  12.9   14:30   ESE

 4  13.9  22.6   14:30   7.7    0:30   5.1   0.7   0.0   0.6  17.7   12:00     E

 5  14.2  22.8   14:00   8.7    6:30   4.8   0.7   0.0   0.2   6.4   13:30   ESE

 6  14.9  23.9   14:00   9.0    0:30   4.4   1.0   0.0   0.3  11.3   14:30     E

 7  16.4  25.1   14:30   9.1    1:00   3.3   1.5   0.0   0.5   9.7   10:00     E

 8  16.4  22.2   14:30  11.2    6:30   2.8   0.9   0.0   1.6  20.9   14:30   ENE

 9  13.8  22.0   14:30   8.5   22:30   5.0   0.5   0.0   1.0  14.5    0:30   ENE

10  15.3  25.9   14:30   7.7    5:30   4.5   1.5   0.0   0.3   4.8    2:30     E

11  16.1  26.3   14:00   9.4    4:30   3.8   1.6   0.0   0.2   6.4    5:30     E

12  17.1  28.7   14:30   8.4    6:30   3.5   2.3   0.0   0.2   8.0   15:30     E

13  20.4  27.7   14:00  14.5   00:00   0.5   2.6   0.0   1.1  17.7    9:00   ENE

14  18.9  26.2   14:30  14.1    4:30   1.3   1.9   0.0   0.2   8.0   14:30    SE

15  18.2  24.6   13:30  10.1   00:00   1.9   1.8   0.0   1.1  19.3   13:30   ENE

16  13.5  21.2   14:00   6.8    7:00   5.3   0.5   0.0   0.3  11.3   11:30     W

17  17.0  24.9   14:00  10.5    6:30   2.8   1.5   0.0   0.3   9.7   10:00   WSW

18  17.8  26.8   14:00  12.6    7:00   2.4   1.9   0.0   0.3   8.0   14:30     E

19  17.0  25.2   15:00  11.3   00:00   3.0   1.7   0.0   0.3   8.0   15:30     E

20  15.0  21.2   13:00   9.9   00:00   3.8   0.5   0.0   1.3  20.9   15:30    NE

21  11.7  19.7   15:00   6.3    6:30   6.7   0.1   0.0   0.6  11.3    9:00     E

22  12.8  21.9   14:30   6.6   00:00   6.0   0.4   0.0   0.5   9.7   13:30   ESE

23  14.0  23.2   14:00   6.7    0:30   5.3   1.0   0.0   0.8  16.1   14:30   ESE

24  15.8  24.9   14:30   9.4    5:00   4.0   1.5   0.0   0.8   9.7   10:30   ENE

25  15.8  24.3   13:30   9.5    4:00   3.7   1.2   0.0   0.3  11.3   14:00   WSW

26  16.2  24.6   13:30  10.9    6:30   3.3   1.3   0.0   0.2   8.0   15:00   WSW

27  16.7  26.1   14:30  10.1    6:30   3.4   1.8   0.0   0.3   6.4    9:30     E

28  17.5  27.6   13:30  10.7    6:30   3.1   2.3   0.0   0.3  12.9   10:30     W

29  17.2  24.9   14:00  12.2    6:30   2.8   1.6   0.0   0.5  12.9   13:30     N

30  17.4  26.7   14:00  11.2    4:00   2.8   1.9   0.0   0.3   9.7   13:00     W

31  18.8  29.0   14:30  11.5    6:00   2.3   2.8   0.0   0.3   8.0   11:30   WSW

-------------------------------------------------------------------------------------

    16.0  29.0    31     6.3    21   113.2  41.1   0.0   0.5  20.9     8       E



Max >=  32.0:  0

Max <=   0.0:  0

Min <=   0.0:  0

Min <= -18.0:  0

Max Rain: 0.00 ON 01/08/13

Days of Rain: 0 (> .2 mm) 0 (> 2 mm) 0 (> 20 mm)

Heat Base:  18.3  Cool Base:  18.3  Method: Integration