NOAA-Style Climate Reports

Select a Year or Month report
2019: Jan Feb Mar Apr May Jun Jul Aug Sep Oct Nov Dec
2018: Jan Feb Mar Apr May Jun Jul Aug Sep Oct Nov Dec
2017: Jan Feb Mar Apr May Jun Jul Aug Sep Oct Nov Dec
2016: Jan Feb Mar Apr May Jun Jul Aug Sep Oct Nov Dec
2015: Jan Feb Mar Apr May Jun Jul Aug Sep Oct Nov Dec
2014: Jan Feb Mar Apr May Jun Jul Aug Sep Oct Nov Dec
2013: Jan Feb Mar Apr May Jun Jul Aug Sep Oct Nov Dec
2012: Jan Feb Mar Apr May Jun Jul Aug Sep Oct Nov Dec
2011: Jan Feb Mar Apr May Jun Jul Aug Sep Oct Nov Dec
2010: Jan Feb Mar Apr May Jun Jul Aug Sep Oct Nov Dec

Report for 2013 June
                   MONTHLY CLIMATOLOGICAL SUMMARY for JUN. 2013

NAME: Wamuran   CITY: Wamuran   STATE: Queensland 
ELEV:    75 m  LAT:  27° 00' 16" S  LONG: 152° 51' 49" E

                   TEMPERATURE (°C), RAIN  (mm), WIND SPEED (km/hr)

                                      HEAT  COOL        AVG
    MEAN                              DEG   DEG         WIND                 DOM
DAY TEMP  HIGH   TIME   LOW    TIME   DAYS  DAYS  RAIN  SPEED HIGH   TIME    DIR
------------------------------------------------------------------------------------
 1  16.4  21.4   2:00p  12.2   3:30a   2.3   0.4   0.2   0.0   4.8   3:30a    SW
 2  17.2  24.6   2:00p  13.9  11:30p   2.1   1.0   0.2   0.5  12.9   1:30p    SW
 3  15.1  21.5   2:00p  10.5  11:00p   3.6   0.4   0.0   0.6   8.0  12:30a    SW
 4  14.5  22.4   2:00p  10.6   7:00a   4.4   0.6   0.0   0.3   9.7  10:30a     W
 5  14.7  19.4  11:30a  10.7   1:30a   3.6   0.0   1.2   0.2   4.8   5:30a     W
 6  15.9  21.8  12:30p  11.7   5:00a   2.9   0.6   0.0   0.0   4.8   9:00a   WSW
 7  17.4  24.2   2:00p  13.1  12:00m   1.9   1.0   0.0   0.0   8.0   2:00p   WNW
 8  17.2  22.7   2:00p  12.6   3:00a   1.9   0.8   0.0   0.5   9.7   4:00p   SSW
 9  17.6  19.7   2:30p  16.3   7:00a   0.7   0.1  21.6   0.8  11.3   2:00p   SSW
10
11
12
13
14
15  12.8  14.1  10:00p  12.0  11:00p   0.6   0.0   0.0   0.0   6.4  10:00p   ENE
16  13.2  19.8   2:00p   9.6  11:30p   5.2   0.1   0.0   0.2  11.3   9:00a     E
17  12.4  18.8   2:00p   7.4   5:30a   5.9   0.0   0.0   1.0  14.5   9:00a   ESE
18  12.7  18.5   2:30p   8.1   8:00p   5.6   0.0   0.0   1.0  12.9   1:30a   ENE
19  12.0  17.3   2:00p   8.7   7:00a   6.3   0.0   0.0   0.3   9.7   2:00a     E
20  13.6  18.4   2:00p   9.8   4:00a   4.8   0.0   0.0   0.0   4.8  11:00a     E
21  12.3  13.7  11:30a  10.3  12:00m   6.0   0.0  18.4   0.0   3.2   6:00a     E
22  12.1  18.3   1:30p   8.9  11:30p   6.2   0.0   0.2   0.2   6.4   1:00p   ENE
23  13.2  19.9   2:00p   8.4   2:30a   5.3   0.1   0.0   0.3   9.7  12:00p     E
24  13.2  19.6   2:00p   7.8  12:00m   5.2   0.1   0.0   0.3   9.7  12:30p     E
25  11.9  17.8   2:30p   6.3   5:30a   6.4   0.0   0.0   0.6  11.3  12:30p     E
26  12.4  18.7   2:30p   7.7   6:30a   5.8   0.0   0.0   0.6  12.9   9:30a   ENE
27  14.6  18.0  11:30a  10.5   7:30a   3.7   0.0   1.0   0.2   4.8   4:30a     E
28  15.7  20.1   2:30p  12.2  11:30p   2.8   0.2   0.6   0.3   9.7  12:30p   NNE
29  15.1  19.0   2:30p  12.4  12:30a   3.2   0.0   2.2   0.2   6.4   9:30a     N
30  14.2  16.4   2:00p  12.2  11:00p   4.1   0.0   6.0   0.3   6.4   1:00p     N
-------------------------------------------------------------------------------------
    14.3  24.6     2     6.3    25   100.6   5.6  51.6   0.3  14.5    17       E

Max >=  32.0:  0
Max <=   0.0:  0
Min <=   0.0:  0
Min <= -18.0:  0
Max Rain: 21.59 ON 09/06/13
Days of Rain: 10 (> .2 mm) 4 (> 2 mm) 1 (> 20 mm)
Heat Base:  18.3  Cool Base:  18.3  Method: Integration