NOAA-Style Climate Reports

Select a Year or Month report
2019: Jan Feb Mar Apr May Jun Jul Aug Sep Oct Nov Dec
2018: Jan Feb Mar Apr May Jun Jul Aug Sep Oct Nov Dec
2017: Jan Feb Mar Apr May Jun Jul Aug Sep Oct Nov Dec
2016: Jan Feb Mar Apr May Jun Jul Aug Sep Oct Nov Dec
2015: Jan Feb Mar Apr May Jun Jul Aug Sep Oct Nov Dec
2014: Jan Feb Mar Apr May Jun Jul Aug Sep Oct Nov Dec
2013: Jan Feb Mar Apr May Jun Jul Aug Sep Oct Nov Dec
2012: Jan Feb Mar Apr May Jun Jul Aug Sep Oct Nov Dec
2011: Jan Feb Mar Apr May Jun Jul Aug Sep Oct Nov Dec
2010: Jan Feb Mar Apr May Jun Jul Aug Sep Oct Nov Dec

Report for 2013 May
                   MONTHLY CLIMATOLOGICAL SUMMARY for MAY. 2013

NAME: Wamuran   CITY: Wamuran   STATE: Queensland 
ELEV:    75 m  LAT:  27° 00' 16" S  LONG: 152° 51' 49" E

                   TEMPERATURE (°C), RAIN  (mm), WIND SPEED (km/hr)

                                      HEAT  COOL        AVG
    MEAN                              DEG   DEG         WIND                 DOM
DAY TEMP  HIGH   TIME   LOW    TIME   DAYS  DAYS  RAIN  SPEED HIGH   TIME    DIR
------------------------------------------------------------------------------------
 1  19.3  26.0   2:30p  15.1   1:30a   1.1   2.0   0.0   0.0   6.4  11:00a   ESE
 2  20.4  26.7   2:00p  15.3  12:30a   0.5   2.6   1.4   0.8  12.9   1:30p     E
 3  18.3  23.4   2:00p  13.6  11:00p   1.2   1.2   0.0   0.5   9.7   8:30a   NNW
 4  18.2  26.4   2:00p  13.4   6:00a   2.0   1.9   0.0   0.5  12.9   1:00p     E
 5  17.9  23.8   1:30p  13.1   1:30a   1.8   1.4   0.0   0.5   8.0  12:00p   NNW
 6  18.2  23.6   1:30p  14.6   5:30a   1.4   1.3   0.2   0.5  12.9  11:00a   NNW
 7  17.9  23.4   2:00p  13.7   6:30a   1.6   1.2   0.0   0.6  16.1   4:30p   SSE
 8  18.1  23.3   2:30p  14.5  12:30a   1.3   1.1   0.0   0.8  14.5   2:00p   SSE
 9  17.6  23.1   1:00p  12.5   6:30a   1.8   1.1   0.6   0.6  11.3   4:00p   SSE
10  17.1  21.3  12:00p  14.1  10:00p   1.4   0.3   3.6   0.3   8.0  10:30a   SSE
11  17.4  22.0  11:00a  13.2   7:30a   1.1   0.4   6.8   0.3   9.7  11:00a   SSE
12  18.5  22.6   3:00p  14.3   8:00a   0.8   0.9   0.0   0.3   9.7  11:30a   SSE
13  19.1  22.2   1:30p  15.5   1:30a   0.4   1.0   0.6   0.0   8.0   1:30p     E
14  17.9  24.1   2:00p  15.4  12:00m   1.1   0.7   3.2   0.0   4.8  12:00p     W
15  16.8  22.9   2:30p  14.1   7:00a   2.0   0.5   0.0   0.5   9.7   1:30a   WSW
16  14.3  16.0   1:00a  12.9  10:00p   4.0   0.0   0.6   0.2   9.7  12:30p   WSW
17  14.9  22.7   2:30p   9.3   6:30a   4.1   0.8   0.0   0.8  12.9   2:00p   WSW
18  14.4  21.8   2:00p   9.2  12:00m   4.4   0.5   0.0   0.8  17.7  12:30p   WSW
19  12.8  20.6   2:30p   7.3   7:00a   5.6   0.2   0.0   1.0  25.7   9:30a   WSW
20  13.3  21.7   2:00p   8.6   5:00a   5.4   0.3   0.0   0.5  12.9  10:00a     W
21  14.4  21.3   1:30p  10.6   3:00a   4.2   0.3   0.0   0.2   6.4  12:30a     W
22  13.7  16.1  10:30a  12.0   6:30p   4.6   0.0  10.8   0.0   6.4  10:00a     W
23  14.7  20.8   3:00p  10.8  10:00p   3.9   0.2   0.8   0.8  12.9   1:00p   WSW
24  15.7  19.5   1:30p  11.7   7:00a   2.7   0.1   0.0   1.8  16.1  11:00p   WSW
25  16.9  22.4   2:00p  11.1  12:00m   2.3   0.9   0.0   1.1  11.3  11:30a    SW
26  15.3  23.4   2:00p  10.1   3:00a   3.9   0.9   0.0   0.5   9.7  11:30a   SSW
27  16.0  23.9   2:00p  11.3   1:00a   3.2   0.9   0.2   0.3  11.3   3:00p    SW
28  16.9  22.2   1:30p  13.7   4:30a   1.9   0.5  14.4   0.5  12.9  11:30a   SSW
29  16.0  20.8   2:00p  12.6   6:30a   2.5   0.2   5.6   0.2   9.7   2:30p    SW
30  15.7  18.9  11:30a  13.2   7:30a   2.6   0.0  27.8   0.2   6.4  11:30a    SW
31  16.2  21.7  12:30p  13.2  12:00m   2.4   0.3   5.6   0.2   9.7  12:00p   WSW
-------------------------------------------------------------------------------------
    16.6  26.7     2     7.3    19    77.1  23.9  82.2   0.5  25.7    19     WSW

Max >=  32.0:  0
Max <=   0.0:  0
Min <=   0.0:  0
Min <= -18.0:  0
Max Rain: 27.79 ON 30/05/13
Days of Rain: 15 (> .2 mm) 8 (> 2 mm) 1 (> 20 mm)
Heat Base:  18.3  Cool Base:  18.3  Method: Integration