NOAA-Style Climate Reports

Select a Year or Month report
2019: Jan Feb Mar Apr May Jun Jul Aug Sep Oct Nov Dec
2018: Jan Feb Mar Apr May Jun Jul Aug Sep Oct Nov Dec
2017: Jan Feb Mar Apr May Jun Jul Aug Sep Oct Nov Dec
2016: Jan Feb Mar Apr May Jun Jul Aug Sep Oct Nov Dec
2015: Jan Feb Mar Apr May Jun Jul Aug Sep Oct Nov Dec
2014: Jan Feb Mar Apr May Jun Jul Aug Sep Oct Nov Dec
2013: Jan Feb Mar Apr May Jun Jul Aug Sep Oct Nov Dec
2012: Jan Feb Mar Apr May Jun Jul Aug Sep Oct Nov Dec
2011: Jan Feb Mar Apr May Jun Jul Aug Sep Oct Nov Dec
2010: Jan Feb Mar Apr May Jun Jul Aug Sep Oct Nov Dec

Report for 2013 April
                   MONTHLY CLIMATOLOGICAL SUMMARY for APR. 2013



NAME: Wamuran   CITY: Wamuran   STATE: Queensland 

ELEV:    75 m  LAT:  27° 00' 16" S  LONG: 152° 51' 49" E



                   TEMPERATURE (°C), RAIN  (mm), WIND SPEED (km/hr)



                                      HEAT  COOL        AVG

    MEAN                              DEG   DEG         WIND                 DOM

DAY TEMP  HIGH   TIME   LOW    TIME   DAYS  DAYS  RAIN  SPEED HIGH   TIME    DIR

------------------------------------------------------------------------------------

 1  20.6  26.0  12:00p  17.3   6:30a   0.2   2.4   6.6   0.0   6.4   8:00a   ENE

 2  20.7  27.5   1:30p  16.6   5:30a   0.4   2.8   0.0   0.2   9.7  11:00a    SW

 3  20.6  25.7  11:30a  17.2   1:30a   0.2   2.4   6.2   0.0   6.4   4:00p   ESE

 4  19.9  25.4   1:00p  16.9   4:00a   0.4   2.0   0.8   0.6  14.5   9:30a   NNW

 5  20.1  25.4  12:30p  16.8  12:00m   0.3   2.0  35.8   1.3  19.3   2:30p   NNW

 6  19.4  24.6  11:30a  15.8   2:00a   0.6   1.7  10.6   0.5  11.3  12:00p    SW

 7  18.8  24.4   2:00p  16.1  12:00m   0.7   1.3   1.0   0.2   9.7   2:30p   NNW

 8  19.3  25.0   1:00p  15.7   1:30a   0.8   1.8   7.6   0.6  12.9   2:30p   NNW

 9  19.2  24.8   2:00p  15.6   4:00a   0.9   1.8   0.4   0.5  12.9   1:00p   NNW

10  18.3  22.1  10:30a  16.4   3:30a   0.5   0.6  14.8   0.3  14.5   1:00p   NNW

11  19.0  23.7   2:00p  15.3   6:30a   0.7   1.4  27.8   0.5  14.5   2:30p   NNW

12  19.2  22.7   3:00p  17.2   5:00a   0.2   1.0  15.0   0.3  11.3  12:30p   NNW

13  19.3  20.7   3:00p  17.9  12:00m   0.0   1.0  30.2   0.6   8.0  12:00p   NNW

14  20.3  27.0   1:30p  15.9   6:00a   0.5   2.6   0.2   0.2   6.4  12:00p    SE

15  20.7  27.3   2:00p  17.2   1:30a   0.2   2.6   0.0   0.0   4.8  10:00a    SW

16  19.9  28.3   1:30p  17.1  12:00m   0.3   1.9  13.0   0.2   9.7   1:30p    SE

17  20.4  27.2   1:30p  15.6   4:30a   0.6   2.7   0.4   0.2   9.7   1:00p    SW

18  21.1  28.6   2:00p  16.4  11:30p   0.3   3.1   1.4   0.3  11.3  11:30a    SE

19  19.4  27.3   2:00p  14.6  10:00p   1.4   2.4   0.0   0.3  12.9   2:00p    NE

20  17.5  24.7   2:00p  12.1  11:00p   2.2   1.4   0.0   0.5  16.1  11:30a   ENE

21  17.2  24.3   1:30p  12.0   6:00a   2.4   1.3   0.0   0.2   6.4  11:00a     E

22  19.0  28.1   2:00p  12.9   6:30a   1.6   2.4   0.0   0.0   0.0     ---   ---

23  21.3  29.4   2:30p  15.2   6:30a   0.5   3.5   0.0   0.2   6.4  11:30a     N

24  19.4  25.9   2:00p  14.1   5:00a   1.2   2.3   0.0   0.2   9.7   1:00p     E

25  19.7  27.2   1:30p  15.1   3:30a   1.0   2.4   0.0   0.0   8.0   1:30p   ESE

26  19.1  24.9   3:00p  13.9   6:30a   1.0   1.8   0.0   0.0   6.4   4:00p     E

27  18.3  25.6   2:00p  14.2  12:00m   1.8   1.8   0.0   0.2   8.0  12:00p     E

28  18.4  26.6   2:00p  13.8   1:30a   1.9   2.0   0.0   0.0   6.4  11:30a     E

29  19.2  26.2   1:00p  14.1  12:30a   1.2   2.1   0.0   0.0   8.0  12:30p     E

30  19.1  25.1   1:00p  15.5  12:00m   0.9   1.6   3.6   0.0   8.0   1:00p    SE

-------------------------------------------------------------------------------------

    19.5  29.4    23    12.0    21    24.9  60.1 175.4   0.3  19.3     5     NNW



Max >=  32.0:  0

Max <=   0.0:  0

Min <=   0.0:  0

Min <= -18.0:  0

Max Rain: 35.79 ON 05/04/13

Days of Rain: 17 (> .2 mm) 11 (> 2 mm) 3 (> 20 mm)

Heat Base:  18.3  Cool Base:  18.3  Method: Integration