NOAA-Style Climate Reports

Select a Year or Month report
2020: Jan Feb Mar Apr May Jun Jul Aug Sep Oct Nov Dec
2019: Jan Feb Mar Apr May Jun Jul Aug Sep Oct Nov Dec
2018: Jan Feb Mar Apr May Jun Jul Aug Sep Oct Nov Dec
2017: Jan Feb Mar Apr May Jun Jul Aug Sep Oct Nov Dec
2016: Jan Feb Mar Apr May Jun Jul Aug Sep Oct Nov Dec
2015: Jan Feb Mar Apr May Jun Jul Aug Sep Oct Nov Dec
2014: Jan Feb Mar Apr May Jun Jul Aug Sep Oct Nov Dec
2013: Jan Feb Mar Apr May Jun Jul Aug Sep Oct Nov Dec
2012: Jan Feb Mar Apr May Jun Jul Aug Sep Oct Nov Dec
2011: Jan Feb Mar Apr May Jun Jul Aug Sep Oct Nov Dec
2010: Jan Feb Mar Apr May Jun Jul Aug Sep Oct Nov Dec

Report for 2013 March
                   MONTHLY CLIMATOLOGICAL SUMMARY for FEB. 2013



NAME: Wamuran   CITY: Wamuran   STATE: Queensland 

ELEV:    75 m  LAT:  27° 00' 16" S  LONG: 152° 51' 49" E



                   TEMPERATURE (°C), RAIN  (mm), WIND SPEED (km/hr)



                                      HEAT  COOL        AVG

    MEAN                              DEG   DEG         WIND                 DOM

DAY TEMP  HIGH   TIME   LOW    TIME   DAYS  DAYS  RAIN  SPEED HIGH   TIME    DIR

------------------------------------------------------------------------------------

 1  25.5  31.4   2:00p  21.0   5:30a   0.0   7.2   0.0   0.6   9.7   3:00p    SW

 2  24.3  30.2   1:00p  18.3  12:00m   0.0   6.0  27.4   1.9  25.7  12:30a   ENE

 3  23.3  30.0   1:00p  18.1  12:00m   0.0   5.0   0.0   0.6  12.9   9:00a    SW

 4  22.2  27.6  12:30p  16.1   3:00a   0.4   4.3   0.0   1.0  14.5   7:30p     N

 5  22.6  28.9  12:00p  18.0   5:00a   0.0   4.3   1.2   1.4  17.7   2:00p   NNW

 6  22.2  28.7  12:00p  17.2   6:00a   0.1   3.9   2.8   1.0  19.3   3:00p   NNW

 7  21.6  27.3   2:30p  17.6   3:00a   0.1   3.4   0.0   0.6  11.3  12:00p   NNW

 8  21.8  26.6   9:30a  17.1   4:00a   0.2   3.6   2.6   0.5  11.3  10:00a   NNW

 9  23.3  28.5   1:00p  19.1   2:30a   0.0   5.0   0.2   0.6  12.9  12:30p    SW

10  23.4  29.8   1:00p  18.2   6:00a   0.0   5.1   0.0   0.5   9.7  10:30a    SW

11  23.6  29.5   1:30p  17.9   5:00a   0.0   5.3   0.0   1.0  11.3   1:00p   NNW

12  23.3  29.4   1:30p  18.7   4:00a   0.0   5.0   0.0   1.1  17.7   3:00p     N

13  21.9  25.7  10:30a  18.5   6:30a   0.0   3.6   6.4   1.0  17.7   3:30p   NNW

14  23.1  28.6   1:00p  19.3  11:00p   0.0   4.8   0.0   1.0  14.5  10:30a   NNW

15  21.1  25.4   9:30a  19.3  12:30a   0.0   2.7  14.6   0.3  19.3  10:00a    SW

16  21.1  25.8   3:00p  18.7   2:00a   0.0   2.8  16.2   0.5  12.9   3:00p   NNW

17  20.9  24.2  10:00a  19.4   6:00a   0.0   2.6  32.8   0.5   9.7  10:00a   NNW

18  20.8  22.5  11:30a  19.4   2:30a   0.0   2.6  70.0   0.2   9.7   3:00p    SW

19  21.1  22.4  11:00a  20.1  12:00m   0.0   2.7  23.0   1.6  16.1   2:00p   NNW

20  24.0  29.3   1:30p  19.3   6:00a   0.0   5.7   0.0   1.6  11.3   3:30p   NNW

21  23.3  28.5   2:30p  19.8   6:30a   0.0   5.0   3.6   1.1  11.3   1:30p   NNW

22  23.9  29.6  12:30p  19.7  12:30a   0.0   5.6   0.8   1.4  16.1  12:30p   ENE

23  26.8  33.9   4:00p  19.9   6:30a   0.0   8.5   0.0   0.8  16.1  12:00p    SE

24  24.5  29.3   1:30p  20.9   5:30a   0.0   6.2   3.2   0.3   8.0   1:00p    SE

25  22.3  23.1  10:00a  21.5   9:30p   0.0   4.0 270.0   0.5  14.5   4:00p    SW

26  22.2  26.0  12:00p  20.8   5:30a   0.0   3.9  57.4   0.2  14.5  12:30p    SW

27  23.1  27.8  12:00p  20.9  12:00m   0.0   4.7  18.8   0.5  16.1  11:00a    SW

28  22.6  27.1   2:30p  20.4   2:30a   0.0   4.3  11.2   0.2   8.0   1:30p    SE

-------------------------------------------------------------------------------------

    22.8  33.9    23    16.1     4     0.8 127.7 562.2   0.8  25.7     2     NNW



Max >=  32.0:  1

Max <=   0.0:  0

Min <=   0.0:  0

Min <= -18.0:  0

Max Rain: 270.00 ON 25/02/13

Days of Rain: 18 (> .2 mm) 15 (> 2 mm) 6 (> 20 mm)

Heat Base:  18.3  Cool Base:  18.3  Method: Integration