NOAA-Style Climate Reports

Select a Year or Month report
2019: Jan Feb Mar Apr May Jun Jul Aug Sep Oct Nov Dec
2018: Jan Feb Mar Apr May Jun Jul Aug Sep Oct Nov Dec
2017: Jan Feb Mar Apr May Jun Jul Aug Sep Oct Nov Dec
2016: Jan Feb Mar Apr May Jun Jul Aug Sep Oct Nov Dec
2015: Jan Feb Mar Apr May Jun Jul Aug Sep Oct Nov Dec
2014: Jan Feb Mar Apr May Jun Jul Aug Sep Oct Nov Dec
2013: Jan Feb Mar Apr May Jun Jul Aug Sep Oct Nov Dec
2012: Jan Feb Mar Apr May Jun Jul Aug Sep Oct Nov Dec
2011: Jan Feb Mar Apr May Jun Jul Aug Sep Oct Nov Dec
2010: Jan Feb Mar Apr May Jun Jul Aug Sep Oct Nov Dec

Report for 2013 January
                   MONTHLY CLIMATOLOGICAL SUMMARY for JAN. 2013

NAME: Wamuran   CITY: Wamuran   STATE: Queensland 
ELEV:    75 m  LAT:  27° 00' 16" S  LONG: 152° 51' 49" E

                   TEMPERATURE (°C), RAIN  (mm), WIND SPEED (km/hr)

                                      HEAT  COOL        AVG
    MEAN                              DEG   DEG         WIND                 DOM
DAY TEMP  HIGH   TIME   LOW    TIME   DAYS  DAYS  RAIN  SPEED HIGH   TIME    DIR
------------------------------------------------------------------------------------
 1  24.0  30.9   1:00p  18.1   2:30a   0.0   5.7   0.0   0.5  12.9   1:30p    SW
 2  27.0  36.7   1:30p  18.8   5:30a   0.0   8.7   0.0   0.6  11.3   3:00p    SW
 3  25.9  30.8  11:00a  23.3   6:00a   0.0   7.7   0.0   2.1  17.7   9:30a   NNW
 4  24.2  30.3   1:30p  18.3   5:30a   0.0   5.9   0.0   1.4  17.7   3:00p   NNW
 5  23.5  28.8   1:00p  18.8   5:00a   0.0   5.2   0.2   0.6  11.3   3:30p    SW
 6  23.8  29.9   1:00p  20.2   6:00a   0.0   5.5   1.8   1.0  16.1   2:30p     N
 7  24.0  30.1  12:30p  19.1   6:00a   0.0   5.7   0.4   1.4  14.5  11:30a   NNW
 8  24.8  32.7   2:30p  18.6   4:30a   0.0   6.5   0.2   0.8  12.9   2:00p   SSW
 9  28.0  38.8   2:00p  18.4   5:30a   0.0   9.7   0.0   1.0  11.3  12:00p    SE
10  28.6  36.8   1:00p  22.2   5:30a   0.0  10.3   0.0   1.0  16.1   2:30p    SW
11  28.4  35.4  11:30a  23.1   5:30a   0.0  10.2   0.0   0.8  16.1   2:30p    SW
12  29.2  39.8   1:00p  22.3   5:30a   0.0  10.9   0.0   0.8  17.7   2:00p   SSW
13  28.8  39.6   1:00p  21.6   5:30a   0.0  10.6   0.0   1.0  11.3   1:30p    SW
14  25.1  34.7  12:30p  20.3  12:00m   0.0   6.8   1.0   1.6  20.9   5:00p   NNW
15  22.6  27.3   3:30p  19.3   5:30a   0.0   4.3   0.6   1.1  12.9  10:30a   NNW
16  24.0  31.7   1:30p  18.2   6:00a   0.0   5.7   0.0   0.8  12.9  12:00p    SW
17  23.9  32.4  12:30p  16.5   5:30a   0.3   5.9   0.0   1.0  14.5   3:00p    SW
18  26.2  36.1   1:30p  17.8   5:30a   0.0   7.9   0.0   1.0  14.5   3:30p    SW
19  27.9  38.8  12:30p  19.6   5:30a   0.0   9.7   0.0   1.0  14.5   4:30p    SW
20  26.8  32.5  10:30a  21.8   5:30a   0.0   8.5   1.8   1.0  12.9   1:30p    SW
21  25.7  32.3  12:30p  21.0  12:00m   0.0   7.4   0.4   0.8  14.5  12:30p    SW
22  22.9  26.7   9:00a  20.2   5:30a   0.0   4.6  16.4   0.2   6.4   9:00a   ENE
23  24.9  30.7   2:00p  19.6   5:30a   0.0   6.6   0.0   0.6  12.9   5:00p    SW
24  22.4  24.7   8:00a  20.9   3:30a   0.0   4.2  15.4   0.0   6.4   4:30p   NNE
25  23.3  26.0  11:00a  21.8  12:30a   0.0   5.0  81.6   1.0  12.9   3:30p    SW
26  23.8  24.3   3:30p  23.3  10:30a   0.0   5.5 126.0   1.8  22.5   1:00p   SSW
27  23.4  23.9   4:00p  22.4   2:30a   0.0   5.2 244.8   4.0  32.2  11:00a   SSW
28  24.4  27.5  12:00p  22.4  12:00m   0.0   6.1  42.6   1.6  25.7   4:30a   SSW
29  27.1  35.2   2:30p  20.9   5:30a   0.0   8.8   0.2   0.6  11.3  10:00a   ENE
30  26.3  32.3  11:30a  22.7  12:30a   0.0   8.0  17.8   1.1  17.7   5:30p   NNW
31  24.6  29.0   2:30p  21.2  12:00m   0.0   6.3   4.6   0.2   8.0   2:00p    SW
-------------------------------------------------------------------------------------
    25.3  39.8    12    16.5    17     0.3 218.9 555.9   1.0  32.2    27      SW

Max >=  32.0: 15
Max <=   0.0:  0
Min <=   0.0:  0
Min <= -18.0:  0
Max Rain: 244.81 ON 27/01/13
Days of Rain: 17 (> .2 mm) 8 (> 2 mm) 4 (> 20 mm)
Heat Base:  18.3  Cool Base:  18.3  Method: Integration