NOAA-Style Climate Reports

Select a Year or Month report
2019: Jan Feb Mar Apr May Jun Jul Aug Sep Oct Nov Dec
2018: Jan Feb Mar Apr May Jun Jul Aug Sep Oct Nov Dec
2017: Jan Feb Mar Apr May Jun Jul Aug Sep Oct Nov Dec
2016: Jan Feb Mar Apr May Jun Jul Aug Sep Oct Nov Dec
2015: Jan Feb Mar Apr May Jun Jul Aug Sep Oct Nov Dec
2014: Jan Feb Mar Apr May Jun Jul Aug Sep Oct Nov Dec
2013: Jan Feb Mar Apr May Jun Jul Aug Sep Oct Nov Dec
2012: Jan Feb Mar Apr May Jun Jul Aug Sep Oct Nov Dec
2011: Jan Feb Mar Apr May Jun Jul Aug Sep Oct Nov Dec
2010: Jan Feb Mar Apr May Jun Jul Aug Sep Oct Nov Dec

Report for 2012 December
                   MONTHLY CLIMATOLOGICAL SUMMARY for NOV. 2012



NAME: Wamuran   CITY: Wamuran   STATE: Queensland 

ELEV:    75 m  LAT:  27° 00' 16" S  LONG: 152° 51' 49" E



                   TEMPERATURE (°C), RAIN  (mm), WIND SPEED (km/hr)



                                      HEAT  COOL        AVG

    MEAN                              DEG   DEG         WIND                 DOM

DAY TEMP  HIGH   TIME   LOW    TIME   DAYS  DAYS  RAIN  SPEED HIGH   TIME    DIR

------------------------------------------------------------------------------------

 1  22.8  33.4   1:00p  15.1  12:30a   0.7   5.3   0.2   0.8  11.3   2:00p    SW

 2  22.8  31.2  10:00a  17.1   3:00a   0.1   4.6   0.0   2.3  20.9  10:30a     N

 3  20.8  26.4  12:00p  17.2   5:30a   0.0   2.5   0.0   0.8  11.3  12:00p    SW

 4  19.8  27.3   1:30p  14.4  11:30p   0.8   2.3   0.4   0.5  11.3   2:30p    SW

 5  20.0  28.9  12:30p  12.8   5:00a   1.6   3.3   0.0   0.8  14.5   1:00p    SW

 6  19.9  27.7  10:30a  13.2   5:30a   1.5   3.2   0.0   0.8  17.7   1:30p    SW

 7  20.6  29.6  12:30p  12.6   5:30a   1.3   3.6   0.0   0.6  14.5  12:00p    SW

 8  22.5  31.3   1:00p  16.2   5:30a   0.4   4.5   0.0   0.8  12.9   1:00p    SW

 9  23.3  32.1  11:30a  16.9   3:30a   0.1   5.1   7.2   0.8  11.3  10:00a    SW

10  19.4  22.4  12:30p  17.4  11:30p   0.1   1.3  11.8   0.2   8.0  11:00a   NNW

11  19.4  24.6   1:00p  16.3   5:00a   0.5   1.6   3.8   2.3  17.7  12:00p   NNW

12  19.7  25.6  12:30p  13.5   4:30a   1.0   2.4   0.0   1.3  19.3   9:00a   NNW

13  19.9  29.5  12:30p  11.9   5:30a   2.0   3.6   0.0   0.8  12.9   1:30p    SW

14  21.3  32.3   2:00p  12.7   5:30a   1.6   4.6   0.0   0.6  11.3   1:30p    SW

15  23.7  35.2   2:00p  13.4   5:30a   1.0   6.4   0.0   0.8  11.3  12:00p    SW

16  25.8  37.7   2:30p  14.1   5:00a   0.6   8.1   0.0   0.8   9.7  11:00a     N

17  23.8  28.4   3:00p  18.2  12:00m   0.0   5.5  31.0   0.8  11.3   1:00p     N

18  20.3  29.4  12:00p  17.3  12:00m   0.1   2.1  43.4   0.5  17.7   2:30p   NNW

19  24.5  34.1   1:00p  16.4   4:30a   0.4   6.6   0.0   1.0  14.5  12:00p   ENE

20  21.5  28.8  12:30p  15.5  12:00m   0.4   3.6   0.0   0.8   9.7  10:00a    SW

21  21.3  28.7  12:30p  14.3   2:30a   0.9   3.9   0.0   1.0  12.9  12:00p     N

22  23.3  32.7   1:00p  16.6   1:00a   0.2   5.2   0.0   0.5  11.3   1:30p    SW

23  23.2  30.5  11:00a  17.4  11:30p   0.0   4.9   0.0   0.5  12.9  10:30a    SW

24  21.9  28.2   1:00p  16.6   3:00a   0.3   3.9   0.0   0.6  12.9  10:30a    SW

25  22.4  30.1  12:30p  15.9   5:00a   0.3   4.5   0.0   0.8  17.7   3:30p    SW

26  22.7  31.0  12:30p  15.9   5:00a   0.5   4.8   0.0   0.8  12.9  11:30a    SW

27  23.2  31.2  12:30p  16.6   3:30a   0.3   5.3   0.0   0.5  12.9   2:30p    SW

28  24.2  32.4   1:00p  16.9   5:00a   0.2   6.0   0.0   0.8  16.1   3:00p    SW

29  24.3  32.6   1:30p  17.4   5:30a   0.1   6.0   0.0   0.5  11.3  11:30a    SW

30  24.3  34.1  12:00p  16.6   5:00a   0.3   6.2   0.0   0.8  16.1   1:30p    SW

-------------------------------------------------------------------------------------

    22.1  37.7    16    11.9    13    17.3 130.9  97.8   0.8  20.9     2      SW



Max >=  32.0: 10

Max <=   0.0:  0

Min <=   0.0:  0

Min <= -18.0:  0

Max Rain: 43.41 ON 18/11/12

Days of Rain: 7 (> .2 mm) 5 (> 2 mm) 2 (> 20 mm)

Heat Base:  18.3  Cool Base:  18.3  Method: Integration