NOAA-Style Climate Reports

Select a Year or Month report
2019: Jan Feb Mar Apr May Jun Jul Aug Sep Oct Nov Dec
2018: Jan Feb Mar Apr May Jun Jul Aug Sep Oct Nov Dec
2017: Jan Feb Mar Apr May Jun Jul Aug Sep Oct Nov Dec
2016: Jan Feb Mar Apr May Jun Jul Aug Sep Oct Nov Dec
2015: Jan Feb Mar Apr May Jun Jul Aug Sep Oct Nov Dec
2014: Jan Feb Mar Apr May Jun Jul Aug Sep Oct Nov Dec
2013: Jan Feb Mar Apr May Jun Jul Aug Sep Oct Nov Dec
2012: Jan Feb Mar Apr May Jun Jul Aug Sep Oct Nov Dec
2011: Jan Feb Mar Apr May Jun Jul Aug Sep Oct Nov Dec
2010: Jan Feb Mar Apr May Jun Jul Aug Sep Oct Nov Dec

Report for 2012 October
                   MONTHLY CLIMATOLOGICAL SUMMARY for OCT. 2012



NAME: Wamuran   CITY: Wamuran   STATE: Queensland 

ELEV:    75 m  LAT:  27° 00' 16" S  LONG: 152° 51' 49" E



                   TEMPERATURE (°C), RAIN  (mm), WIND SPEED (km/hr)



                                      HEAT  COOL        AVG

    MEAN                              DEG   DEG         WIND                 DOM

DAY TEMP  HIGH   TIME   LOW    TIME   DAYS  DAYS  RAIN  SPEED HIGH   TIME    DIR

------------------------------------------------------------------------------------

 1  16.2  17.4   7:30a  14.8  12:00m   2.2   0.0   4.4   0.3   6.4   1:30p   NNW

 2  17.3  23.3  11:30a  11.1  11:30p   2.3   1.3   0.2   1.1  16.1   3:00p     N

 3  16.9  24.3   1:30p  11.2  12:30a   2.8   1.5   0.0   0.6  14.5   9:00a     N

 4  18.1  29.0   1:30p  10.2   5:00a   3.0   2.8   0.0   0.6   9.7   1:00p   ESE

 5  20.3  31.6   2:00p  11.4   4:30a   1.9   4.0   0.0   0.5   9.7   3:30p     E

 6  22.9  34.4  12:30p  13.1   4:00a   1.1   5.7   0.0   0.5   8.0  10:30a    SW

 7  25.0  36.6   4:00p  15.6   4:00a   0.5   7.2   0.0   1.6  17.7   3:00p   NNW

 8  20.3  24.2   1:30p  18.0   6:00a   0.0   2.0   0.0   0.5   8.0  12:00p   NNW

 9  21.6  31.2   3:30p  14.7   6:00a   0.7   4.0   0.0   0.6  12.9   3:30p    NE

10  23.8  32.3   1:00p  17.1   6:30a   0.0   5.5   0.0   0.5  14.5   4:00p    SW

11  19.3  25.1  11:30a  13.7  12:00m   0.9   1.9   9.2   0.6  19.3   3:30a    SE

12  15.3  19.0   4:30p  11.8   4:00a   3.1   0.0   0.0   3.2  32.2   9:00a    NE

13  16.6  26.2   1:30p  10.1   5:00a   3.5   1.8   0.0   0.6   9.7  11:30a    SW

14  17.8  28.3   1:30p   8.9   6:00a   3.1   2.6   0.0   0.8  12.9   2:00p    SW

15  18.1  25.7  12:30p  12.7  11:30p   2.1   1.9   0.0   0.6  11.3  11:30a    SW

16  18.6  28.0  12:00p  11.3   4:00a   2.4   2.7   0.0   0.6  12.9   3:30p    SW

17  20.4  32.2   1:30p  10.8   5:00a   2.1   4.2   0.0   0.6  11.3   2:30p    SW

18  20.6  28.4   1:00p  13.9   4:30a   1.0   3.3   0.0   0.8  14.5   2:30p    SW

19  22.4  32.6   1:30p  15.9  12:00m   0.4   4.6   0.0   0.5   9.7  11:00a    SW

20  25.6  37.8   3:30p  13.9   5:00a   1.0   8.3   0.0   0.6  11.3  12:30p    SE

21  26.4  33.5   1:30p  21.0  12:00m   0.0   8.1   0.0   1.1  11.3   5:30a     E

22  25.3  34.9   2:30p  18.4  12:00m   0.0   7.0   0.0   1.6  20.9  11:30a   NNE

23  18.8  25.4   1:00p  13.4   6:00a   1.2   1.7   0.0   1.6  17.7   1:30p     N

24  18.7  25.6  12:00p  12.4   6:00a   1.6   2.0   0.0   1.4  20.9   3:30p     N

25  18.9  28.8   1:00p  11.4   5:30a   2.3   2.9   0.0   0.8  11.3   2:00p    SW

26  22.6  35.3   1:00p  12.6   4:30a   1.4   5.7   0.0   0.6  11.3   4:00p   ENE

27  21.6  30.1  11:00a  16.1   4:00a   0.5   3.7   2.6   1.3  14.5  11:30a   NNW

28  18.4  20.5  12:30p  15.7  11:30p   0.8   0.9   3.6   1.1  16.1   9:00a   NNW

29  18.4  23.2   1:30p  15.2   2:30a   1.1   1.3   0.0   0.8  11.3   9:00a     N

30  18.7  24.4   2:30p  13.2   4:00a   1.6   2.0   0.0   0.5   9.7   2:30p     W

31  19.9  29.1   1:00p  14.4  12:30a   1.2   2.9   0.8   0.5   9.7  12:30p   ENE

-------------------------------------------------------------------------------------

    20.2  37.8    20     8.9    14    45.9 103.3  20.8   0.9  32.2    12      SW



Max >=  32.0:  9

Max <=   0.0:  0

Min <=   0.0:  0

Min <= -18.0:  0

Max Rain: 9.19 ON 11/10/12

Days of Rain: 6 (> .2 mm) 4 (> 2 mm) 0 (> 20 mm)

Heat Base:  18.3  Cool Base:  18.3  Method: Integration