NOAA-Style Climate Reports

Select a Year or Month report
2019: Jan Feb Mar Apr May Jun Jul Aug Sep Oct Nov Dec
2018: Jan Feb Mar Apr May Jun Jul Aug Sep Oct Nov Dec
2017: Jan Feb Mar Apr May Jun Jul Aug Sep Oct Nov Dec
2016: Jan Feb Mar Apr May Jun Jul Aug Sep Oct Nov Dec
2015: Jan Feb Mar Apr May Jun Jul Aug Sep Oct Nov Dec
2014: Jan Feb Mar Apr May Jun Jul Aug Sep Oct Nov Dec
2013: Jan Feb Mar Apr May Jun Jul Aug Sep Oct Nov Dec
2012: Jan Feb Mar Apr May Jun Jul Aug Sep Oct Nov Dec
2011: Jan Feb Mar Apr May Jun Jul Aug Sep Oct Nov Dec
2010: Jan Feb Mar Apr May Jun Jul Aug Sep Oct Nov Dec

Report for 2012 September
                   MONTHLY CLIMATOLOGICAL SUMMARY for SEP. 2012

NAME: Wamuran   CITY: Wamuran   STATE: Queensland 
ELEV:    75 m  LAT:  27° 00' 16" S  LONG: 152° 51' 49" E

                   TEMPERATURE (°C), RAIN  (mm), WIND SPEED (km/hr)

                                      HEAT  COOL        AVG
    MEAN                              DEG   DEG         WIND                 DOM
DAY TEMP  HIGH   TIME   LOW    TIME   DAYS  DAYS  RAIN  SPEED HIGH   TIME    DIR
------------------------------------------------------------------------------------
 1  13.2  21.6   2:00p   7.1  12:00m   5.6   0.5   0.0   1.0  14.5  12:00p     N
 2  12.6  21.5   2:00p   6.4   3:00a   6.1   0.4   0.0   0.5   8.0  11:00a     E
 3  14.6  24.6   2:00p   8.1  12:30a   4.8   1.1   0.0   0.5   9.7  11:00a     E
 4  14.9  25.1   2:00p   7.8   5:00a   4.7   1.3   0.0   0.3   9.7  12:30p   WSW
 5  15.7  25.2   2:00p   8.8   6:30a   4.0   1.4   0.0   0.5   9.7  12:00p    SW
 6  17.7  27.3   2:00p   9.9   6:30a   3.0   2.4   0.0   0.5   9.7   9:00a    SE
 7  20.1  29.8   1:30p  11.8   6:00a   1.7   3.5   0.4   0.6  12.9   3:30p    SE
 8  18.7  26.0   2:00p  12.9   8:30p   1.6   1.9   0.0   1.6  14.5   2:30a   ENE
 9  17.3  24.8  12:00p  11.0   6:30a   2.6   1.6   0.0   0.6  12.9   4:00p   ENE
10  16.6  21.6  12:30p  12.6  12:00m   2.4   0.7   0.0   0.2   9.7  12:00p     N
11  16.4  25.1   1:00p  10.3   6:30a   3.5   1.6   0.0   0.3  11.3   1:30p    SW
12  16.8  26.6   2:00p  10.2   4:30a   3.3   1.8   0.0   0.5   9.7  11:00a   WSW
13  18.8  27.9   1:30p  11.3   5:00a   2.1   2.6   0.0   0.6  14.5  11:00p    SE
14  16.1  22.1   1:30p  10.0  12:00m   2.9   0.6   0.0   1.0  11.3   4:30a    NE
15  15.1  22.9  12:00p   9.2   3:00a   4.1   0.9   0.0   0.5   9.7   1:00p     N
16  15.7  24.3  12:00p   9.2   5:00a   3.9   1.3   0.0   0.5   9.7  10:30a    SW
17  16.1  23.3  11:30a  11.1   6:00a   3.2   1.0   0.0   0.2   6.4   9:30a     E
18  15.8  21.9  12:30p  11.8  12:00m   3.0   0.5   0.8   0.3  11.3  12:30p     N
19  18.4  28.7   1:30p  11.4   1:30a   2.2   2.3   5.2   0.3   9.7   1:30p   ESE
20  18.8  28.4   1:00p  12.1   6:30a   2.1   2.7   0.0   0.5   9.7   1:30p   WSW
21  18.9  27.6   2:00p  15.2  12:00m   1.0   1.6  10.0   0.3  17.7   3:30p    SE
22  21.7  31.6   1:00p  15.1  12:30a   0.7   4.1   0.2   0.5   9.7   2:30p   WSW
23  21.7  31.3   1:30p  15.6  12:00m   0.4   3.8   0.0   0.5  12.9   3:00p     E
24  19.7  32.2   2:00p  14.4   2:00a   1.4   2.8   2.6   0.5  19.3   3:30p   ESE
25  19.1  23.4  10:30a  13.8   6:00a   0.7   1.5   0.0   1.1  14.5   4:30p     N
26  17.3  23.3   1:00p  11.9  11:30p   2.2   1.2   0.0   0.3   8.0   4:30p     N
27  17.8  26.4   1:30p  12.0  12:30a   2.4   1.9   0.0   0.5  14.5   3:00p   ESE
28  18.7  29.1   1:30p  11.6   6:00a   2.4   2.8   0.0   0.5   9.7  10:30a    SW
29  21.3  29.7   3:00p  11.7   5:30a   1.4   4.4   0.0   0.8  12.9   1:00p    NE
30  18.6  21.8   4:30p  14.9  11:00p   0.8   1.0   2.2   0.0   3.2   1:30a   WSW
-------------------------------------------------------------------------------------
    17.5  32.2    24     6.4     2    80.3  55.4  21.4   0.5  19.3    24      SW

Max >=  32.0:  1
Max <=   0.0:  0
Min <=   0.0:  0
Min <= -18.0:  0
Max Rain: 10.01 ON 21/09/12
Days of Rain: 7 (> .2 mm) 4 (> 2 mm) 0 (> 20 mm)
Heat Base:  18.3  Cool Base:  18.3  Method: Integration