NOAA-Style Climate Reports

Select a Year or Month report
2019: Jan Feb Mar Apr May Jun Jul Aug Sep Oct Nov Dec
2018: Jan Feb Mar Apr May Jun Jul Aug Sep Oct Nov Dec
2017: Jan Feb Mar Apr May Jun Jul Aug Sep Oct Nov Dec
2016: Jan Feb Mar Apr May Jun Jul Aug Sep Oct Nov Dec
2015: Jan Feb Mar Apr May Jun Jul Aug Sep Oct Nov Dec
2014: Jan Feb Mar Apr May Jun Jul Aug Sep Oct Nov Dec
2013: Jan Feb Mar Apr May Jun Jul Aug Sep Oct Nov Dec
2012: Jan Feb Mar Apr May Jun Jul Aug Sep Oct Nov Dec
2011: Jan Feb Mar Apr May Jun Jul Aug Sep Oct Nov Dec
2010: Jan Feb Mar Apr May Jun Jul Aug Sep Oct Nov Dec

Report for 2012 August
                   MONTHLY CLIMATOLOGICAL SUMMARY for JUL. 2012



NAME: Wamuran   CITY: Wamuran   STATE: Queensland 

ELEV:    75 m  LAT:  27° 00' 16" S  LONG: 152° 51' 49" E



                   TEMPERATURE (°C), RAIN  (mm), WIND SPEED (km/hr)



                                      HEAT  COOL        AVG

    MEAN                              DEG   DEG         WIND                 DOM

DAY TEMP  HIGH   TIME   LOW    TIME   DAYS  DAYS  RAIN  SPEED HIGH   TIME    DIR

------------------------------------------------------------------------------------

 1  14.3  22.4   14:00   8.9    7:00   4.5   0.5   0.0   0.2   8.0   12:30   ENE

 2  11.6  18.2   14:30   5.9    7:00   6.7   0.0   0.0   0.8  11.3   10:30   ENE

 3  11.0  18.0   14:00   7.9   22:30   7.3   0.0   0.0   0.5   8.0    9:00   ENE

 4  10.3  18.6   14:00   5.3   22:00   8.0   0.0   0.0   0.3   6.4    7:30     E

 5  12.0  19.6   14:00   7.3    0:30   6.4   0.1   0.0   0.5   6.4    4:30     N

 6  11.6  18.8   13:00   6.3    7:00   6.7   0.0   0.0   0.6  12.9   11:30     E

 7  13.3  19.0   13:00   9.2    2:00   5.1   0.0   0.2   0.5  11.3   13:00     N

 8  13.8  19.6   13:30   9.8    6:00   4.6   0.1   1.2   0.5  12.9   17:00     N

 9  14.2  20.2   14:00  11.0    0:30   4.3   0.1   1.0   0.3  11.3   12:30    NE

10  14.7  17.2   14:30  12.8    4:30   3.6   0.0  10.2   0.0   4.8   17:00    SE

11  16.8  20.2   12:30  14.6    0:30   1.7   0.2   4.2   0.0   4.8   12:00    SE

12  17.9  21.2   13:30  15.3    5:30   0.9   0.5  11.2   0.0   3.2   11:30    SW

13  19.3  21.6   14:00  17.6    7:00   0.1   1.2   4.0   0.0   4.8    9:00     S

14  18.8  23.2   14:30  16.2   23:30   0.4   1.0   2.8   0.0   6.4    7:00    SE

15  14.5  19.0   14:30   8.7   23:00   3.8   0.0   0.0   0.6  14.5   12:30   ENE

16  13.8  20.6   14:30   8.2    7:00   4.7   0.2   0.0   0.6   8.0   12:00     E

17  15.0  19.6   15:00  11.9    6:30   3.4   0.1   2.4   0.2   6.4    3:00     N

18  15.8  19.5   12:30  13.7    3:00   2.6   0.1  19.2   0.0   4.8   10:00     W

19  15.5  20.7   14:00   9.7   00:00   3.0   0.2   0.2   0.8  12.9   15:00   ENE

20  12.7  20.0   14:00   8.1    7:00   5.7   0.2   0.0   0.3   9.7   14:30     E

21  14.7  20.1   14:30   8.8    1:30   3.9   0.2   0.0   0.6   9.7   22:00     N

22  14.3  20.3   14:30   9.9   00:00   4.2   0.2   0.0   1.1  11.3   10:00     N

23  13.0  19.9   14:00   8.4    3:00   5.5   0.1   0.0   0.5  11.3   11:30     N

24  13.3  20.8   14:00   8.6    5:30   5.3   0.2   0.0   0.3  12.9   11:30     E

25  12.6  19.7   13:30   7.8    6:00   5.8   0.1   0.0   0.2   6.4   11:30     E

26  13.9  19.9   13:30   9.6    0:30   4.6   0.2   0.0   0.0   6.4   11:30     E

27  14.9  23.2   14:00  11.0    0:30   3.9   0.6   0.0   0.6  16.1   14:00   ENE

28  12.7  18.3   14:30   6.9    7:00   5.6   0.0   0.0   1.4  17.7   14:30   ENE

29  11.9  20.1   14:30   7.7   23:00   6.5   0.1   0.0   0.3   8.0    8:30     E

30  12.6  21.1   14:00   8.6    1:00   6.0   0.3   0.0   0.6   8.0    6:30     E

31  11.7  19.9   14:00   5.9    6:00   6.7   0.1   0.0   0.5   9.7   10:00     N

-------------------------------------------------------------------------------------

    14.0  23.2    14     5.3     4   141.3   6.7  56.6   0.4  17.7    28       E



Max >=  32.0:  0

Max <=   0.0:  0

Min <=   0.0:  0

Min <= -18.0:  0

Max Rain: 19.20 ON 18/07/12

Days of Rain: 11 (> .2 mm) 7 (> 2 mm) 0 (> 20 mm)

Heat Base:  18.3  Cool Base:  18.3  Method: Integration