NOAA-Style Climate Reports

Select a Year or Month report
2019: Jan Feb Mar Apr May Jun Jul Aug Sep Oct Nov Dec
2018: Jan Feb Mar Apr May Jun Jul Aug Sep Oct Nov Dec
2017: Jan Feb Mar Apr May Jun Jul Aug Sep Oct Nov Dec
2016: Jan Feb Mar Apr May Jun Jul Aug Sep Oct Nov Dec
2015: Jan Feb Mar Apr May Jun Jul Aug Sep Oct Nov Dec
2014: Jan Feb Mar Apr May Jun Jul Aug Sep Oct Nov Dec
2013: Jan Feb Mar Apr May Jun Jul Aug Sep Oct Nov Dec
2012: Jan Feb Mar Apr May Jun Jul Aug Sep Oct Nov Dec
2011: Jan Feb Mar Apr May Jun Jul Aug Sep Oct Nov Dec
2010: Jan Feb Mar Apr May Jun Jul Aug Sep Oct Nov Dec

Report for 2012 June
                   MONTHLY CLIMATOLOGICAL SUMMARY for JUN. 2012



NAME: Wamuran   CITY: Wamuran   STATE: Queensland 

ELEV:    75 m  LAT:  27° 00' 16" S  LONG: 152° 51' 49" E



                   TEMPERATURE (°C), RAIN  (mm), WIND SPEED (km/hr)



                                      HEAT  COOL        AVG

    MEAN                              DEG   DEG         WIND                 DOM

DAY TEMP  HIGH   TIME   LOW    TIME   DAYS  DAYS  RAIN  SPEED HIGH   TIME    DIR

------------------------------------------------------------------------------------

 1  15.9  20.6   12:30  12.3    7:00   2.6   0.2   9.4   0.0   6.4   16:00     W

 2  16.9  19.7   12:30  15.1    7:00   1.4   0.1  66.2   0.0   4.8   12:30    NE

 3  17.7  21.6   14:30  15.8   00:00   1.0   0.5  35.0   0.0   3.2    1:00    SE

 4  16.3  20.7   15:00  13.2    6:30   2.3   0.4   0.0   1.1  16.1   13:00   ENE

 5  12.4  17.2   13:30   8.1    6:30   5.8   0.0   0.0   1.8  22.5   11:00   ENE

 6  13.1  19.2   14:00   8.2    0:30   5.2   0.0   0.0   1.4  12.9    9:00   ENE

 7  13.5  20.2   14:30   9.7    7:00   4.9   0.1   0.0   0.3   9.7   11:30     E

 8  14.2  19.3   13:00   9.8    1:00   4.1   0.1   0.0   0.5  11.3   13:00     N

 9  14.7  18.7   12:30  11.6    7:00   3.6   0.0   0.6   0.5   8.0   20:30     N

10  14.5  17.2   14:30  12.8    7:00   3.8   0.0   8.0   0.8   9.7   22:30     N

11  14.6  17.9   10:30  13.2    2:30   3.7   0.0   7.6   1.8  14.5   18:30     N

12  16.6  20.4   13:00  12.1   00:00   2.1   0.3   0.0   2.1  16.1   14:00   NNE

13  14.6  21.4   14:00  10.6    6:00   4.2   0.5   0.0   0.6  11.3   11:30     N

14  14.6  21.6   14:00  10.7    7:00   4.2   0.5   0.0   0.3   9.7   11:00     E

15  14.2  22.6   14:00  10.2   23:00   4.6   0.5   0.0   0.3   6.4    7:30     E

16  14.9  23.3   14:00   9.6    6:30   4.1   0.6   0.0   0.0   9.7   13:00     E

17  15.3  21.9   14:00  11.1   19:00   3.5   0.5   0.0   0.6  11.3   10:30     E

18  12.9  20.2   14:00   7.8   23:00   5.5   0.1   0.0   0.8   9.7    4:00   ENE

19  12.8  20.6   14:00   8.6    0:30   5.8   0.2   0.0   0.5   6.4    9:00     E

20  12.9  20.7   14:00   8.6   00:00   5.6   0.2   0.0   0.5   6.4    2:00     E

21  13.2  21.8   14:00   8.1    1:30   5.4   0.3   0.0   0.0   6.4    8:30   ESE

22  16.1  23.3   14:00  10.8    2:00   3.1   0.9   0.0   0.0   6.4   11:30   ESE

23  13.7  16.8   14:30  11.8   22:00   4.6   0.0   0.0   0.3   8.0    5:00    NE

24  13.8  16.4   10:30  11.6    2:00   4.4   0.0   2.0   0.2   6.4    9:00    SE

25  12.7  15.2   14:30  11.6    2:00   5.6   0.0   5.4   0.0   3.2    5:00     E

26  12.9  15.0    9:00  11.6   23:30   5.4   0.0  24.4   0.3   9.7   13:30   WSW

27  13.2  14.3   18:30  11.7    0:30   5.1   0.0  51.6   1.0  11.3   20:30   NNW

28  15.6  18.2   14:00  13.6    0:30   2.8   0.0  11.0   1.6  12.9    8:30     N

29  17.1  22.1   13:30  12.5   22:30   1.9   0.7   0.2   1.0   9.7   12:30     N

30  15.3  21.9   14:30  11.0   00:00   3.6   0.6   0.0   0.3   8.0   12:00     E

-------------------------------------------------------------------------------------

    14.5  23.3    16     7.8    18   119.8   7.4 221.4   0.6  22.5     5       E



Max >=  32.0:  0

Max <=   0.0:  0

Min <=   0.0:  0

Min <= -18.0:  0

Max Rain: 66.19 ON 02/06/12

Days of Rain: 12 (> .2 mm) 10 (> 2 mm) 4 (> 20 mm)

Heat Base:  18.3  Cool Base:  18.3  Method: Integration