NOAA-Style Climate Reports

Select a Year or Month report
2020: Jan Feb Mar Apr May Jun Jul Aug Sep Oct Nov Dec
2019: Jan Feb Mar Apr May Jun Jul Aug Sep Oct Nov Dec
2018: Jan Feb Mar Apr May Jun Jul Aug Sep Oct Nov Dec
2017: Jan Feb Mar Apr May Jun Jul Aug Sep Oct Nov Dec
2016: Jan Feb Mar Apr May Jun Jul Aug Sep Oct Nov Dec
2015: Jan Feb Mar Apr May Jun Jul Aug Sep Oct Nov Dec
2014: Jan Feb Mar Apr May Jun Jul Aug Sep Oct Nov Dec
2013: Jan Feb Mar Apr May Jun Jul Aug Sep Oct Nov Dec
2012: Jan Feb Mar Apr May Jun Jul Aug Sep Oct Nov Dec
2011: Jan Feb Mar Apr May Jun Jul Aug Sep Oct Nov Dec
2010: Jan Feb Mar Apr May Jun Jul Aug Sep Oct Nov Dec

Report for 2012 May
                   MONTHLY CLIMATOLOGICAL SUMMARY for MAY. 2012



NAME: Wamuran   CITY: Wamuran   STATE: Queensland 

ELEV:    75 m  LAT:  27° 00' 16" S  LONG: 152° 51' 49" E



                   TEMPERATURE (°C), RAIN  (mm), WIND SPEED (km/hr)



                                      HEAT  COOL        AVG

    MEAN                              DEG   DEG         WIND                 DOM

DAY TEMP  HIGH   TIME   LOW    TIME   DAYS  DAYS  RAIN  SPEED HIGH   TIME    DIR

------------------------------------------------------------------------------------

 1  17.7  22.1   12:30  14.8    0:30   1.2   0.6   5.8   0.5   8.0    9:30     N

 2  18.3  22.4   14:30  16.2    7:00   0.8   0.8   1.0   0.0   8.0   10:00     W

 3  18.9  23.7   15:00  15.3    7:00   0.8   1.4   2.0   0.0   8.0   13:30   WSW

 4  18.4  23.1   12:30  15.4   00:00   1.0   1.1   0.0   0.0   8.0   12:30   WSW

 5  17.3  24.2   14:30  13.4   19:30   2.3   1.3   0.0   0.3   9.7   13:00     E

 6  15.2  23.8   14:30   9.8   00:00   4.0   0.8   0.0   0.3   6.4    2:30     E

 7  15.8  25.6   15:00   9.8    0:30   3.7   1.2   0.0   0.2   6.4    8:30     E

 8  16.3  25.6   14:30  11.2    3:30   3.2   1.2   0.0   0.0   6.4   11:00     E

 9  16.7  25.4   14:30  12.4    1:30   2.9   1.3   0.0   0.2   6.4   14:30     E

10  17.1  25.7   14:00  12.6    4:30   2.6   1.4   0.0   0.0   8.0   16:00   ENE

11  16.9  25.6   14:00  12.1    5:30   2.7   1.3   0.0   0.0   4.8    8:30   ESE

12  17.4  26.3   14:00  12.9    3:30   2.5   1.6   0.0   0.2   6.4   11:30     E

13  19.2  25.7   14:00  13.4   23:30   1.0   1.9   0.0   1.0  17.7   13:30   ENE

14  12.9  20.2   14:30   7.6   23:30   5.5   0.1   0.0   0.5  11.3    1:30     E

15  13.6  22.8   14:00   7.5    1:00   5.3   0.5   0.0   0.3   6.4    4:30     E

16  14.6  22.6   14:00  10.4    2:00   4.4   0.6   0.0   0.3   9.7   10:30     E

17  15.1  22.9   13:30   9.9    3:30   3.9   0.7   0.0   0.2   8.0   13:30     E

18  15.2  22.1   13:00  11.5   00:00   3.7   0.5   0.0   0.2   8.0   12:30     E

19  15.1  23.4   14:00  10.8    2:00   4.0   0.8   0.0   0.0   4.8   11:00   ESE

20  14.9  23.2   14:00  10.7    6:00   4.0   0.7   0.0   0.2   8.0   14:00     E

21  14.9  21.6   13:00  10.0    5:00   3.8   0.5   0.0   0.0   8.0   14:30     E

22  16.2  23.6   13:30  12.4    5:30   3.0   0.8   0.0   0.2   6.4   12:30     E

23  16.3  22.7   13:00  11.7    5:00   2.8   0.8   0.0   0.2   4.8    6:00     E

24  17.2  22.2   14:30  13.9    2:00   1.7   0.7   0.4   0.0   4.8   13:30   SSW

25  16.4  19.5   10:30  11.0   00:00   2.0   0.1  11.4   0.2   6.4   11:00    SW

26  12.9  18.4   14:00   9.0   00:00   5.4   0.0   0.0   1.3  12.9    6:30   ENE

27  12.6  20.7   14:00   7.6    1:00   5.9   0.2   0.0   0.5   9.7    2:30     E

28  14.1  21.3   14:00   9.1    3:30   4.6   0.4   0.0   0.5   9.7   14:30     N

29  16.2  21.0   11:30  11.4    2:30   2.7   0.6   0.8   0.8  16.1   14:00     N

30  16.8  21.9   13:30  13.9    0:30   2.0   0.5   1.0   0.8  17.7   16:00     N

31  16.1  19.8   13:30  14.1   00:00   2.4   0.1   9.6   0.8  11.3   14:00   NNW

-------------------------------------------------------------------------------------

    16.0  26.3    12     7.5    15    95.8  24.9  32.0   0.3  17.7    13       E



Max >=  32.0:  0

Max <=   0.0:  0

Min <=   0.0:  0

Min <= -18.0:  0

Max Rain: 11.40 ON 25/05/12

Days of Rain: 8 (> .2 mm) 4 (> 2 mm) 0 (> 20 mm)

Heat Base:  18.3  Cool Base:  18.3  Method: Integration