NOAA-Style Climate Reports

Select a Year or Month report
2020: Jan Feb Mar Apr May Jun Jul Aug Sep Oct Nov Dec
2019: Jan Feb Mar Apr May Jun Jul Aug Sep Oct Nov Dec
2018: Jan Feb Mar Apr May Jun Jul Aug Sep Oct Nov Dec
2017: Jan Feb Mar Apr May Jun Jul Aug Sep Oct Nov Dec
2016: Jan Feb Mar Apr May Jun Jul Aug Sep Oct Nov Dec
2015: Jan Feb Mar Apr May Jun Jul Aug Sep Oct Nov Dec
2014: Jan Feb Mar Apr May Jun Jul Aug Sep Oct Nov Dec
2013: Jan Feb Mar Apr May Jun Jul Aug Sep Oct Nov Dec
2012: Jan Feb Mar Apr May Jun Jul Aug Sep Oct Nov Dec
2011: Jan Feb Mar Apr May Jun Jul Aug Sep Oct Nov Dec
2010: Jan Feb Mar Apr May Jun Jul Aug Sep Oct Nov Dec

Report for 2012 April
                   MONTHLY CLIMATOLOGICAL SUMMARY for APR. 2012



NAME: Wamuran   CITY: Wamuran   STATE: Queensland 

ELEV:    75 m  LAT:  27° 00' 16" S  LONG: 152° 51' 49" E



                   TEMPERATURE (°C), RAIN  (mm), WIND SPEED (km/hr)



                                      HEAT  COOL        AVG

    MEAN                              DEG   DEG         WIND                 DOM

DAY TEMP  HIGH   TIME   LOW    TIME   DAYS  DAYS  RAIN  SPEED HIGH   TIME    DIR

------------------------------------------------------------------------------------

 1  20.6  27.2   13:00  15.8    5:30   0.7   3.0   0.0   0.5   8.0   10:00     N

 2  21.1  28.1   13:30  15.6    3:30   0.6   3.5   0.0   0.5   8.0   13:00     N

 3  21.4  28.9   13:30  16.7    4:00   0.4   3.4   0.0   0.3   9.7   15:30     N

 4  21.0  27.4   11:30  15.6    6:30   0.7   3.4   0.0   0.6  12.9   14:30     N

 5  21.1  26.8   14:00  16.6    6:30   0.3   3.1   0.0   0.5  11.3   13:00     N

 6  20.4  26.6   14:30  15.7    6:00   0.6   2.7   0.0   0.6   9.7   16:00     N

 7  20.3  27.9   14:00  15.6    2:00   0.9   2.9   0.0   0.2   6.4    8:00   ESE

 8  19.7  25.8   11:00  14.8    6:30   1.0   2.4   0.6   0.3   8.0   11:00     N

 9  21.4  29.1   14:00  15.7    2:00   0.6   3.8   0.2   0.2   6.4   11:30   ESE

10  20.4  27.2   13:30  13.1   00:00   0.5   2.6   0.0   1.0  16.1   17:00     N

11  17.4  23.2   14:00  11.4    3:30   2.2   1.3   0.0   1.0  14.5   14:30     N

12  17.5  23.8   14:00  12.9    6:00   2.0   1.2   4.0   1.1  19.3   17:00     N

13  18.7  23.7   13:30  14.2    3:00   1.2   1.5   2.6   0.8  17.7   16:30     N

14  19.0  23.8   14:00  15.9    3:00   0.7   1.4   1.8   0.2  12.9   11:30     N

15  20.3  25.5   14:30  17.2    0:30   0.0   2.0   7.8   0.2   9.7   14:30     N

16  20.4  25.6   14:00  17.0    3:00   0.3   2.4   0.2   0.0   8.0   16:00    SW

17  19.8  24.6   14:30  17.6    8:00   0.0   1.6  11.4   0.0   9.7   15:00    SE

18  20.1  25.8   14:00  16.9   22:30   0.3   2.1   0.0   0.2   8.0   14:00     E

19  20.4  28.1   14:30  17.0    7:00   0.4   2.5   0.0   0.2   8.0    8:30   ENE

20  21.1  26.6   13:00  17.3    2:30   0.2   2.9   0.0   0.2   6.4    8:30     E

21  21.3  28.7   14:00  16.8    6:30   0.2   3.2   0.0   0.2   9.7   14:30     E

22  20.7  27.6   14:00  16.9    4:00   0.3   2.6   0.0   0.2   6.4   12:30     E

23  21.0  28.1   14:30  15.9    5:30   0.5   3.2   0.0   0.0   8.0   12:30   WSW

24  21.3  27.2   13:30  18.5    4:00   0.0   3.0   0.0   0.0   8.0   10:30     N

25  18.9  22.4   11:00  14.7   00:00   0.5   1.0   0.0   0.2   8.0   23:30   ENE

26  15.7  23.8   14:30  10.6    6:30   3.4   0.8   0.0   0.5   9.7    3:00     E

27  17.1  20.7   13:00  13.4    0:30   1.6   0.4  12.8   0.2   4.8    7:00     E

28  17.7  19.1   15:00  16.8    6:00   0.7   0.1  70.2   0.2   8.0    2:30     N

29  18.7  23.1   12:00  16.1   00:00   0.6   1.0   2.6   0.0   4.8   20:00     E

30  18.5  23.2   14:00  14.4   23:30   1.1   1.4   0.0   0.8  12.9   15:00     N

-------------------------------------------------------------------------------------

    19.8  29.1     9    10.6    26    22.4  66.3 114.2   0.3  19.3    12       N



Max >=  32.0:  0

Max <=   0.0:  0

Min <=   0.0:  0

Min <= -18.0:  0

Max Rain: 70.21 ON 28/04/12

Days of Rain: 11 (> .2 mm) 7 (> 2 mm) 1 (> 20 mm)

Heat Base:  18.3  Cool Base:  18.3  Method: Integration