NOAA-Style Climate Reports

Select a Year or Month report
2019: Jan Feb Mar Apr May Jun Jul Aug Sep Oct Nov Dec
2018: Jan Feb Mar Apr May Jun Jul Aug Sep Oct Nov Dec
2017: Jan Feb Mar Apr May Jun Jul Aug Sep Oct Nov Dec
2016: Jan Feb Mar Apr May Jun Jul Aug Sep Oct Nov Dec
2015: Jan Feb Mar Apr May Jun Jul Aug Sep Oct Nov Dec
2014: Jan Feb Mar Apr May Jun Jul Aug Sep Oct Nov Dec
2013: Jan Feb Mar Apr May Jun Jul Aug Sep Oct Nov Dec
2012: Jan Feb Mar Apr May Jun Jul Aug Sep Oct Nov Dec
2011: Jan Feb Mar Apr May Jun Jul Aug Sep Oct Nov Dec
2010: Jan Feb Mar Apr May Jun Jul Aug Sep Oct Nov Dec

Report for 2012 March
                   MONTHLY CLIMATOLOGICAL SUMMARY for MAR. 2012

NAME: Wamuran   CITY: Wamuran   STATE: Queensland 
ELEV:    75 m  LAT:  27° 00' 16" S  LONG: 152° 51' 49" E

                   TEMPERATURE (°C), RAIN  (mm), WIND SPEED (km/hr)

                                      HEAT  COOL        AVG
    MEAN                              DEG   DEG         WIND                 DOM
DAY TEMP  HIGH   TIME   LOW    TIME   DAYS  DAYS  RAIN  SPEED HIGH   TIME    DIR
------------------------------------------------------------------------------------
 1  24.0  31.7   13:00  18.6    5:30   0.0   5.7   0.0   0.3   6.4    9:30   ESE
 2  24.2  32.9   13:30  18.3    4:30   0.0   5.9   0.0   0.3  11.3   16:30   WSW
 3  23.8  29.7   14:00  19.5    6:00   0.0   5.5   0.0   0.5  11.3   14:30   WSW
 4  23.2  29.7   12:30  20.1    3:00   0.0   4.9  30.4   0.3  11.3   11:30     N
 5  23.4  24.1   12:00  22.2   00:00   0.0   5.1  81.0   0.6  14.5   12:30     N
 6  21.8  24.1   10:30  18.4   23:00   0.0   3.5  15.0   0.8   9.7   11:30     N
 7  21.8  27.3   14:00  17.9    6:30   0.0   3.5   0.2   0.6  11.3   10:30     N
 8  22.3  29.1   13:00  17.3    6:30   0.1   4.0   0.0   0.3   6.4   10:30   WSW
 9  22.7  30.3   14:00  16.3   00:00   0.2   4.6   0.0   0.5   8.0    7:30   ESE
10  22.4  31.2   13:30  15.4    2:30   0.6   4.7   0.0   0.5   6.4    8:30   ESE
11  22.0  28.6   12:00  18.4   23:30   0.0   3.7   0.0   0.5  11.3   13:30     N
12  21.8  27.8   11:30  17.3   00:00   0.1   3.6   0.0   0.5  14.5   12:00   NNE
13  21.8  27.3   12:30  17.2    1:00   0.1   3.6   5.8   1.0  16.1   13:00   NNE
14  20.9  24.0   16:00  19.4    0:30   0.0   2.6  24.2   0.0   8.0    6:30     N
15  21.9  26.4   11:00  19.2    6:00   0.0   3.6   7.4   0.2   9.7   13:30     N
16  22.9  28.2   13:00  18.7    6:00   0.0   4.6   0.6   0.5  11.3   14:00   NNE
17  22.3  25.7   12:30  19.2   21:00   0.0   4.0  37.2   0.0   8.0   19:30   ESE
18  21.1  23.4   13:00  18.6   00:00   0.0   2.7   4.0   0.3  11.3   13:30     N
19  21.3  27.1   14:00  16.9    3:00   0.1   3.1   1.4   0.8  12.9   14:30     N
20  22.5  27.1   13:00  19.8    2:00   0.0   4.2   5.6   0.5  20.9   11:00     N
21  21.9  25.3   13:00  19.9    6:00   0.0   3.7   4.8   0.0   1.6   18:30    NE
22  21.1  22.2   10:00  19.5   22:00   0.0   2.7  48.6   0.0   1.6    4:30     N
23  22.2  27.6   16:30  19.7    0:30   0.0   3.9   4.8   0.2  32.2   11:00   ESE
24  22.1  26.8   12:00  17.4    7:00   0.0   3.8   0.0   1.0  12.9    0:30     N
25  21.2  25.2   11:00  16.8   00:00   0.1   3.0   0.0   1.0  12.9   11:00     N
26  20.0  26.3   13:30  15.2    6:00   0.8   2.5   0.0   0.8  14.5   11:00     N
27  20.2  26.1   13:00  15.3    5:30   0.8   2.6   0.4   1.0  14.5   11:30     N
28  20.4  25.8   11:30  16.2    6:30   0.4   2.6   0.6   0.8  14.5   11:00     N
29  20.3  26.4   13:30  15.9    6:00   0.6   2.6   0.0   0.6  16.1   16:00     N
30  20.7  27.1   13:30  15.9    6:00   0.6   3.0   0.0   0.6  12.9   14:30     N
31  20.9  27.9   14:00  16.0    6:30   0.5   3.2   0.0   0.6  11.3   14:30     N
-------------------------------------------------------------------------------------
    21.9  32.9     2    15.2    26     5.0 116.9 272.0   0.5  32.2    23       N

Max >=  32.0:  1
Max <=   0.0:  0
Min <=   0.0:  0
Min <= -18.0:  0
Max Rain: 81.00 ON 05/03/12
Days of Rain: 17 (> .2 mm) 12 (> 2 mm) 5 (> 20 mm)
Heat Base:  18.3  Cool Base:  18.3  Method: Integration