NOAA-Style Climate Reports

Select a Year or Month report
2020: Jan Feb Mar Apr May Jun Jul Aug Sep Oct Nov Dec
2019: Jan Feb Mar Apr May Jun Jul Aug Sep Oct Nov Dec
2018: Jan Feb Mar Apr May Jun Jul Aug Sep Oct Nov Dec
2017: Jan Feb Mar Apr May Jun Jul Aug Sep Oct Nov Dec
2016: Jan Feb Mar Apr May Jun Jul Aug Sep Oct Nov Dec
2015: Jan Feb Mar Apr May Jun Jul Aug Sep Oct Nov Dec
2014: Jan Feb Mar Apr May Jun Jul Aug Sep Oct Nov Dec
2013: Jan Feb Mar Apr May Jun Jul Aug Sep Oct Nov Dec
2012: Jan Feb Mar Apr May Jun Jul Aug Sep Oct Nov Dec
2011: Jan Feb Mar Apr May Jun Jul Aug Sep Oct Nov Dec
2010: Jan Feb Mar Apr May Jun Jul Aug Sep Oct Nov Dec

Report for 2012 February
                   MONTHLY CLIMATOLOGICAL SUMMARY for FEB. 2012



NAME: Wamuran   CITY: Wamuran   STATE: Queensland 

ELEV:    75 m  LAT:  27° 00' 16" S  LONG: 152° 51' 49" E



                   TEMPERATURE (°C), RAIN  (mm), WIND SPEED (km/hr)



                                      HEAT  COOL        AVG

    MEAN                              DEG   DEG         WIND                 DOM

DAY TEMP  HIGH   TIME   LOW    TIME   DAYS  DAYS  RAIN  SPEED HIGH   TIME    DIR

------------------------------------------------------------------------------------

 1  25.1  31.6   11:30  20.7   00:00   0.0   6.8   0.0   0.5  12.9   12:30   WSW

 2  22.2  26.8   15:30  18.9   00:00   0.0   3.9   8.4   0.2   9.7   10:00   WSW

 3  21.8  26.9   11:00  18.6    5:00   0.0   3.6   1.4   0.0   6.4   14:00     N

 4  23.8  29.7   13:00  19.2   00:00   0.0   5.5   0.0   0.5   9.7   15:00   NNE

 5  24.2  31.3   13:30  18.3    3:30   0.0   5.9   0.0   0.5   8.0   16:00   WSW

 6  25.9  33.7   14:00  20.1    3:30   0.0   7.6   0.0   0.3   6.4    9:00     E

 7  24.6  30.3   12:00  20.1   20:00   0.0   6.3   1.4   0.5  12.9   18:00   WSW

 8  23.1  31.2   13:30  20.3   00:00   0.0   4.8  33.4   0.2   8.0   13:30   ESE

 9  23.6  30.1   13:00  18.9    6:00   0.0   5.3   0.0   0.8  11.3   14:00   NNE

10  23.3  29.4   12:30  17.8    6:00   0.0   5.0   0.0   0.5  11.3   11:00   NNE

11  24.2  31.6   14:00  17.9    6:00   0.0   6.0   7.2   0.5  11.3   12:00   WSW

12  24.1  32.8   13:30  19.5    6:00   0.0   5.8  74.4   0.5  17.7   18:00   ESE

13  23.6  31.7   12:00  19.6    6:00   0.0   5.2  10.0   0.3   9.7   18:30   ESE

14  23.6  28.8   12:30  18.8    3:00   0.0   5.3   0.2   1.0  16.1   14:00   NNE

15  23.7  28.8   12:30  19.2    6:00   0.0   5.4   0.0   0.8  16.1   14:30   NNE

16  23.5  28.2   14:00  19.4    6:30   0.0   5.2   0.0   1.0  16.1   12:30   NNE

17  23.7  29.6   11:30  19.2    2:00   0.0   5.4   0.0   1.0  17.7   11:00   NNE

18  23.3  28.1   11:30  18.9    2:00   0.0   5.0   0.0   0.5  11.3   12:30     N

19  25.1  30.9   13:00  21.1    6:00   0.0   6.8   1.0   0.3   8.0   13:30   WSW

20  25.4  33.6   13:30  19.8    5:30   0.0   7.2   0.0   0.3   9.7   14:30   WSW

21  24.8  32.7   13:30  22.2    0:30   0.0   6.5   0.4   0.2   8.0   15:00     N

22  23.8  29.1   13:30  20.8    7:00   0.0   5.5  37.4   0.6  11.3   11:30     N

23  20.6  21.9   11:30  19.7   20:30   0.0   2.2  28.8   0.0   9.7   18:00    NE

24  20.7  22.6   14:00  19.4    6:30   0.0   2.4  83.0   0.8  12.9   21:00     N

25  24.4  27.9   12:00  22.1    0:30   0.0   6.1  34.6   0.6  14.5   11:30   WSW

26  23.5  27.5   14:30  20.2   00:00   0.0   5.2  13.0   0.5  12.9   11:00   WSW

27  23.5  29.7   11:30  19.3    3:00   0.0   5.2   0.4   0.5  11.3    9:30    SW

28  23.7  29.9   13:00  19.8    5:00   0.0   5.4   0.2   0.5  11.3    8:30   WSW

29  24.0  32.2   13:00  18.3    5:30   0.0   5.7   0.0   0.3   9.7   15:30   WSW

-------------------------------------------------------------------------------------

    23.7  33.7     6    17.8    10     0.0 156.2 335.2   0.5  17.7    12     WSW



Max >=  32.0:  5

Max <=   0.0:  0

Min <=   0.0:  0

Min <= -18.0:  0

Max Rain: 83.01 ON 24/02/12

Days of Rain: 17 (> .2 mm) 10 (> 2 mm) 6 (> 20 mm)

Heat Base:  18.3  Cool Base:  18.3  Method: Integration