NOAA-Style Climate Reports

Select a Year or Month report
2020: Jan Feb Mar Apr May Jun Jul Aug Sep Oct Nov Dec
2019: Jan Feb Mar Apr May Jun Jul Aug Sep Oct Nov Dec
2018: Jan Feb Mar Apr May Jun Jul Aug Sep Oct Nov Dec
2017: Jan Feb Mar Apr May Jun Jul Aug Sep Oct Nov Dec
2016: Jan Feb Mar Apr May Jun Jul Aug Sep Oct Nov Dec
2015: Jan Feb Mar Apr May Jun Jul Aug Sep Oct Nov Dec
2014: Jan Feb Mar Apr May Jun Jul Aug Sep Oct Nov Dec
2013: Jan Feb Mar Apr May Jun Jul Aug Sep Oct Nov Dec
2012: Jan Feb Mar Apr May Jun Jul Aug Sep Oct Nov Dec
2011: Jan Feb Mar Apr May Jun Jul Aug Sep Oct Nov Dec
2010: Jan Feb Mar Apr May Jun Jul Aug Sep Oct Nov Dec

Report for 2012 January
                   MONTHLY CLIMATOLOGICAL SUMMARY for JAN. 2012



NAME: Wamuran   CITY: Wamuran   STATE: Queensland 

ELEV:    75 m  LAT:  27° 00' 16" S  LONG: 152° 51' 49" E



                   TEMPERATURE (°C), RAIN  (mm), WIND SPEED (km/hr)



                                      HEAT  COOL        AVG

    MEAN                              DEG   DEG         WIND                 DOM

DAY TEMP  HIGH   TIME   LOW    TIME   DAYS  DAYS  RAIN  SPEED HIGH   TIME    DIR

------------------------------------------------------------------------------------

 1  21.6  27.4   11:30  15.8    5:30   0.5   3.7   0.0   1.3  14.5   12:30     N

 2  21.8  28.3   12:30  14.7    5:00   0.8   4.3   0.0   1.1  14.5   14:00   NNE

 3  21.9  28.9   13:00  16.7    5:30   0.3   4.0   0.0   0.8  11.3   17:30     N

 4  22.4  30.3   12:30  15.0    5:00   0.6   4.8   0.0   0.6  11.3   11:30   WSW

 5  22.3  28.9   11:00  16.7    5:00   0.2   4.2   0.0   0.5  12.9   14:30    SW

 6  23.7  31.1   13:30  17.3    4:00   0.1   5.5   0.0   0.5  11.3   15:30     W

 7  22.7  26.6   13:30  18.9    3:00   0.0   4.4   0.0   0.2   9.7   11:30   WSW

 8  25.4  32.9   13:00  19.1    5:00   0.0   7.2   0.0   0.6  11.3   14:30   WSW

 9  28.8  38.6   15:00  20.4    5:30   0.0  10.5   0.0   0.6  12.9   10:30     N

10  27.2  33.8   12:00  22.8    5:30   0.0   8.9   0.0   0.5  11.3   14:00   WSW

11  28.1  36.3   14:00  21.0   00:00   0.0   9.8   0.0   0.8  11.3   15:00     E

12  23.3  29.9   11:30  17.7    6:00   0.0   5.1   0.0   1.0  12.9   14:00     N

13  22.4  29.1   13:30  17.7   23:30   0.0   4.2   0.0   0.6  11.3   14:30   WSW

14  21.3  26.5   14:30  16.2    5:30   0.4   3.4   0.0   0.2   9.7   10:30     W

15  20.4  26.6    8:30  18.2    2:00   0.0   2.1  14.4   0.3   9.7    8:30     N

16  19.4  20.3    9:00  18.7   18:30   0.0   1.2 116.6   1.1  11.3   13:00     N

17  20.6  22.1   13:30  19.2   00:00   0.0   2.3  31.8   0.6  16.1    8:30     N

18  22.7  27.4   16:30  17.9    5:30   0.0   4.4   0.8   0.0   6.4   14:30   WSW

19  24.8  30.8   12:00  19.6    5:30   0.0   6.5   4.0   0.8  12.9   16:00   NNE

20  23.3  29.1   12:30  18.5    5:30   0.0   5.0   0.0   0.8  14.5   13:30   NNE

21  23.8  30.3   12:00  18.9    6:00   0.0   5.5   1.2   1.0  14.5   14:00     N

22  23.7  28.7   13:30  19.2    5:00   0.0   5.3   1.4   1.4  19.3   15:30     N

23  22.2  27.3   12:00  20.0   16:00   0.0   3.9  23.8   0.6  14.5   12:30     N

24  21.8  23.6   11:00  20.9    1:30   0.0   3.5 138.0   0.5   8.0   14:30     N

25  22.6  25.1   16:00  21.2    3:30   0.0   4.3  32.8   0.0   6.4   14:00   WSW

26  24.9  30.9   11:30  21.3    5:30   0.0   6.6   0.2   0.2   9.7   12:00   WSW

27  22.9  24.4   11:30  21.6   00:00   0.0   4.6 161.2   0.5  16.1   00:00     N

28  22.9  25.2   12:00  20.9    1:00   0.0   4.6   4.0   0.3  11.3   10:00   WSW

29  23.1  26.8   15:00  21.2    3:30   0.0   4.7  14.8   0.2  14.5   13:30   WSW

30  23.7  27.7   15:00  21.2   00:00   0.0   5.4   4.0   0.0   4.8   10:00   WSW

31  24.6  31.0   11:00  21.2   23:30   0.0   6.3   0.2   0.0   8.0   17:00   WSW

-------------------------------------------------------------------------------------

    23.2  38.6     9    14.7     2     2.9 156.0 549.1   0.6  19.3    22       N



Max >=  32.0:  4

Max <=   0.0:  0

Min <=   0.0:  0

Min <= -18.0:  0

Max Rain: 161.19 ON 27/01/12

Days of Rain: 16 (> .2 mm) 11 (> 2 mm) 6 (> 20 mm)

Heat Base:  18.3  Cool Base:  18.3  Method: Integration