NOAA-Style Climate Reports

Select a Year or Month report
2020: Jan Feb Mar Apr May Jun Jul Aug Sep Oct Nov Dec
2019: Jan Feb Mar Apr May Jun Jul Aug Sep Oct Nov Dec
2018: Jan Feb Mar Apr May Jun Jul Aug Sep Oct Nov Dec
2017: Jan Feb Mar Apr May Jun Jul Aug Sep Oct Nov Dec
2016: Jan Feb Mar Apr May Jun Jul Aug Sep Oct Nov Dec
2015: Jan Feb Mar Apr May Jun Jul Aug Sep Oct Nov Dec
2014: Jan Feb Mar Apr May Jun Jul Aug Sep Oct Nov Dec
2013: Jan Feb Mar Apr May Jun Jul Aug Sep Oct Nov Dec
2012: Jan Feb Mar Apr May Jun Jul Aug Sep Oct Nov Dec
2011: Jan Feb Mar Apr May Jun Jul Aug Sep Oct Nov Dec
2010: Jan Feb Mar Apr May Jun Jul Aug Sep Oct Nov Dec

Report for 2011 December
                   MONTHLY CLIMATOLOGICAL SUMMARY for DEC. 2011



NAME: Wamuran   CITY: Wamuran   STATE: Queensland 

ELEV:    75 m  LAT:  27° 00' 16" S  LONG: 152° 51' 49" E



                   TEMPERATURE (°C), RAIN  (mm), WIND SPEED (km/hr)



                                      HEAT  COOL        AVG

    MEAN                              DEG   DEG         WIND                 DOM

DAY TEMP  HIGH   TIME   LOW    TIME   DAYS  DAYS  RAIN  SPEED HIGH   TIME    DIR

------------------------------------------------------------------------------------

 1  21.8  28.7   12:30  16.2   00:00   0.3   3.8  48.6   0.3  12.9   16:30   ESE

 2  19.6  24.7   13:00  14.8    2:30   0.8   2.1   0.2   1.0  17.7   18:30    NW

 3  20.4  26.7   14:00  14.9    2:00   0.9   3.0   0.0   1.0  12.9    7:30    NW

 4  21.2  29.1   13:00  14.7    5:00   0.6   3.6   0.0   0.2   8.0   11:00    SW

 5  19.9  24.8   12:00  16.2   00:00   0.4   2.0   2.8   1.9  17.7   14:30    NW

 6  18.4  21.1    9:30  16.2    0:30   0.6   0.7   0.4   1.6  17.7   16:30     N

 7  17.1  17.7   17:00  15.8    6:00   1.2   0.0  35.8   0.5   8.0   13:00     N

 8  20.3  24.5   10:00  17.2    0:30   0.2   2.2   8.0   1.3  12.9   11:00     N

 9  21.8  28.1   12:30  14.9    5:00   0.6   4.1   0.0   0.8   9.7    8:00     N

10  20.7  26.5   16:00  17.5   00:00   0.0   2.5  39.4   0.2  32.2   17:30   WSW

11  23.1  33.0   12:00  17.1    2:00   0.2   5.0  28.0   0.5   8.0    9:30    SW

12  25.4  32.1   16:00  20.2   00:00   0.0   7.1   0.6   1.0  14.5   12:30   ENE

13  23.8  32.3   12:00  18.1    3:30   0.0   5.5   0.0   0.8  14.5   14:30   WSW

14  23.1  30.4   12:00  19.1    2:00   0.0   4.8   2.4   0.6  12.9   13:30   WSW

15  20.1  25.6   12:00  18.4   22:30   0.0   1.8   5.0   1.0  14.5   13:30     N

16  20.7  26.1   13:00  16.3   00:00   0.2   2.6   1.0   1.0  14.5   11:00     N

17  20.8  26.7   13:00  14.8    5:00   0.7   3.2   0.0   1.3  17.7   14:30     N

18  19.4  25.2   11:00  15.0    2:30   0.9   2.0   0.4   0.5  14.5   12:30     N

19  20.7  28.1   12:00  14.7    3:30   0.9   3.3   0.0   0.5   9.7   14:00   WSW

20  22.8  30.7   12:30  16.1    5:30   0.3   4.8   0.0   0.8  11.3   11:30   WSW

21  22.3  27.9   14:00  17.2    1:30   0.2   4.1   0.0   0.5  12.9   15:30   WSW

22  22.7  27.6   10:30  17.4    0:30   0.0   4.5   3.6   0.6  14.5   16:00     N

23  21.8  26.8   10:00  19.8    0:30   0.0   3.5  65.2   1.1  14.5   10:00     N

24  21.4  24.7   15:30  19.4   22:00   0.0   3.1  56.8   0.8  14.5   13:00     N

25  22.3  27.6   13:30  16.7   00:00   0.1   4.1   0.4   1.6  20.9   15:00     N

26  23.7  31.7   14:30  16.2    3:30   0.3   5.7   0.0   0.8   9.7   12:30     E

27  23.7  32.4   15:30  18.8    5:00   0.0   5.3   0.0   0.8  19.3   16:30     N

28  23.2  29.4   12:00  16.7    5:30   0.1   5.0   0.0   1.0  11.3   13:30     N

29  22.8  27.9   12:00  17.3    5:00   0.1   4.6   0.0   1.0  11.3   12:30     N

30  22.7  28.2   13:30  18.9   20:30   0.0   4.4   0.2   1.6  16.1   16:30     N

31  21.4  27.5   11:30  16.1    5:30   0.2   3.2   1.0   1.1  12.9   12:00     N

-------------------------------------------------------------------------------------

    21.6  33.0    11    14.7     4     9.9 111.6 299.8   0.9  32.2    10       N



Max >=  32.0:  4

Max <=   0.0:  0

Min <=   0.0:  0

Min <= -18.0:  0

Max Rain: 65.20 ON 23/12/11

Days of Rain: 19 (> .2 mm) 11 (> 2 mm) 6 (> 20 mm)

Heat Base:  18.3  Cool Base:  18.3  Method: Integration