NOAA-Style Climate Reports

Select a Year or Month report
2018: Jan Feb Mar Apr May Jun Jul Aug Sep Oct Nov Dec
2017: Jan Feb Mar Apr May Jun Jul Aug Sep Oct Nov Dec
2016: Jan Feb Mar Apr May Jun Jul Aug Sep Oct Nov Dec
2015: Jan Feb Mar Apr May Jun Jul Aug Sep Oct Nov Dec
2014: Jan Feb Mar Apr May Jun Jul Aug Sep Oct Nov Dec
2013: Jan Feb Mar Apr May Jun Jul Aug Sep Oct Nov Dec
2012: Jan Feb Mar Apr May Jun Jul Aug Sep Oct Nov Dec
2011: Jan Feb Mar Apr May Jun Jul Aug Sep Oct Nov Dec
2010: Jan Feb Mar Apr May Jun Jul Aug Sep Oct Nov Dec

Report for 2018 September
                   MONTHLY CLIMATOLOGICAL SUMMARY for SEP. 2018

NAME: Wamuran   CITY: Wamuran   STATE: Queensland 
ELEV:    75 m  LAT:  27° 00' 16" S  LONG: 152° 51' 49" E

                   TEMPERATURE (°C), RAIN  (mm), WIND SPEED (km/hr)

                                      HEAT  COOL        AVG
    MEAN                              DEG   DEG         WIND                 DOM
DAY TEMP  HIGH   TIME   LOW    TIME   DAYS  DAYS  RAIN  SPEED HIGH   TIME    DIR
------------------------------------------------------------------------------------
 1  18.4  25.9   3:00p  12.1   5:00a   2.1   2.2   0.0   0.3  20.9  10:30a    NE
 2  17.0  25.9   2:00p   9.8   6:30a   3.1   1.8   0.0   0.0   6.4   5:00p   NNE
 3  14.3  20.6  10:30a   9.4   6:00a   4.2   0.2   1.4   0.0   8.0  10:00a     N
 4  15.4  20.6  12:30p  12.7   6:00a   3.1   0.2   5.4   0.0  14.5   3:00p   NNE
 5  15.1  20.2   2:00p  12.1   4:00a   3.3   0.1   1.8   0.0   8.0   1:30p     S
 6  15.7  22.3   2:30p  11.3   3:00a   3.3   0.7   0.0   0.0   3.2   1:30p   SSE
 7  17.9  25.8   1:00p  11.3   4:00a   2.3   1.9   0.0   0.0  16.1   3:00p    SE
 8  19.7  25.9  12:30p  16.2   4:00a   0.6   2.0   0.4   0.0   6.4  12:00p    NE
 9  18.1  25.8   3:30p  12.6  10:30p   2.2   2.0   0.2   0.0  11.3   3:00p    NE
10  16.2  24.4   1:00p   9.1   6:00a   3.6   1.5   0.0   0.0  12.9   3:30p     N
11  16.6  24.1   1:30p  10.6   6:00a   3.1   1.4   0.0   0.0   6.4   2:30p    SW
12  16.5  25.2  12:30p  11.1   6:30a   3.2   1.4   0.0   0.0   1.6  10:00a    SW
13  17.6  27.5   1:00p  10.7   6:30a   2.9   2.2   0.0   0.0   6.4  10:00a    NE
14  17.7  27.0   1:30p  11.1   6:30a   2.7   2.1   0.0   0.0  16.1   3:00p    SE
15  18.9  29.7   1:30p  11.8   5:30a   2.3   3.0   0.0   0.0   4.8   3:30p   SSE
16  19.0  29.4   1:00p  11.6   4:00a   1.9   2.6   0.0   0.0  16.1   8:30a    NE
17  16.1  22.4  12:30p  11.0   5:30a   3.0   0.8   0.0   0.0  14.5   2:00p    NE
18  16.2  24.4   2:00p  10.4   6:00a   3.4   1.3   0.0   0.0   6.4   2:30p   SSE
19  18.6  28.4   1:30p  10.6   5:00a   2.4   2.7   0.0   0.0   8.0   4:00p   SSE
20  18.8  30.9  12:30p  12.1  12:00m   2.5   2.9   0.0   0.0  12.9   8:30a    NE
21  16.3  24.0   1:00p   9.7   6:00a   3.4   1.4   0.0   0.0  16.1  12:00p   SSE
22  16.8  24.6   2:30p   9.8   5:00a   2.4   1.4   0.0   0.0  11.3  10:30a   NNE
23
24
25
26
27
28
29
30
-------------------------------------------------------------------------------------
    17.1  30.9    20     9.1    10    61.1  35.8   9.2   0.0  20.9     1      NE

Max >=  32.0:  0
Max <=   0.0:  0
Min <=   0.0:  0
Min <= -18.0:  0
Max Rain: 5.41 ON 04/09/18
Days of Rain: 5 (> .2 mm) 1 (> 2 mm) 0 (> 20 mm)
Heat Base:  18.3  Cool Base:  18.3  Method: Integration