NOAA-Style Climate Reports

Select a Year or Month report
2022: Jan Feb Mar Apr May Jun Jul Aug Sep Oct Nov Dec
2021: Jan Feb Mar Apr May Jun Jul Aug Sep Oct Nov Dec
2020: Jan Feb Mar Apr May Jun Jul Aug Sep Oct Nov Dec
2019: Jan Feb Mar Apr May Jun Jul Aug Sep Oct Nov Dec
2018: Jan Feb Mar Apr May Jun Jul Aug Sep Oct Nov Dec
2017: Jan Feb Mar Apr May Jun Jul Aug Sep Oct Nov Dec
2016: Jan Feb Mar Apr May Jun Jul Aug Sep Oct Nov Dec
2015: Jan Feb Mar Apr May Jun Jul Aug Sep Oct Nov Dec
2014: Jan Feb Mar Apr May Jun Jul Aug Sep Oct Nov Dec
2013: Jan Feb Mar Apr May Jun Jul Aug Sep Oct Nov Dec
2012: Jan Feb Mar Apr May Jun Jul Aug Sep Oct Nov Dec
2011: Jan Feb Mar Apr May Jun Jul Aug Sep Oct Nov Dec
2010: Jan Feb Mar Apr May Jun Jul Aug Sep Oct Nov Dec

Report for 2022 January
                   MONTHLY CLIMATOLOGICAL SUMMARY for APR. 2021

NAME: Wamuran   CITY: Wamuran   STATE: Queensland 
ELEV:    75 m  LAT:  27° 00' 16" S  LONG: 152° 51' 49" E

                   TEMPERATURE (°C), RAIN  (mm), WIND SPEED (km/hr)

                                      HEAT  COOL        AVG
    MEAN                              DEG   DEG         WIND                 DOM
DAY TEMP  HIGH   TIME   LOW    TIME   DAYS  DAYS  RAIN  SPEED HIGH   TIME    DIR
------------------------------------------------------------------------------------
 1  19.8  24.3  11:00a  16.4   3:00a   0.2   1.5  18.0   0.0   0.0     ---   ---
 2  21.2  25.7   1:30p -67.8   1:30p   0.1   2.5  11.0   0.0   0.0     ---   ---
 3  20.7  22.8   3:00p  17.6   2:30a   0.0   2.0  18.4   0.0   0.0     ---   ---
 4  20.9  22.3  11:30a  19.6  12:30a   0.0   1.4  19.2   0.0   0.0     ---   ---
 5  21.4  22.2   3:00p  20.2   8:30a   0.0   2.1  55.0   0.0   0.0     ---   ---
 6  21.6  24.6   2:30p  19.7  10:00p   0.0   2.3  25.2   0.0   0.0     ---   ---
 7   7.7  24.8   4:00p -67.8  12:00p  10.0   1.6  12.0   0.0   0.0     ---   ---
 8  -6.9  25.2  10:30a -67.8  10:30a  21.6   1.1  10.4   0.0   0.0     ---   ---
 9  -5.8  26.9   5:00p -67.8  11:00a  21.2   1.1   2.4   0.0   0.0     ---   ---
10  24.7  73.3  12:30p -67.8  11:00a   4.1   9.3  12.2   0.0   0.0     ---   ---
11  22.4  28.1   3:00p  15.3  11:30p   0.2   3.6  12.4   0.0   0.0     ---   ---
12  18.1  23.1   1:00p  13.4   7:30a   1.3   1.1   0.4   0.0   0.0     ---   ---
13  18.0  23.2  12:30p  13.1   7:30a   1.5   1.2   0.2   0.0   0.0     ---   ---
14  18.6  25.2   1:00p  12.8   1:30a   1.3   1.6   0.0   0.0   0.0     ---   ---
15  19.9  26.1   2:30p  14.3   2:30a   0.9   2.3   1.4   0.0   0.0     ---   ---
16  22.3  28.3   1:30p  14.8   1:30a   0.4   3.6   1.2   0.0   0.0     ---   ---
17  21.1  25.3   1:00p  16.7  12:00m   0.2   2.3   7.0   0.0   0.0     ---   ---
18  19.1  23.9   3:00p  14.4  12:00m   0.8   1.4   0.8   0.0   0.0     ---   ---
19  17.9  24.4   2:30p  13.4   2:00a   1.6   1.3   0.8   0.0   0.0     ---   ---
20  19.8  25.7   3:30p  13.6   2:30a   0.9   2.1   0.8   0.0   0.0     ---   ---
21  21.9  29.3   3:30p  13.8  11:30p   0.5   3.5   1.0   0.0   0.0     ---   ---
22  18.0  21.1   1:00p  13.3   7:30a   0.8   0.6   1.8   0.0   0.0     ---   ---
23  18.3  22.8  12:30p  12.3   8:30p   0.9   1.0   0.2   0.0   0.0     ---   ---
24 -40.5 -40.5   9:00a -40.5   9:00a  29.4   0.0   0.0   0.0   0.0     ---   ---
25 -40.5 -40.5   8:30a -40.5   8:30a  31.9   0.0   0.0   0.0   0.0     ---   ---
26 -40.5 -40.5   1:00a -40.5   1:00a  33.1   0.0   0.4   0.0   0.0     ---   ---
27 -40.5 -40.5  12:30a -40.5  12:30a  41.7   0.0   1.2   0.0   0.0     ---   ---
28 -40.5 -40.5  12:30a -40.5  12:30a  45.3   0.0   1.4   0.0   0.0     ---   ---
29 -40.5 -40.5  12:30a -40.5  12:30a  49.0   0.0   0.2   0.0   0.0     ---   ---
30 -40.5 -40.5  12:30a -40.5  12:30a  15.9   0.0   4.6   0.0   9.7  11:00a     S
-------------------------------------------------------------------------------------
     3.9  73.3    10   -67.8     2   314.7  50.6 219.5   0.0   9.7    30       S

Max >=  32.0:  1
Max <=   0.0:  7
Min <=   0.0: 12
Min <= -18.0: 12
Max Rain: 54.99 ON 05/04/21
Days of Rain: 27 (> .2 mm) 13 (> 2 mm) 2 (> 20 mm)
Heat Base:  18.3  Cool Base:  18.3  Method: Integration