NOAA-Style Climate Reports

Select a Year or Month report
2019: Jan Feb Mar Apr May Jun Jul Aug Sep Oct Nov Dec
2018: Jan Feb Mar Apr May Jun Jul Aug Sep Oct Nov Dec
2017: Jan Feb Mar Apr May Jun Jul Aug Sep Oct Nov Dec
2016: Jan Feb Mar Apr May Jun Jul Aug Sep Oct Nov Dec
2015: Jan Feb Mar Apr May Jun Jul Aug Sep Oct Nov Dec
2014: Jan Feb Mar Apr May Jun Jul Aug Sep Oct Nov Dec
2013: Jan Feb Mar Apr May Jun Jul Aug Sep Oct Nov Dec
2012: Jan Feb Mar Apr May Jun Jul Aug Sep Oct Nov Dec
2011: Jan Feb Mar Apr May Jun Jul Aug Sep Oct Nov Dec
2010: Jan Feb Mar Apr May Jun Jul Aug Sep Oct Nov Dec

Report for 2019 October
                   MONTHLY CLIMATOLOGICAL SUMMARY for OCT. 2019

NAME: Wamuran   CITY: Wamuran   STATE: Queensland 
ELEV:    75 m  LAT:  27° 00' 16" S  LONG: 152° 51' 49" E

                   TEMPERATURE (°C), RAIN  (mm), WIND SPEED (km/hr)

                                      HEAT  COOL        AVG
    MEAN                              DEG   DEG         WIND                 DOM
DAY TEMP  HIGH   TIME   LOW    TIME   DAYS  DAYS  RAIN  SPEED HIGH   TIME    DIR
------------------------------------------------------------------------------------
 1  18.2  23.7   1:30p  14.4   9:00p   0.8   0.8   0.0   0.3  16.1  11:00a     S
 2  17.7  35.6   4:00p -67.8   4:00p   0.9   0.6   0.2   0.0   3.2   8:30a    SW
 3  19.8  27.2   2:00p  10.1   6:30a   1.0   2.0   0.0   0.0   0.0     ---   ---
 4  21.2  28.9   1:30p  12.2   6:30a   0.8   2.8   0.0   0.0   0.0     ---   ---
 5  22.7  31.8   1:00p  11.8   6:30a   0.4   3.6   0.0   0.0   0.0     ---   ---
 6  22.3  29.3   2:00p  15.3  12:00m   0.2   3.2   0.0   0.0   0.0     ---   ---
 7  26.5  36.2  12:30p  14.5   6:30a   0.1   5.9   0.0   0.0   0.0     ---   ---
 8  29.7  36.9   1:00p  18.8   6:30a   0.0   7.6   0.0   0.0   0.0     ---   ---
 9  22.4  25.9   1:30p  18.0   6:30a   0.0   2.1   0.0   0.0   0.0     ---   ---
10  21.4  24.7   2:00p  17.6   7:30a   0.0   1.4   0.0   0.0   4.8   6:00p   SSW
11  19.4  25.3   1:30p  12.9   6:30a   0.4   1.0   1.4   0.2  25.7   3:30p     S
12  17.5  23.0   2:30p  11.8  10:30a   0.9   0.5   0.0   0.0   9.7  11:00a    NE
13  21.3  26.1   1:00p  11.9   6:30a   0.3   1.9   0.0   0.2  11.3   2:00p   SSW
14  23.2  26.9  12:30p  15.4   7:00a   0.1   2.5   0.0   0.3   9.7  12:30p    SW
15  26.6  30.1  12:30p  19.7   8:00a   0.0   3.5   0.0   0.3   8.0  10:30a     S
16  27.2  32.9   1:30p  20.2   6:00a   0.0   4.5   0.0   0.5   9.7   2:00p     S
17  25.9  34.9   1:30p  19.2  11:00p   0.0   5.4   0.0   0.5   9.7   8:00a     S
18  23.3  29.0  12:00p  18.1  11:30p   0.0   4.2   0.0   0.3  12.9   8:30a    NE
19  21.4  25.6   1:30p  18.1   1:00a   0.0   2.6   0.0   0.0   6.4   6:30a    NE
20  22.4  28.1  11:30a  16.3   5:30a   0.1   3.5   0.2   0.5  12.9   9:00a    NE
21  20.4  25.3  11:00a  14.8  11:30p   0.4   2.2   0.0   0.5  14.5   1:00p   SSW
22  20.2  27.4  12:00p  13.1   5:30a   1.0   2.6   0.0   0.3  11.3  11:00a   SSW
23  22.4  28.0  12:00p  13.3   1:30a   0.4   2.8   0.0   0.5  16.1  12:00p    NE
24
25
26
27
28
29
30
31
-------------------------------------------------------------------------------------
    22.3  36.9     8   -67.8     2     7.8  67.0   1.8   0.2  25.7    11       S

Max >=  32.0:  5
Max <=   0.0:  0
Min <=   0.0:  1
Min <= -18.0:  1
Max Rain: 1.40 ON 11/10/19
Days of Rain: 3 (> .2 mm) 0 (> 2 mm) 0 (> 20 mm)
Heat Base:  18.3  Cool Base:  18.3  Method: Integration