NOAA-Style Climate Reports

Select a Year or Month report
2019: Jan Feb Mar Apr May Jun Jul Aug Sep Oct Nov Dec
2018: Jan Feb Mar Apr May Jun Jul Aug Sep Oct Nov Dec
2017: Jan Feb Mar Apr May Jun Jul Aug Sep Oct Nov Dec
2016: Jan Feb Mar Apr May Jun Jul Aug Sep Oct Nov Dec
2015: Jan Feb Mar Apr May Jun Jul Aug Sep Oct Nov Dec
2014: Jan Feb Mar Apr May Jun Jul Aug Sep Oct Nov Dec
2013: Jan Feb Mar Apr May Jun Jul Aug Sep Oct Nov Dec
2012: Jan Feb Mar Apr May Jun Jul Aug Sep Oct Nov Dec
2011: Jan Feb Mar Apr May Jun Jul Aug Sep Oct Nov Dec
2010: Jan Feb Mar Apr May Jun Jul Aug Sep Oct Nov Dec

Report for 2019 April
                   MONTHLY CLIMATOLOGICAL SUMMARY for APR. 2019

NAME: Wamuran   CITY: Wamuran   STATE: Queensland 
ELEV:    75 m  LAT:  27° 00' 16" S  LONG: 152° 51' 49" E

                   TEMPERATURE (°C), RAIN  (mm), WIND SPEED (km/hr)

                                      HEAT  COOL        AVG
    MEAN                              DEG   DEG         WIND                 DOM
DAY TEMP  HIGH   TIME   LOW    TIME   DAYS  DAYS  RAIN  SPEED HIGH   TIME    DIR
------------------------------------------------------------------------------------
 1  19.3  25.6  12:00p  14.2  12:30a   1.3   2.3   0.0   0.0  16.1   1:30p   SSW
 2  21.1  27.6  12:30p  16.4   2:30a   0.3   3.1   3.4   0.2  14.5  11:00a   ENE
 3  20.8  24.8  10:00a  17.4  12:00m   0.0   2.5   2.0   0.2  11.3   7:00a    NE
 4  20.9  25.8  11:30a  16.3  12:00m   0.1   2.8   4.0   0.0  14.5   9:00a   SSW
 5  20.7  26.7  12:30p  15.6   1:30a   0.5   2.8   1.4   0.0  12.9  12:00p    NE
 6  20.9  27.2  12:30p  16.4  12:00m   0.2   2.8   0.8   0.0   8.0  12:00p    NE
 7  20.9  28.7  12:30p  16.3   3:30a   0.6   3.2   0.0   0.0   4.8  12:00p   SSW
 8  20.9  28.7   1:00p  15.6   5:00a   0.7   3.3   0.0   0.0   4.8  12:30p   SSW
 9  21.6  29.4   1:00p  15.9   5:30a   0.5   3.8   0.0   0.0   4.8  11:30a   SSW
10  21.7  26.8  11:30a  17.1   3:00a   0.2   3.6   0.0   0.0  14.5   1:30p    NE
11  20.4  25.1   1:00p  15.8  12:00m   0.3   2.4   2.8   0.0   9.7  12:00p    NE
12  19.2  24.7   3:00p  14.6   5:00a   0.9   1.8   1.2   0.0  12.9   2:00p     S
13  19.5  25.4  11:00a  14.6   5:30a   1.2   2.4   0.0   0.0  14.5   2:00p     S
14  19.3  26.4  12:30p  14.7   6:00a   1.2   2.2   0.0   0.0  12.9  10:00a    NE
15  19.3  25.1  12:30p  14.2   5:30a   1.1   2.1   0.0   0.0   8.0  10:00a    NE
16  19.3  24.8  12:00p  14.0   6:00a   1.0   2.0   0.4   0.0   9.7   9:00a    NE
17  19.8  25.8  11:30a  15.1   5:30a   0.8   2.3   0.0   0.0  12.9   1:00p    NE
18  20.7  26.9  12:30p  16.1   6:00a   0.4   2.8   0.2   0.0  12.9   2:00p    NE
19  21.2  25.9  11:30a  18.0   5:00a   0.0   2.9  35.0   0.3  20.9  12:00p    NE
20  21.5  25.4   1:30p  19.4   5:30a   0.0   3.2  35.6   0.0  12.9   1:30p    NE
21  21.1  24.8  10:30a  18.4  11:30p   0.0   2.8   5.6   0.0  12.9   2:00p   SSW
22  20.6  24.6  12:00p  17.9   4:30a   0.0   2.3  13.2   0.0  11.3  11:30a    NE
23  20.2  23.8   2:00p  17.4  12:00m   0.0   2.0   3.4   0.0  14.5   4:00p    NE
24  19.9  23.5   1:00p  17.1   3:00a   0.2   1.8   3.6   0.0  11.3   3:00p     S
25  20.6  25.3   1:00p  17.6  10:30p   0.1   2.4   0.0   0.0   6.4  10:00a   ENE
26  18.2  20.2   8:00a  17.4   5:30a   0.1   0.0   0.0   0.0   0.0     ---   ---
27
28
29
30
-------------------------------------------------------------------------------------
    20.4  29.4     9    14.0    16    11.9  65.6 112.6   0.0  20.9    19      NE

Max >=  32.0:  0
Max <=   0.0:  0
Min <=   0.0:  0
Min <= -18.0:  0
Max Rain: 35.61 ON 20/04/19
Days of Rain: 15 (> .2 mm) 10 (> 2 mm) 2 (> 20 mm)
Heat Base:  18.3  Cool Base:  18.3  Method: Integration