NOAA-Style Climate Reports

Select a Year or Month report
2018: Jan Feb Mar Apr May Jun Jul Aug Sep Oct Nov Dec
2017: Jan Feb Mar Apr May Jun Jul Aug Sep Oct Nov Dec
2016: Jan Feb Mar Apr May Jun Jul Aug Sep Oct Nov Dec
2015: Jan Feb Mar Apr May Jun Jul Aug Sep Oct Nov Dec
2014: Jan Feb Mar Apr May Jun Jul Aug Sep Oct Nov Dec
2013: Jan Feb Mar Apr May Jun Jul Aug Sep Oct Nov Dec
2012: Jan Feb Mar Apr May Jun Jul Aug Sep Oct Nov Dec
2011: Jan Feb Mar Apr May Jun Jul Aug Sep Oct Nov Dec
2010: Jan Feb Mar Apr May Jun Jul Aug Sep Oct Nov Dec

Report for 2018 June
                   MONTHLY CLIMATOLOGICAL SUMMARY for JUN. 2018

NAME: Wamuran   CITY: Wamuran   STATE: Queensland 
ELEV:    75 m  LAT:  27° 00' 16" S  LONG: 152° 51' 49" E

                   TEMPERATURE (°C), RAIN  (mm), WIND SPEED (km/hr)

                                      HEAT  COOL        AVG
    MEAN                              DEG   DEG         WIND                 DOM
DAY TEMP  HIGH   TIME   LOW    TIME   DAYS  DAYS  RAIN  SPEED HIGH   TIME    DIR
------------------------------------------------------------------------------------
 1  13.5  19.3   3:00p   8.7   8:00a   3.5   0.0   0.0   0.0   1.6   9:00a     S
 2  14.6  21.1   3:00p   9.6  12:30a   3.1   0.3   0.0   0.0   8.0   1:30p     S
 3  16.4  22.5   3:00p  11.5  12:00m   2.1   0.7   0.0   0.0   6.4   1:00a     S
 4  16.2  21.7   3:00p  10.8   1:00a   2.0   0.5   0.0   0.0   3.2   1:00p     S
 5  15.4  20.1   1:30p  10.8  12:00m   2.4   0.3   0.0   0.0   8.0   2:00p     S
 6  16.3  20.9   2:00p   9.8   8:00a   1.8   0.4   0.8   0.0   3.2  11:00a     S
 7  15.8  18.7   3:00p  11.6   1:00a   1.8   0.0   3.2   0.0   1.6   9:00a     N
 8  17.1  21.3   1:30p  14.3   8:00a   1.4   0.4   0.0   0.0   1.6   1:30p     S
 9  17.3  21.2   2:30p  14.2   8:30p   1.2   0.5   0.0   0.0   0.0     ---   ---
10  15.9  21.8   1:00p  11.7  11:00p   2.0   0.3   3.2   0.0  19.3   3:00p     S
11  14.6  20.1   2:30p  10.4  12:00m   3.0   0.2   0.0   0.0   1.6  11:30a     S
12  15.3  20.7   3:00p   9.9   1:30a   2.6   0.3   0.2   0.0   1.6  12:00p     S
13  18.1  23.9   1:30p   9.8   8:00a   1.3   1.1   0.0   0.0   8.0   6:30p     S
14  18.6  21.9   1:30p  14.7   8:00a   0.6   0.8   0.0   0.0   1.6  11:30a     S
15  15.8  21.3   2:30p  10.1  12:00m   2.2   0.5   0.0   0.0   8.0   1:30p     S
16  14.1  20.1   2:30p   9.0  10:30p   3.3   0.2   0.0   0.0  11.3  10:30a     S
17  12.9  18.5   2:00p   7.8  11:30p   3.9   0.0   0.0   0.2  16.1   4:00p     S
18  13.3  16.7   2:30p   6.8   1:00a   3.6   0.0   0.0   0.2  20.9  10:30p     S
19  14.4  17.8   2:00p   8.9   8:00a   2.9   0.0   0.0   0.0  14.5  11:30a     S
20  14.4  20.1   3:30p   9.3  12:00m   3.1   0.3   0.0   0.0   3.2   9:00a     S
21  15.1  20.7   2:00p   8.3   1:30a   2.8   0.3   0.0   0.0   1.6  11:30a     S
22  15.1  20.4   1:00p   9.2   8:00a   2.6   0.3   0.0   0.0   3.2  11:30a     S
23  15.6  20.4   1:30p   9.7   1:00a   1.8   0.3   0.0   0.0   1.6  12:00p     S
24
25
26
27
28
29
30
-------------------------------------------------------------------------------------
    15.5  23.9    13     6.8    18    55.2   7.7   7.4   0.0  20.9    18       S

Max >=  32.0:  0
Max <=   0.0:  0
Min <=   0.0:  0
Min <= -18.0:  0
Max Rain: 3.20 ON 07/06/18
Days of Rain: 4 (> .2 mm) 2 (> 2 mm) 0 (> 20 mm)
Heat Base:  18.3  Cool Base:  18.3  Method: Integration