NOAA-Style Climate Reports

Select a Year or Month report
2020: Jan Feb Mar Apr May Jun Jul Aug Sep Oct Nov Dec
2019: Jan Feb Mar Apr May Jun Jul Aug Sep Oct Nov Dec
2018: Jan Feb Mar Apr May Jun Jul Aug Sep Oct Nov Dec
2017: Jan Feb Mar Apr May Jun Jul Aug Sep Oct Nov Dec
2016: Jan Feb Mar Apr May Jun Jul Aug Sep Oct Nov Dec
2015: Jan Feb Mar Apr May Jun Jul Aug Sep Oct Nov Dec
2014: Jan Feb Mar Apr May Jun Jul Aug Sep Oct Nov Dec
2013: Jan Feb Mar Apr May Jun Jul Aug Sep Oct Nov Dec
2012: Jan Feb Mar Apr May Jun Jul Aug Sep Oct Nov Dec
2011: Jan Feb Mar Apr May Jun Jul Aug Sep Oct Nov Dec
2010: Jan Feb Mar Apr May Jun Jul Aug Sep Oct Nov Dec

Report for 2020 July
                   MONTHLY CLIMATOLOGICAL SUMMARY for JUL. 2020

NAME: Wamuran   CITY: Wamuran   STATE: Queensland 
ELEV:    75 m  LAT:  27° 00' 16" S  LONG: 152° 51' 49" E

                   TEMPERATURE (°C), RAIN  (mm), WIND SPEED (km/hr)

                                      HEAT  COOL        AVG
    MEAN                              DEG   DEG         WIND                 DOM
DAY TEMP  HIGH   TIME   LOW    TIME   DAYS  DAYS  RAIN  SPEED HIGH   TIME    DIR
------------------------------------------------------------------------------------
 1  14.8  20.8   2:00p  10.4  12:00m   2.9   0.3   0.0   0.0   3.2   2:00p     N
 2  15.6  22.0   2:00p   9.6   7:30a   2.5   0.5   0.0   0.0   3.2  11:00a   NNE
 3  16.8  22.5   2:30p  10.4   7:30a   1.8   0.7   0.0   0.0   4.8  11:00a     N
 4  15.4  19.2   2:30p   9.3  11:30p   2.2   0.0   0.2   1.3  22.5   7:30p    NE
 5  12.4  19.1   2:30p   7.6   9:30p   4.4   0.0   0.0   0.0   9.7   8:30a    NE
 6  13.6  19.8   1:30p   8.9  12:30a   3.6   0.1   0.0   0.0   6.4  11:30a    SW
 7  15.0  20.3   1:30p   8.4  12:30a   2.6   0.2   0.0   0.0   9.7  12:00p    NE
 8  17.1  21.1   2:30p  10.7   8:00a   1.3   0.5   3.6   0.0  11.3   2:00p    NE
 9  16.1  18.8   3:00p  13.7  11:30p   1.6   0.0   3.8   0.0   6.4  10:00a    NE
10  14.2  14.5   1:30a  14.0  12:30a   0.3   0.0   0.2   0.0   1.6   1:00a     N
11
12
13
14
15
16
17
18
19
20
21
22
23
24
25
26
27
28
29
30
31
-------------------------------------------------------------------------------------
    15.1  22.5     3     7.6     5    23.3   2.5   7.8   0.1  22.5     4      NE

Max >=  32.0:  0
Max <=   0.0:  0
Min <=   0.0:  0
Min <= -18.0:  0
Max Rain: 3.81 ON 09/07/20
Days of Rain: 4 (> .2 mm) 2 (> 2 mm) 0 (> 20 mm)
Heat Base:  18.3  Cool Base:  18.3  Method: Integration