NOAA-Style Climate Reports

Select a Year or Month report
2015: Jan Feb Mar Apr May Jun Jul Aug Sep Oct Nov Dec
2014: Jan Feb Mar Apr May Jun Jul Aug Sep Oct Nov Dec
2013: Jan Feb Mar Apr May Jun Jul Aug Sep Oct Nov Dec
2012: Jan Feb Mar Apr May Jun Jul Aug Sep Oct Nov Dec
2011: Jan Feb Mar Apr May Jun Jul Aug Sep Oct Nov Dec
2010: Jan Feb Mar Apr May Jun Jul Aug Sep Oct Nov Dec

Report for 2015 April
                   MONTHLY CLIMATOLOGICAL SUMMARY for APR. 2015

NAME: guyraweather   CITY:    STATE:  
ELEV:  1336 m  LAT:  30° 12' 00" S  LONG: 151° 42' 00" E

                   TEMPERATURE (°C), RAIN  (mm), WIND SPEED (km/hr)

                                      HEAT  COOL        AVG
    MEAN                              DEG   DEG         WIND                 DOM
DAY TEMP  HIGH   TIME   LOW    TIME   DAYS  DAYS  RAIN  SPEED HIGH   TIME    DIR
------------------------------------------------------------------------------------
 1  13.3  18.1   4:00p  10.1  12:00m   5.1   0.0   0.3   4.5  30.6  10:30a   SSE
 2  14.4  20.7   2:00p   9.1   5:30a   4.2   0.3   0.5   4.0  20.9   8:30a   SSE
 3  14.8  20.7  12:00p  11.6   5:00a   3.8   0.3  38.4   3.5  22.5   7:00p   SSE
 4  13.0  14.7  12:30p  11.6  12:30a   5.3   0.0  50.8   2.7  16.1   3:00a    SW
 5  14.1  18.9   2:30p  12.0  12:00m   4.2   0.0  17.5   4.0  20.9  11:30a   WSW
 6  13.9  18.4   3:30p  10.9  10:00p   4.4   0.0   8.1   5.8  37.0  12:00m    NE
 7  11.7  15.7  12:00p   5.2  12:00m   6.7   0.0   5.6  12.7  48.3  11:30a    NE
 8   7.2  11.3   4:00p   3.1   6:30a  11.1   0.0   0.0   9.5  32.2   5:00a   NNE
 9  11.2  18.0   2:30p   3.7   6:00a   7.2   0.0   0.3   3.4  25.7   1:00p   NNW
10  11.1  16.9   2:00p   6.5   7:00a   7.2   0.0   0.0   5.6  22.5   8:30a   WSW
11  12.0  19.1   4:00p   8.2   3:30a   6.3   0.0   0.0   3.4  17.7   1:00a    SW
12  12.2  17.8   1:30p   6.2   5:00a   6.2   0.0   0.3   4.3  29.0  10:00a   NNW
13  12.5  19.8   4:00p   8.4   6:30a   5.9   0.0   0.0   3.5  17.7   5:30a   WSW
14  12.5  18.4   4:00p   7.1   4:30a   5.8   0.0   0.3   2.3  17.7  11:30a   SSE
15  13.7  19.7   4:00p   8.6   6:30a   4.7   0.1   0.3   2.1  20.9   3:00p   NNW
16  16.1  23.1   2:30p   9.7   3:30a   3.3   1.1   0.5   1.4  19.3  11:30a     S
17  15.9  23.2   1:30p   9.7   6:30a   3.4   1.0   0.3   2.4  19.3   2:00p   SSE
18  14.7  18.8  11:00a  10.2   5:30a   3.4   0.0   1.8   9.3  29.0   8:00a   ESE
19  13.0  14.6  10:00a  10.9  11:00p   5.3   0.0  17.0   5.5  33.8   2:00a    NE
20  11.3  15.7  12:00p   8.9  12:00m   7.0   0.0   0.8   3.2  19.3   1:00p    SW
21   6.4   8.9  12:30a   4.5  11:30a  11.9   0.0   1.0   7.2  32.2  12:00p   NNE
22   7.9   9.9  11:30a   5.5   3:00a  10.4   0.0   0.5   5.3  25.7   7:30a     N
23  10.6  15.0   1:00p   7.3   5:30a   7.7   0.0   0.0   2.3  25.7   9:30a   NNE
24  11.7  16.3  12:30p   8.6  12:30a   6.7   0.0   0.3   4.2  30.6  11:30a    NE
25  11.3  16.4  12:00p   6.1   5:30a   7.0   0.0   0.0   6.6  37.0  12:00p    NE
26   5.8   8.3   1:00p   3.9   6:00a   7.6   0.0   0.0  12.2  40.2   7:30a   NNE
27
28
29
30
-------------------------------------------------------------------------------------
    12.0  23.2    17     3.1     8   161.9   2.8 144.3   5.0  48.3     7     SSE

Max >=  32.0:  0
Max <=   0.0:  0
Min <=   0.0:  0
Min <= -18.0:  0
Max Rain: 50.80 ON 04/04/15
Days of Rain: 19 (> .2 mm) 6 (> 2 mm) 2 (> 20 mm)
Heat Base:  18.3  Cool Base:  18.3  Method: Integration