NOAA-Style Climate Reports

Select a Year or Month report
2014: Jan Feb Mar Apr May Jun Jul Aug Sep Oct Nov Dec
2013: Jan Feb Mar Apr May Jun Jul Aug Sep Oct Nov Dec
2012: Jan Feb Mar Apr May Jun Jul Aug Sep Oct Nov Dec
2011: Jan Feb Mar Apr May Jun Jul Aug Sep Oct Nov Dec
2010: Jan Feb Mar Apr May Jun Jul Aug Sep Oct Nov Dec

Report for 2014 April
                   MONTHLY CLIMATOLOGICAL SUMMARY for APR. 2014

NAME: Guyraweather   CITY:    STATE:  
ELEV:  1336 m  LAT:  30° 12' 00" S  LONG: 151° 42' 00" E

                   TEMPERATURE (°C), RAIN  (mm), WIND SPEED (km/hr)

                                      HEAT  COOL        AVG
    MEAN                              DEG   DEG         WIND                 DOM
DAY TEMP  HIGH   TIME   LOW    TIME   DAYS  DAYS  RAIN  SPEED HIGH   TIME    DIR
------------------------------------------------------------------------------------
 1  16.5  22.0  12:00p  12.4   4:00a   2.4   0.6   0.0   3.2  19.3   1:00p   SSE
 2  16.3  22.1   2:00p  12.9  11:30p   2.5   0.5   4.0   3.2  27.4   2:00p   SSE
 3  17.1  24.0   1:30p  11.3   4:30a   2.3   1.1   0.2   3.2  24.1  12:00p   SSE
 4  17.5  22.6   1:30p  12.7   5:00a   1.7   0.9   0.2   3.2  20.9   2:00p    NE
 5  16.4  20.2  12:30p  13.1  12:00m   2.1   0.2   4.6   3.9  25.7  12:30p    NE
 6  15.2  20.6  11:00a  10.1  12:00m   3.5   0.4  13.0   5.8  29.0   1:00p    SW
 7  11.2  15.7  11:30a   7.3  11:00p   7.1   0.0   0.0   8.2  29.0   5:00a    SW
 8  13.3  20.4   3:00p   6.7   4:00a   4.9   0.2   0.2   3.1  17.7   9:00a   SSE
 9  13.6  20.2   2:00p   8.9   3:00a   4.8   0.1   0.2   2.1  14.5  11:00a   SSE
10  14.1  19.1   4:00p  10.2   4:30a   4.3   0.0   0.0   1.8  14.5  12:30p    NE
11  15.0  19.4   3:30p  12.1   5:30a   3.4   0.1   0.2   9.0  35.4   9:30a   ENE
12  14.7  18.8   3:00p  10.4  10:30p   3.7   0.0   0.0   4.2  22.5   9:30a    NE
13  13.4  20.3   3:00p   7.9   7:00a   4.9   0.0   0.8   3.2  16.1  12:30p    SW
14  12.1  17.2   3:00p   9.8   6:00a   6.2   0.0   0.6   8.5  25.7  10:30a   WSW
15  10.9  15.8   2:30p   7.8  10:30p   7.4   0.0   0.0   6.3  29.0   2:00a   WSW
16  10.8  15.3   2:30p   8.1   6:30a   7.5   0.0   0.0   4.2  25.7  10:00a   WSW
17   6.8  10.3   8:00a   4.0   5:30a   3.8   0.0   0.2   1.1   9.7   1:30a    SW
18
19
20
21
22
23
24
25
26
27
28
29
30
-------------------------------------------------------------------------------------
    13.8  24.0     3     4.0    17    72.4   4.1  24.2   4.4  35.4    11     WSW

Max >=  32.0:  0
Max <=   0.0:  0
Min <=   0.0:  0
Min <= -18.0:  0
Max Rain: 13.00 ON 06/04/14
Days of Rain: 11 (> .2 mm) 3 (> 2 mm) 0 (> 20 mm)
Heat Base:  18.3  Cool Base:  18.3  Method: Integration