NOAA-Style Climate Reports

Select a Year or Month report
2015: Jan Feb Mar Apr May Jun Jul Aug Sep Oct Nov Dec
2014: Jan Feb Mar Apr May Jun Jul Aug Sep Oct Nov Dec
2013: Jan Feb Mar Apr May Jun Jul Aug Sep Oct Nov Dec
2012: Jan Feb Mar Apr May Jun Jul Aug Sep Oct Nov Dec
2011: Jan Feb Mar Apr May Jun Jul Aug Sep Oct Nov Dec
2010: Jan Feb Mar Apr May Jun Jul Aug Sep Oct Nov Dec

Report for 2015 May
                   MONTHLY CLIMATOLOGICAL SUMMARY for MAY. 2015

NAME: guyraweather   CITY:    STATE:  
ELEV:  1336 m  LAT:  30° 12' 00" S  LONG: 151° 42' 00" E

                   TEMPERATURE (°C), RAIN  (mm), WIND SPEED (km/hr)

                                      HEAT  COOL        AVG
    MEAN                              DEG   DEG         WIND                 DOM
DAY TEMP  HIGH   TIME   LOW    TIME   DAYS  DAYS  RAIN  SPEED HIGH   TIME    DIR
------------------------------------------------------------------------------------
 1  10.1  11.7  11:00a   8.8   2:30a   8.3   0.0   8.9  11.9  43.5  10:30a    SW
 2  13.4  16.9  11:30a  10.7  12:30a   4.9   0.0  17.3   5.8  41.8   3:30a    SW
 3  13.0  17.6   1:30p   9.1  11:00p   5.3   0.0   0.3   3.2  20.9  10:00a   WSW
 4  13.8  19.4   2:00p   9.5   3:00a   4.6   0.1   0.3   2.1  16.1  10:00a   WSW
 5  13.1  17.7   1:30p   9.2   2:00a   5.3   0.0   0.3   7.4  35.4  11:00a    NE
 6  11.2  18.1   1:00p   2.3  12:00m   7.1   0.0   0.0   7.6  40.2   9:00a    NE
 7   6.7  13.7  11:00a   1.3   3:30a  11.7   0.0   0.0   3.7  24.1  12:30p     N
 8   6.8  15.6  12:30p   0.7   5:00a  11.5   0.0   0.0   2.9  20.9  11:30a     N
 9   6.3  12.6  11:30a   1.1   5:30a  12.0   0.0   0.0   4.0  29.0   1:30p   NNE
10   6.6  12.0  12:30p   0.7   4:30a  11.7   0.0   0.3   9.7  40.2   2:30p   NNE
11   8.7  13.8   1:00p   4.8  12:30a   9.6   0.0   0.0  10.5  38.6  12:00p   NNE
12   7.9  14.1  11:30a   1.8   4:30a  10.4   0.0   0.3   4.5  25.7  12:30p   NNE
13   4.7  10.9  10:30a  -1.1  12:00m  10.8   0.0   0.3   7.1  45.1   6:30p   NNE
14   3.3  10.2   1:30p  -3.2   2:30a  15.1   0.0   0.0   7.1  30.6   9:00a   NNW
15   7.3  11.6  11:30a   2.8   3:30a  11.0   0.0   0.0   9.2  30.6  10:00a   WSW
16   8.7  12.2  11:30a   7.1   5:30p   9.6   0.0   1.3  10.6  37.0   4:00p   WSW
17   9.3  13.4   1:00p   7.4   5:30a   9.0   0.0   1.3   8.0  30.6   8:00a   WSW
18  10.7  15.8   1:30p   8.4  11:30p   7.7   0.0   0.3   2.4  22.5   7:00a    SW
19  10.7  14.9  11:00a   7.2   5:30a   7.7   0.0   0.3   5.5  25.7  10:30a   ENE
20  12.6  16.6   1:00p   9.9  11:30p   5.8   0.0   3.8   7.6  25.7   8:30a   ENE
21   8.9  10.4  11:30a   7.1  12:00m   9.4   0.0  26.2   3.9  24.1  12:30p    NE
22   5.9   7.1  12:30a   4.4   7:00a  12.4   0.0   2.3  11.4  45.1  12:00m     N
23   7.1  11.1   1:30p   4.2  11:00p  11.3   0.0   0.0   9.5  43.5   2:30a   WSW
24   8.0  14.4   2:00p   3.7  12:00m  10.3   0.0   0.3   3.4  30.6   3:30a    SW
25   7.9  14.1   1:00p   3.2   4:00a  10.4   0.0   0.3   1.1  16.1  10:30a   SSE
26   8.3  13.6  11:30a   4.2   3:00a  10.0   0.0   0.3   1.9  19.3   9:30a     N
27   8.2  13.8  12:30p   3.5   5:30a  10.1   0.0   0.3   2.6  25.7  11:30a    NE
28   9.2  14.7  11:00a   5.3   6:00a   9.1   0.0   0.0   1.8  19.3   8:30a    NE
29  11.2  13.6   8:00a   8.7   2:00a   7.2   0.0   0.0   5.8  33.8   8:00a    NE
30  11.0  13.3   6:00a   9.6  11:00p   7.3   0.0   3.6   5.8  25.7   8:00a    NE
31  10.5  10.6   1:00a   9.9  12:30a   0.3   0.0   1.0   5.6  29.0   1:00a   ENE
-------------------------------------------------------------------------------------
     9.1  19.4     4    -3.2    14   276.9   0.1  68.6   5.9  45.1    13     WSW

Max >=  32.0:  0
Max <=   0.0:  0
Min <=   0.0:  2
Min <= -18.0:  0
Max Rain: 26.16 ON 21/05/15
Days of Rain: 21 (> .2 mm) 6 (> 2 mm) 1 (> 20 mm)
Heat Base:  18.3  Cool Base:  18.3  Method: Integration