NOAA-Style Climate Reports

Select a Year or Month report
2015: Jan Feb Mar Apr May Jun Jul Aug Sep Oct Nov Dec
2014: Jan Feb Mar Apr May Jun Jul Aug Sep Oct Nov Dec
2013: Jan Feb Mar Apr May Jun Jul Aug Sep Oct Nov Dec
2012: Jan Feb Mar Apr May Jun Jul Aug Sep Oct Nov Dec
2011: Jan Feb Mar Apr May Jun Jul Aug Sep Oct Nov Dec
2010: Jan Feb Mar Apr May Jun Jul Aug Sep Oct Nov Dec

Report for 2015 March
                   MONTHLY CLIMATOLOGICAL SUMMARY for MAR. 2015

NAME: guyraweather   CITY:    STATE:  
ELEV:  1336 m  LAT:  30° 12' 00" S  LONG: 151° 42' 00" E

                   TEMPERATURE (°C), RAIN  (mm), WIND SPEED (km/hr)

                                      HEAT  COOL        AVG
    MEAN                              DEG   DEG         WIND                 DOM
DAY TEMP  HIGH   TIME   LOW    TIME   DAYS  DAYS  RAIN  SPEED HIGH   TIME    DIR
------------------------------------------------------------------------------------
 1  18.4  23.2  12:00p  14.1  11:30p   1.3   1.4   3.6   5.6  29.0   9:00p    NE
 2  16.8  23.1   1:00p  13.2  12:00m   2.4   0.9   0.0   7.7  27.4   3:00a   WSW
 3  19.1  25.6   4:30p  11.8   4:00a   1.8   2.5   0.0   3.9  22.5  11:30a   SSE
 4  20.8  25.8   3:00p  15.5   4:00a   0.6   3.1   0.3   6.1  29.0  10:30a    NE
 5  18.7  23.7   3:00p  10.5  12:00m   1.4   1.8   0.0   6.6  41.8   3:30p     N
 6  15.8  21.6   3:00p  10.7  12:30a   3.2   0.6   0.0   7.4  32.2  12:00p    NE
 7  12.4  18.2   7:30a   8.9   3:30a   2.0   0.0   0.0   0.2  11.3   8:00a    SW
 8   ---   ---     ---   ---     ---   0.0   0.0   0.0   0.0   0.0     ---   ---
 9   ---   ---     ---   ---     ---   0.0   0.0   0.0   0.0   0.0     ---   ---
10   ---   ---     ---   ---     ---   0.0   0.0   0.0   0.0   0.0     ---   ---
11   ---   ---     ---   ---     ---   0.0   0.0   0.0   0.0   0.0     ---   ---
12   ---   ---     ---   ---     ---   0.0   0.0   0.0   0.0   0.0     ---   ---
13   ---   ---     ---   ---     ---   0.0   0.0   0.0   0.0   0.0     ---   ---
14   ---   ---     ---   ---     ---   0.0   0.0   0.0   0.0   0.0     ---   ---
15   ---   ---     ---   ---     ---   0.0   0.0   0.0   0.0   0.0     ---   ---
16   ---   ---     ---   ---     ---   0.0   0.0   0.0   0.0   0.0     ---   ---
17   ---   ---     ---   ---     ---   0.0   0.0   0.0   0.0   0.0     ---   ---
18   ---   ---     ---   ---     ---   0.0   0.0   0.0   0.0   0.0     ---   ---
19   ---   ---     ---   ---     ---   0.0   0.0   0.0   0.0   0.0     ---   ---
20   ---   ---     ---   ---     ---   0.0   0.0   0.0   0.0   0.0     ---   ---
21   ---   ---     ---   ---     ---   0.0   0.0   0.0   0.0   0.0     ---   ---
22   ---   ---     ---   ---     ---   0.0   0.0   0.0   0.0   0.0     ---   ---
23  15.6  21.6   8:00a  12.6   9:00p   2.0   0.3   0.3   1.8  16.1   7:00a   SSE
24  20.1  22.9   5:00p  16.0  12:00m   0.1   1.2   0.0   9.8  32.2   1:30p   ENE
25  18.8  24.1   4:00p  14.1  10:00p   1.2   1.6   0.0   8.4  35.4   3:30p   ENE
26  17.1  23.1   3:00p  12.3   7:00a   2.4   1.2   0.3   6.6  37.0   2:30p    NE
27  14.4  21.6   3:00p   7.7   7:00a   4.6   0.7   0.0   3.7  24.1   3:00p   NNW
28  14.1  22.4   5:00p   5.2   7:00a   5.2   0.9   0.0   2.7  25.7   1:30p    NE
29  15.1  21.2   4:00p  10.3   2:00a   3.8   0.6   0.3   3.9  22.5  12:30p   SSE
30  14.0  17.6   3:30p  10.9   2:30a   4.1   0.0   2.3   1.4  16.1  12:00p   SSE
31
-------------------------------------------------------------------------------------
    16.7  25.8     4     5.2    28    36.1  16.6   6.9   2.5  41.8     5      NE

Max >=  32.0:  0
Max <=   0.0:  0
Min <=   0.0:  0
Min <= -18.0:  0
Max Rain: 3.56 ON 01/03/15
Days of Rain: 6 (> .2 mm) 2 (> 2 mm) 0 (> 20 mm)
Heat Base:  18.3  Cool Base:  18.3  Method: Integration