NOAA-Style Climate Reports

Select a Year or Month report
2014: Jan Feb Mar Apr May Jun Jul Aug Sep Oct Nov Dec
2013: Jan Feb Mar Apr May Jun Jul Aug Sep Oct Nov Dec
2012: Jan Feb Mar Apr May Jun Jul Aug Sep Oct Nov Dec
2011: Jan Feb Mar Apr May Jun Jul Aug Sep Oct Nov Dec
2010: Jan Feb Mar Apr May Jun Jul Aug Sep Oct Nov Dec

Report for 2014 August
                   MONTHLY CLIMATOLOGICAL SUMMARY for AUG. 2014

NAME: Guyraweather   CITY:    STATE:  
ELEV:  1336 m  LAT:  30° 12' 00" S  LONG: 151° 42' 00" E

                   TEMPERATURE (°C), RAIN  (mm), WIND SPEED (km/hr)

                                      HEAT  COOL        AVG
    MEAN                              DEG   DEG         WIND                 DOM
DAY TEMP  HIGH   TIME   LOW    TIME   DAYS  DAYS  RAIN  SPEED HIGH   TIME    DIR
------------------------------------------------------------------------------------
 1   8.3  13.4  12:00p   0.8  11:30p  10.0   0.0   0.0  19.6  64.4   1:30p    NE
 2   2.4   8.1   1:30p  -3.1   6:00a  15.9   0.0   0.0   6.9  32.2  12:30a   WSW
 3   4.0   9.9   1:30p  -0.3   2:00a  14.3   0.0   0.0   7.4  27.4   7:30a    SW
 4   5.8  10.2  12:00p   2.9  10:30p  12.5   0.0   0.0   3.7  24.1   2:00a    SW
 5   6.0  11.2   2:00p   1.2  12:00m  12.3   0.0   0.2   3.2  29.0  10:30a   NNW
 6   6.3  12.8   2:30p  -0.4   3:00a  12.0   0.0   0.2   2.1  17.7   1:00p     N
 7   7.1  13.7   1:00p   1.4   5:00a  11.2   0.0   0.0   3.2  24.1  10:00a   NNW
 8   7.1  14.9   2:30p   1.1   5:30a  11.2   0.0   0.0   1.8  16.1   9:30a   SSE
 9   7.1  13.6   2:00p  -0.1   6:00a  11.2   0.0   0.2   2.3  17.7   3:00p   SSE
10   7.1  12.2   1:30p   2.1  12:00m  11.2   0.0   0.0   5.8  38.6  11:30a   NNE
11   5.6  11.1  12:30p   0.6  11:00p  12.8   0.0   0.0   3.9  33.8  10:00a     N
12   5.1  10.8  12:30p   0.6   3:30a  13.2   0.0   0.0   3.2  29.0  11:00a    SW
13   4.3  10.9   1:00p   0.8   2:00a  11.1   0.0   0.0   5.3  24.1   8:00p    SW
14   6.1  11.5   1:00p   2.4   5:30a  12.2   0.0   0.0   3.9  20.9   1:00a    SW
15   5.1  11.2   1:00p   0.9   3:30a  10.5   0.0   0.0   2.9 181.9   3:30a   SSE
16   6.5   8.1  10:00a   4.6   2:00a  11.8   0.0  12.4   6.4  38.6   7:30p   SSE
17   5.6   8.6   1:00p   3.6   6:00a   9.8   0.0  11.2  10.5  46.7  11:30p    NE
18   2.7   4.7  12:30a   2.1   6:30a   4.9   0.0   2.8  18.5  49.9  12:30a    NE
19
20
21
22
23
24
25
26
27
28
29
30
31
-------------------------------------------------------------------------------------
     5.7  14.9     8    -3.1     2   208.0   0.0  27.0   6.1 181.9    15      SW

Max >=  32.0:  0
Max <=   0.0:  0
Min <=   0.0:  4
Min <= -18.0:  0
Max Rain: 12.40 ON 16/08/14
Days of Rain: 6 (> .2 mm) 3 (> 2 mm) 0 (> 20 mm)
Heat Base:  18.3  Cool Base:  18.3  Method: Integration