NOAA-Style Climate Reports

Select a Year or Month report
2014: Jan Feb Mar Apr May Jun Jul Aug Sep Oct Nov Dec
2013: Jan Feb Mar Apr May Jun Jul Aug Sep Oct Nov Dec
2012: Jan Feb Mar Apr May Jun Jul Aug Sep Oct Nov Dec
2011: Jan Feb Mar Apr May Jun Jul Aug Sep Oct Nov Dec
2010: Jan Feb Mar Apr May Jun Jul Aug Sep Oct Nov Dec

Report for 2014 August
                   MONTHLY CLIMATOLOGICAL SUMMARY for JUL. 2014

NAME: Guyraweather   CITY:    STATE:  
ELEV:  1336 m  LAT:  30° 12' 00" S  LONG: 151° 42' 00" E

                   TEMPERATURE (°C), RAIN  (mm), WIND SPEED (km/hr)

                                      HEAT  COOL        AVG
    MEAN                              DEG   DEG         WIND                 DOM
DAY TEMP  HIGH   TIME   LOW    TIME   DAYS  DAYS  RAIN  SPEED HIGH   TIME    DIR
------------------------------------------------------------------------------------
 1   2.3   9.1   2:00p  -1.8   6:00a  16.0   0.0   0.0   4.8  29.0   2:00a     N
 2   3.9  11.3   1:30p  -5.0   4:30a  14.4   0.0   0.2   2.3  20.9   2:00p   WSW
 3   6.4  14.4   3:00p  -0.4   4:00a  11.9   0.0   0.0   1.3  14.5  11:00a   ENE
 4   6.6  11.5   1:30p   2.9   2:30a  11.7   0.0   0.0   7.1  35.4  10:30a    NE
 5   5.6  10.6  11:00a   0.7  12:00m  12.7   0.0   0.0   8.4  48.3  12:30p   NNE
 6   1.8   5.4   2:00p  -0.5   6:30a  16.5   0.0   0.0   7.9  27.4   2:30a     N
 7   2.6   7.9   2:00p  -1.7  11:00p  15.7   0.0   0.0   8.2  33.8   5:00a     N
 8   4.9  12.3   1:00p  -3.2   2:30a  13.3   0.0   0.0   1.9  16.1  12:00p     E
 9   6.4  11.2   1:00p   1.1   3:30a  11.9   0.0   0.0  14.3  49.9  11:00a   ENE
10   2.1   5.2  12:00p  -0.4   6:00a  16.3   0.0   0.0  14.0  46.7   1:00p   NNE
11   3.2   9.8  12:30p  -1.4   6:00a  15.1   0.0   0.0   8.2  38.6   1:30a     N
12   2.6   7.8  12:30p  -1.7   4:30a  15.7   0.0   0.2   6.6  41.8   8:30p     N
13   3.0   7.9   1:30p  -1.1   6:30a  15.3   0.0   0.2   7.2  29.0  10:00a   WSW
14   5.4  11.8   2:00p   0.6   1:30a  12.9   0.0   0.0   5.8  25.7   7:30a    SW
15   6.6   9.4  12:00p   3.3  12:30a  11.7   0.0   0.0   5.3  24.1  12:30p   SSE
16   6.9  10.2   2:00p   3.5  12:00m  11.3   0.0   4.2  14.6  45.1   7:00a   NNE
17   4.7   8.3   1:30p   2.4  11:30p  13.6   0.0   2.0  13.7  38.6   1:30p   NNE
18   0.3   2.9  12:30a  -1.3  11:00p  13.8   0.0   0.4  13.2  49.9   7:30a     N
19   2.3   6.4   1:00p  -2.2   5:00a  16.0   0.0   0.0  14.5  40.2  12:30a   NNW
20   3.0   4.4   7:30a   2.4   4:00a   4.8   0.0   0.0   8.7  33.8   7:30a     W
21
22
23
24
25
26
27
28
29
30
31
-------------------------------------------------------------------------------------
     4.0  14.4     3    -5.0     2   270.6   0.0   7.2   8.4  49.9     9       N

Max >=  32.0:  0
Max <=   0.0:  0
Min <=   0.0: 12
Min <= -18.0:  0
Max Rain: 4.19 ON 16/07/14
Days of Rain: 6 (> .2 mm) 2 (> 2 mm) 0 (> 20 mm)
Heat Base:  18.3  Cool Base:  18.3  Method: Integration